000
CXUS52 KFFC 011010
CF6RMG
PRELIMINARY LOCAL CLIMATOLOGICAL DATA (WS FORM: F-6)
STATION: ROME
MONTH: APRIL
YEAR: 2022
LATITUDE: 34 20 N
LONGITUDE: 85 10 W
TEMPERATURE IN F: :PCPN: SNOW: WIND :SUNSHINE: SKY :PK WND
================================================================================
1 2 3 4 5 6A 6B 7 8 9 10 11 12 13 14 15 16 17 18
12Z AVG MX 2MIN
DY MAX MIN AVG DEP HDD CDD WTR SNW DPTH SPD SPD DIR MIN PSBL S-S WX SPD DR
================================================================================
1 66 45 56 -2 9 0 0.00 M M 5.9 14 360 M M 1 21 350
2 69 38 54 -4 11 0 0.00 M M 2.5 9 210 M M 0 12 180
3 70 41 56 -2 9 0 0.00 M M 4.0 17 360 M M 0 25 350
4 77 37 57 -1 8 0 0.00 M M 1.4 12 140 M M 0 17 140
5 68 46 57 -2 8 0 1.57 M M 3.7 22 100 M M 6 138 28 100
6 83 60 72 13 0 7 0.28 M M 3.6 14 330 M M 8 13 22 230
7 69 51 60 1 5 0 0.02 M M 9.2 23 280 M M 3 36 290
8 53 43 48 -11 17 0 0.00 M M 8.6 22 280 M M 7 40 300
9 60 38 49 -11 16 0 0.00 M M 8.2 22 260 M M 7 33 240
10 77 32 55 -5 10 0 0.00 M M 2.3 13 210 M M 0 18 200
11 71 45 58 -2 7 0 0.00 M M 3.2 15 170 M M 3 20 160
12 84 52 68 8 0 3 0.00 M M 3.6 16 210 M M 5 24 200
13 84 62 73 12 0 8 0.01 M M 8.6 25 180 M M 2 38 170
14 74 51 63 2 2 0 0.76 M M 6.7 30 90 M M 5 138 36 100
15 79 41 60 -1 5 0 0.00 M M 4.6 16 160 M M 0 25 160
16 73 57 65 3 0 0 1.05 M M 2.7 17 300 M M 7 13 25 290
17 71 54 63 1 2 0 0.13 M M 3.3 13 90 M M 5 12 17 90
18 69 49 59 -3 6 0 0.01 M M 6.9 18 310 M M 7 1 28 320
19 66 38 52 -10 13 0 0.00 M M 4.7 15 360 M M 0 23 360
20 73 38 56 -7 9 0 0.00 M M 6.2 18 170 M M 0 26 150
21 80 56 68 5 0 3 0.00 M M 3.5 15 170 M M 3 20 170
22 83 53 68 5 0 3 0.00 M M 1.6 12 160 M M 0 1 15 140
23 84 54 69 6 0 4 0.00 M M 4.6 16 170 M M 0 1 24 160
24 83 59 71 7 0 6 0.00 M M 3.2 13 160 M M 4 17 180
25 85 57 71 7 0 6 0.00 M M 3.4 15 220 M M 1 22 200
26 71 55 63 -1 2 0 0.25 M M 6.9 17 330 M M 4 1 25 330
27 76 48 62 -2 3 0 0.00 M M 8.6 17 20 M M 0 22 10
28 81 44 63 -2 2 0 0.00 M M 2.1 12 160 M M 0 16 150
29 81 51 66 1 0 1 0.00 M M 2.9 14 200 M M 3 20 210
30 84 54 69 4 0 4 0.00 M M 4.1 16 160 M M 4 23 170
================================================================================
SM 2244 1449 144 45 4.08 M 140.8 M 85
================================================================================
AV 74.8 48.3 4.7 FASTST M M 3 MAX(MPH)
MISC ----> 30 90 40 300
================================================================================
NOTES:
# LAST OF SEVERAL OCCURRENCES
COLUMN 17 PEAK WIND IN M.P.H.
PRELIMINARY LOCAL CLIMATOLOGICAL DATA (WS FORM: F-6) , PAGE 2
STATION: ROME
MONTH: APRIL
YEAR: 2022
LATITUDE: 34 20 N
LONGITUDE: 85 10 W
[TEMPERATURE DATA] [PRECIPITATION DATA] SYMBOLS USED IN COLUMN 16
AVERAGE MONTHLY: 61.6 TOTAL FOR MONTH: 4.08 1 = FOG OR MIST
DPTR FM NORMAL: 0.2 DPTR FM NORMAL: -0.38 2 = FOG REDUCING VISIBILITY
HIGHEST: 85 ON 25 GRTST 24HR 1.57 ON 5- 5 TO 1/4 MILE OR LESS
LOWEST: 32 ON 10 3 = THUNDER
SNOW, ICE PELLETS, HAIL 4 = ICE PELLETS
TOTAL MONTH: M 5 = HAIL
GRTST 24HR M ON M 6 = FREEZING RAIN OR DRIZZLE
GRTST DEPTH: M ON M 7 = DUSTSTORM OR SANDSTORM:
VSBY 1/2 MILE OR LESS
8 = SMOKE OR HAZE
[NO. OF DAYS WITH] [WEATHER - DAYS WITH] 9 = BLOWING SNOW
X = TORNADO
MAX 32 OR BELOW: 0 0.01 INCH OR MORE: 9
MAX 90 OR ABOVE: 0 0.10 INCH OR MORE: 6
MIN 32 OR BELOW: 1 0.50 INCH OR MORE: 3
MIN 0 OR BELOW: 0 1.00 INCH OR MORE: 2
[HDD (BASE 65) ]
TOTAL THIS MO. 144 CLEAR (SCALE 0-3) 17
DPTR FM NORMAL -8 PTCLDY (SCALE 4-7) 12
TOTAL FM JUL 1 2444 CLOUDY (SCALE 8-10) 1
DPTR FM NORMAL -499
[CDD (BASE 65) ]
TOTAL THIS MO. 45
DPTR FM NORMAL 1 [PRESSURE DATA]
TOTAL FM JAN 1 64 HIGHEST SLP 30.42 ON 22
DPTR FM NORMAL 11 LOWEST SLP 29.52 ON 5
[REMARKS]
#FINAL-04-22#