000
CXUS56 KSGX 011245
CF6RNM
PRELIMINARY LOCAL CLIMATOLOGICAL DATA (WS FORM: F-6)
STATION: RAMONA AIRPORT CA
MONTH: SEPTEMBER
YEAR: 2020
LATITUDE: 33 2 N
LONGITUDE: 116 55 W
TEMPERATURE IN F: :PCPN: SNOW: WIND :SUNSHINE: SKY :PK WND
================================================================================
1 2 3 4 5 6A 6B 7 8 9 10 11 12 13 14 15 16 17 18
12Z AVG MX 2MIN
DY MAX MIN AVG DEP HDD CDD WTR SNW DPTH SPD SPD DIR MIN PSBL S-S WX SPD DR
================================================================================
1 85 57 71 -3 0 6 0.00 0.0 0 5.2 14 300 M M 4 1 20 270
2 88 57 73 0 0 8 0.00 0.0 0 4.5 14 300 M M 3 12 18 300
3 93 54 74 1 0 9 0.00 0.0 0 4.3 13 280 M M 1 1 18 280
4 101 56 79 6 0 14 0.00 0.0 0 4.2 13 300 M M 0 19 280
5 112 62 87 14 0 22 0.00 0.0 0 4.3 16 290 M M 0 8 26 320
6 112 67 90 17 0 25 0.00 0.0 0 4.7 16 260 M M 0 21 260
7 94 60 77 5 0 12 0.00 0.0 0 4.9 15 270 M M 0 128 19 290
8 75 58 67 -5 0 2 0.00 0.0 0 3.0 9 300 M M 9 128 13 290
9 88 51 70 -2 0 5 0.00 0.0 0 6.5 16 270 M M 2 128 22 240
10 92 49 71 -1 0 6 0.00 0.0 0 4.8 15 290 M M 1 8 19 300
11 91 51 71 -1 0 6 0.00 0.0 0 3.5 14 300 M M 1 17 300
12 92 47 70 -2 0 5 0.00 0.0 0 4.0 14 280 M M 0 8 19 280
13 92 48 70 -1 0 5 0.00 0.0 0 3.9 13 300 M M 0 8 17 270
14 94 50 72 1 0 7 0.00 0.0 0 3.9 14 310 M M 0 18 19 310
15 97 52 75 4 0 10 0.00 0.0 0 3.7 13 290 M M 0 8 17 280
16 99 52 76 6 0 11 0.00 0.0 0 M M M M M M 24 M
17 101 50 76 6 0 11 0.00 0.0 0 3.6 15 290 M M 0 8 21 320
18 102 54 78 8 0 13 0.00 0.0 0 4.1 15 270 M M 0 23 270
19 95 54 75 5 0 10 0.00 0.0 0 3.5 14 280 M M 0 17 290
20 89 54 72 2 0 7 0.00 0.0 0 4.6 16 300 M M 0 19 270
21 90 50 70 1 0 5 0.00 0.0 0 3.9 14 300 M M 1 1 19 310
22 92 50 71 2 0 6 0.00 0.0 0 4.0 15 270 M M 0 1 20 270
23 92 51 72 3 0 7 0.00 0.0 0 3.8 14 270 M M 0 23 320
24 93 50 72 4 0 7 0.00 0.0 0 3.3 15 260 M M 0 23 270
25 87 44 66 -2 0 1 0.00 0.0 0 3.9 14 300 M M 0 18 18 280
26 86 50 68 0 0 3 0.00 0.0 0 4.2 13 270 M M 3 12 15 290
27 85 54 70 2 0 5 0.00 0.0 0 4.0 13 300 M M 4 12 18 300
28 97 51 74 7 0 9 0.00 0.0 0 3.9 15 310 M M 0 1 18 310
29 101 53 77 10 0 12 0.00 0.0 0 4.3 16 260 M M 0 21 280
30 105 56 81 14 0 16 0.00 0.0 0 4.8 17 260 M M 0 25 290
================================================================================
SM 2820 1592 0 265 0.00 0.0 121.3 M 29
================================================================================
AV 94.0 53.1 4.2 FASTST M M 1 MAX(MPH)
MISC ----> # 17 260 # 26 320
================================================================================
NOTES:
# LAST OF SEVERAL OCCURRENCES
COLUMN 17 PEAK WIND IN M.P.H.
PRELIMINARY LOCAL CLIMATOLOGICAL DATA (WS FORM: F-6) , PAGE 2
STATION: RAMONA AIRPORT CA
MONTH: SEPTEMBER
YEAR: 2020
LATITUDE: 33 2 N
LONGITUDE: 116 55 W
[TEMPERATURE DATA] [PRECIPITATION DATA] SYMBOLS USED IN COLUMN 16
AVERAGE MONTHLY: 73.5 TOTAL FOR MONTH: 0.00 1 = FOG OR MIST
DPTR FM NORMAL: 3.0 DPTR FM NORMAL: -0.29 2 = FOG REDUCING VISIBILITY
HIGHEST: 112 ON 6, 5 GRTST 24HR 0.00 ON 30-30 TO 1/4 MILE OR LESS
LOWEST: 44 ON 25 3 = THUNDER
SNOW, ICE PELLETS, HAIL 4 = ICE PELLETS
TOTAL MONTH: 0.0 INCH 5 = HAIL
GRTST 24HR 0.0 6 = FREEZING RAIN OR DRIZZLE
GRTST DEPTH: 0 7 = DUSTSTORM OR SANDSTORM:
VSBY 1/2 MILE OR LESS
8 = SMOKE OR HAZE
[NO. OF DAYS WITH] [WEATHER - DAYS WITH] 9 = BLOWING SNOW
X = TORNADO
MAX 32 OR BELOW: 0 0.01 INCH OR MORE: 0
MAX 90 OR ABOVE: 22 0.10 INCH OR MORE: 0
MIN 32 OR BELOW: 0 0.50 INCH OR MORE: 0
MIN 0 OR BELOW: 0 1.00 INCH OR MORE: 0
[HDD (BASE 65) ]
TOTAL THIS MO. 0 CLEAR (SCALE 0-3) 26
DPTR FM NORMAL -15 PTCLDY (SCALE 4-7) 2
TOTAL FM JUL 1 0 CLOUDY (SCALE 8-10) 1
DPTR FM NORMAL -18
[CDD (BASE 65) ]
TOTAL THIS MO. 265
DPTR FM NORMAL 85 [PRESSURE DATA]
TOTAL FM JAN 1 993 HIGHEST SLP 29.98 ON 16
DPTR FM NORMAL 200 LOWEST SLP 29.60 ON 8
[REMARKS]
#FINAL-09-20#