000
CXUS55 KABQ 011010
CF6ROW
PRELIMINARY LOCAL CLIMATOLOGICAL DATA (WS FORM: F-6)
STATION: ROSWELL NM
MONTH: JULY
YEAR: 2023
LATITUDE: 33 17 N
LONGITUDE: 104 32 W
TEMPERATURE IN F: :PCPN: SNOW: WIND :SUNSHINE: SKY :PK WND
================================================================================
1 2 3 4 5 6A 6B 7 8 9 10 11 12 13 14 15 16 17 18
12Z AVG MX 2MIN
DY MAX MIN AVG DEP HDD CDD WTR SNW DPTH SPD SPD DIR MIN PSBL S-S WX SPD DR
================================================================================
1 98 69 84 1 0 19 0.00 0.0 0 8.9 28 120 M M 2 38 120
2 98 70 84 1 0 19 0.00 0.0 0 7.6 28 10 M M 0 38 330
3 98 66 82 -1 0 17 0.00 0.0 0 9.3 28 250 M M 0 35 260
4 101 65 83 0 0 18 0.00 0.0 0 8.5 18 150 M M 0 33 130
5 104 73 89 6 0 24 0.00 0.0 0 10.8 25 260 M M 0 3 31 210
6 99 78 89 6 0 24 0.00 0.0 0 15.9 25 140 M M 0 34 150
7 102 73 88 5 0 23 0.07 0.0 0 14.5 31 150 M M 1 3 39 140
8 100 74 87 4 0 22 T 0.0 0 12.7 30 240 M M 1 3 38 240
9 104 72 88 5 0 23 0.00 0.0 0 9.2 25 10 M M 0 32 20
10 100 74 87 4 0 22 T 0.0 0 8.9 28 160 M M 1 3 37 160
11 110 72 91 8 0 26 0.00 0.0 0 8.5 36 240 M M 0 57 230
12 110 79 95 12 0 30 0.00 0.0 0 8.8 31 230 M M 0 3 42 230
13 108 78 93 10 0 28 0.17 0.0 0 6.7 31 220 M M 1 38 45 330
14 104 75 90 7 0 25 0.00 0.0 0 6.4 17 230 M M 1 21 230
15 101 77 89 6 0 24 0.00 0.0 0 10.7 37 40 M M 0 3 47 50
16 103 73 88 5 0 23 0.00 0.0 0 10.5 22 70 M M 0 31 80
17 108 73 91 8 0 26 0.00 0.0 0 10.7 21 170 M M 0 31 160
18 111 73 92 9 0 27 0.00 0.0 0 13.5 24 190 M M 0 38 170
19 112 73 93 10 0 28 0.00 0.0 0 10.0 20 170 M M 0 27 170
20 105 76 91 8 0 26 0.00 0.0 0 6.3 18 150 M M 0 24 170
21 103 71 87 4 0 22 0.00 0.0 0 9.5 21 170 M M 0 29 100
22 98 73 86 3 0 21 T 0.0 0 10.4 35 20 M M 1 38 44 20
23 103 73 88 5 0 23 T 0.0 0 6.8 26 260 M M 0 32 260
24 106 73 90 7 0 25 0.00 0.0 0 10.4 22 170 M M 0 29 150
25 106 74 90 7 0 25 0.00 0.0 0 14.1 26 160 M M 0 36 160
26 106 74 90 7 0 25 0.00 0.0 0 12.7 23 160 M M 0 29 160
27 104 71 88 5 0 23 0.00 0.0 0 10.6 23 140 M M 0 40 200
28 102 72 87 4 0 22 0.00 0.0 0 10.7 22 170 M M 0 31 200
29 102 71 87 4 0 22 0.00 0.0 0 8.6 18 150 M M 0 27 140
30 99 71 85 2 0 20 0.00 0.0 0 8.3 20 120 M M 0 29 160
31 102 72 87 4 0 22 0.00 0.0 0 8.8 25 190 M M 0 32 190
================================================================================
SM 3207 2258 0 724 0.24 0.0 309.3 M 8
================================================================================
AV103.5 72.8 10.0 FASTST M M 0 MAX(MPH)
MISC ----> 37 40 57 230
================================================================================
NOTES:
# LAST OF SEVERAL OCCURRENCES
COLUMN 17 PEAK WIND IN M.P.H.
PRELIMINARY LOCAL CLIMATOLOGICAL DATA (WS FORM: F-6) , PAGE 2
STATION: ROSWELL NM
MONTH: JULY
YEAR: 2023
LATITUDE: 33 17 N
LONGITUDE: 104 32 W
[TEMPERATURE DATA] [PRECIPITATION DATA] SYMBOLS USED IN COLUMN 16
AVERAGE MONTHLY: 88.1 TOTAL FOR MONTH: 0.24 1 = FOG OR MIST
DPTR FM NORMAL: 4.9 DPTR FM NORMAL: -1.58 2 = FOG REDUCING VISIBILITY
HIGHEST: 112 ON 19 GRTST 24HR 0.17 ON 13-13 TO 1/4 MILE OR LESS
LOWEST: 65 ON 4 3 = THUNDER
SNOW, ICE PELLETS, HAIL 4 = ICE PELLETS
TOTAL MONTH: 0.0 INCH 5 = HAIL
GRTST 24HR 0.0 6 = FREEZING RAIN OR DRIZZLE
GRTST DEPTH: 0 7 = DUSTSTORM OR SANDSTORM:
VSBY 1/2 MILE OR LESS
8 = SMOKE OR HAZE
[NO. OF DAYS WITH] [WEATHER - DAYS WITH] 9 = BLOWING SNOW
X = TORNADO
MAX 32 OR BELOW: 0 0.01 INCH OR MORE: 2
MAX 90 OR ABOVE: 31 0.10 INCH OR MORE: 1
MIN 32 OR BELOW: 0 0.50 INCH OR MORE: 0
MIN 0 OR BELOW: 0 1.00 INCH OR MORE: 0
[HDD (BASE 65) ]
TOTAL THIS MO. 0 CLEAR (SCALE 0-3) 31
DPTR FM NORMAL 0 PTCLDY (SCALE 4-7) 0
TOTAL FM JUL 1 0 CLOUDY (SCALE 8-10) 0
DPTR FM NORMAL 0
[CDD (BASE 65) ]
TOTAL THIS MO. 724
DPTR FM NORMAL 160 [PRESSURE DATA]
TOTAL FM JAN 1 1574 HIGHEST SLP M ON M
DPTR FM NORMAL 213 LOWEST SLP 29.58 ON 7
[REMARKS]
#FINAL-07-23#