000
CXUS55 KABQ 011122
CF6ROW
PRELIMINARY LOCAL CLIMATOLOGICAL DATA (WS FORM: F-6)
STATION: ROSWELL NM
MONTH: FEBRUARY
YEAR: 2024
LATITUDE: 33 17 N
LONGITUDE: 104 32 W
TEMPERATURE IN F: :PCPN: SNOW: WIND :SUNSHINE: SKY :PK WND
================================================================================
1 2 3 4 5 6A 6B 7 8 9 10 11 12 13 14 15 16 17 18
12Z AVG MX 2MIN
DY MAX MIN AVG DEP HDD CDD WTR SNW DPTH SPD SPD DIR MIN PSBL S-S WX SPD DR
================================================================================
1 72 36 54 9 11 0 0.00 0.0 0 3.9 12 140 M M 0 17 160
2 65 40 53 8 12 0 T 0.0 0 11.8 41 260 M M 2 78 68 240
3 61 36 49 3 16 0 0.00 0.0 0 20.5 38 310 M M 4 78 60 300
4 64 41 53 7 12 0 0.00 0.0 0 19.5 37 320 M M 0 8 56 300
5 61 32 47 1 18 0 0.00 0.0 0 6.5 17 180 M M 0 22 180
6 61 35 48 2 17 0 0.00 0.0 0 7.4 22 180 M M 0 28 170
7 65 40 53 7 12 0 T 0.0 0 15.2 33 260 M M 3 78 54 230
8 65 32 49 3 16 0 0.00 0.0 0 11.8 30 200 M M 0 38 200
9 56 40 48 1 17 0 0.00 0.0 0 9.0 16 240 M M 0 19 170
10 61 39 50 3 15 0 T 0.0 0 9.7 30 240 M M 4 52 230
11 40 27 34 -13 31 0 0.40 4.0 1 12.6 43 10 M M 8 128 64 10
12 53 24 39 -8 26 0 0.00 0.0 2 2.8 9 280 M M 0 28 320
13 63 29 46 -2 19 0 0.00 0.0 0 2.5 12 280 M M 0 13 280
14 70 32 51 3 14 0 0.00 0.0 0 4.5 14 220 M M 0 15 230
15 71 33 52 4 13 0 0.00 0.0 0 9.4 21 250 M M 0 25 250
16 64 37 51 3 14 0 0.00 0.0 0 9.2 22 30 M M 0 27 50
17 39 31 35 -13 30 0 0.00 0.0 0 6.4 14 130 M M 10 18 17 120
18 56 27 42 -6 23 0 0.00 0.0 0 6.3 15 160 M M 1 1 19 170
19 72 30 51 2 14 0 0.00 0.0 0 5.5 13 270 M M 0 16 150
20 79 40 60 11 5 0 0.00 0.0 0 6.5 14 270 M M 0 23 160
21 85 34 60 11 5 0 0.00 0.0 0 12.1 37 270 M M 1 8 66 270
22 73 45 59 10 6 0 0.00 0.0 0 10.6 25 320 M M 0 35 330
23 64 37 51 1 14 0 0.00 0.0 0 7.1 17 20 M M 0 23 20
24 73 35 54 4 11 0 0.00 0.0 0 6.9 15 240 M M 0 18 140
25 83 38 61 11 4 0 0.00 0.0 0 6.2 24 300 M M 0 32 280
26 85 47 66 16 0 1 0.00 0.0 0 15.1 38 270 M M 3 8 50 260
27 78 53 66 16 0 1 0.00 0.0 0 21.6 51 250 M M 3 8 72 250
28 59 35 47 -4 18 0 0.00 0.0 0 8.7 29 70 M M 2 34 70
29 45 33 39 -12 26 0 0.22 2.0 2 5.1 23 160 M M 8 1 31 170
================================================================================
SM 1883 1038 419 2 0.62 6.0 274.4 M 49
================================================================================
AV 64.9 35.8 9.5 FASTST M M 2 MAX(MPH)
MISC ----> 51 250 72 250
================================================================================
NOTES:
# LAST OF SEVERAL OCCURRENCES
COLUMN 17 PEAK WIND IN M.P.H.
PRELIMINARY LOCAL CLIMATOLOGICAL DATA (WS FORM: F-6) , PAGE 2
STATION: ROSWELL NM
MONTH: FEBRUARY
YEAR: 2024
LATITUDE: 33 17 N
LONGITUDE: 104 32 W
[TEMPERATURE DATA] [PRECIPITATION DATA] SYMBOLS USED IN COLUMN 16
AVERAGE MONTHLY: 50.4 TOTAL FOR MONTH: 0.62 1 = FOG OR MIST
DPTR FM NORMAL: 2.6 DPTR FM NORMAL: 0.27 2 = FOG REDUCING VISIBILITY
HIGHEST: 85 ON 26,21 GRTST 24HR 0.40 ON 11-11 TO 1/4 MILE OR LESS
LOWEST: 24 ON 12 3 = THUNDER
SNOW, ICE PELLETS, HAIL 4 = ICE PELLETS
TOTAL MONTH: 6.0 INCHES 5 = HAIL
GRTST 24HR 4.0 ON 11-11 6 = FREEZING RAIN OR DRIZZLE
GRTST DEPTH: 2 ON 29,12 7 = DUSTSTORM OR SANDSTORM:
VSBY 1/2 MILE OR LESS
8 = SMOKE OR HAZE
[NO. OF DAYS WITH] [WEATHER - DAYS WITH] 9 = BLOWING SNOW
X = TORNADO
MAX 32 OR BELOW: 0 0.01 INCH OR MORE: 2
MAX 90 OR ABOVE: 0 0.10 INCH OR MORE: 2
MIN 32 OR BELOW: 9 0.50 INCH OR MORE: 0
MIN 0 OR BELOW: 0 1.00 INCH OR MORE: 0
[HDD (BASE 65) ]
TOTAL THIS MO. 419 CLEAR (SCALE 0-3) 24
DPTR FM NORMAL -62 PTCLDY (SCALE 4-7) 4
TOTAL FM JUL 1 2153 CLOUDY (SCALE 8-10) 1
DPTR FM NORMAL -301
[CDD (BASE 65) ]
TOTAL THIS MO. 2
DPTR FM NORMAL 1 [PRESSURE DATA]
TOTAL FM JAN 1 2 HIGHEST SLP 30.35 ON 17
DPTR FM NORMAL 1 LOWEST SLP 29.39 ON 3
[REMARKS]
#FINAL-02-24#