000
CXUS55 KABQ 021621
CLMROW
CLIMATE REPORT
NATIONAL WEATHER SERVICE ALBUQUERQUE NM
1021 AM MDT TUE MAY 02 2023
...................................
...THE ROSWELL NM CLIMATE SUMMARY FOR THE MONTH OF APRIL 2023...
CLIMATE NORMAL PERIOD 1991 TO 2020
CLIMATE RECORD PERIOD 1893 TO 2023
WEATHER OBSERVED NORMAL DEPART LAST YEAR`S
VALUE DATE(S) VALUE FROM VALUE DATE(S)
NORMAL
................................................................
TEMPERATURE (F)
RECORD
HIGH 102 04/25/2012
LOW 23 04/08/1973
HIGHEST 96 04/30 MM MM 96 04/21
04/22
LOWEST 35 04/06 MM MM 38 04/02
04/07
AVG. MAXIMUM 79.6 79.4 0.2 84.2
AVG. MINIMUM 44.9 47.0 -2.1 48.4
MEAN 62.3 63.2 -0.9 66.3
DAYS MAX >= 90 4 3.2 0.8 9
DAYS MAX <= 32 0 0.0 0.0 0
DAYS MIN <= 32 0 1.4 -1.4 0
DAYS MIN <= 0 0 0.0 0.0 0
PRECIPITATION (INCHES)
TOTALS T 0.57 -0.57 0.00
DAILY AVG. T 0.02 -0.02 0.00
DAYS >= .01 0 2.5 -2.5 0
DAYS >= .10 0 1.3 -1.3 0
DAYS >= .50 0 0.2 -0.2 0
DAYS >= 1.00 0 0.2 -0.2 0
GREATEST
24 HR. TOTAL T 04/21 TO 04/21 T
04/24 TO 04/24
04/25 TO 04/25
SNOWFALL (INCHES)
TOTALS 0.0 0.0 0.0 0.0
SINCE 7/1 2.5 9.6 -7.1 MM
DAYS >= 1.0 0 0.0 0.0 0
GREATEST
SNOW DEPTH 0 0 MM
24 HR TOTAL MM 0.0
DEGREE DAYS
HEATING TOTAL 117 117 0 58
SINCE 7/1 2806 2854 -48 MM
COOLING TOTAL 42 63 -21 105
SINCE 1/1 47 73 -26 MM
................................................................
WIND (MPH)
AVERAGE WIND SPEED 10.9
HIGHEST WIND SPEED/DIRECTION 49/230 DATE 04/04
HIGHEST GUST SPEED/DIRECTION 73/240 DATE 04/04
SKY COVER
AVERAGE SKY COVER 0.06
AVERAGE RH (PERCENT) 29
WEATHER CONDITIONS. NUMBER OF DAYS WITH
THUNDERSTORM 1 MIXED PRECIP 0
HEAVY RAIN 0 RAIN 0
LIGHT RAIN 0 FREEZING RAIN 0
LT FREEZING RAIN 0 HAIL 0
HEAVY SNOW 0 SNOW 0
LIGHT SNOW 0 SLEET 0
FOG 0 FOG W/VIS <= 1/4 MILE 0
HAZE 3
- INDICATES NEGATIVE NUMBERS.
R INDICATES RECORD WAS SET OR TIED.
MM INDICATES DATA IS MISSING.
T INDICATES TRACE AMOUNT.
$$