000
CXUS54 KFWD 010731
CF6RPH
PRELIMINARY LOCAL CLIMATOLOGICAL DATA (WS FORM: F-6)
STATION: GRAHAM
MONTH: MAY
YEAR: 2023
LATITUDE: 33 6 N
LONGITUDE: 98 30 W
TEMPERATURE IN F: :PCPN: SNOW: WIND :SUNSHINE: SKY :PK WND
================================================================================
1 2 3 4 5 6A 6B 7 8 9 10 11 12 13 14 15 16 17 18
12Z AVG MX 2MIN
DY MAX MIN AVG DEP HDD CDD WTR SNW DPTH SPD SPD DIR MIN PSBL S-S WX SPD DR
================================================================================
1 77 47 62 -5 3 0 0.00 M M 5.0 10 60 M M 1 8 20 60
2 83 50 67 0 0 2 0.00 M M 4.9 10 90 M M 5 17 90
3 83 64 74 7 0 9 T M M 5.4 10 130 M M 4 16 140
4 82 64 73 5 0 8 T M M 6.4 12 140 M M 4 20 99
5 98 66 82 14 0 17 0.00 M M 6.3 12 160 M M 1 24 160
6 96 64 80 12 0 15 0.03 M M 9.0 22 350 M M 2 39 350
7 85 64 75 7 0 10 0.07 M M 8.1 22 330 M M 7 18 37 330
8 90 62 76 7 0 11 0.00 M M 6.6 10 150 M M 0 23 210
9 87 60 74 5 0 9 0.00 M M 6.1 12 130 M M 1 21 130
10 76 63 70 1 0 5 0.00 M M 5.8 13 130 M M 4 1 20 130
11 92 65 79 9 0 14 0.00 M M 8.2 13 130 M M 7 21 170
12 93 63 78 8 0 13 0.35 M M 9.0 14 170 M M 3 1 32 M
13 79 62 71 1 0 6 0.04 M M 2.6 8 140 M M 6 1 20 220
14 80 65 73 2 0 8 0.01 M M 1.9 5 99 M M 6 1 M M
15 84 63 74 3 0 9 0.00 M M 4.0 12 340 M M 4 16 330
16 78 63 71 0 0 6 0.00 M M 5.0 10 300 M M 4 M M
17 85 58 72 0 0 7 0.00 M M 2.4 8 90 M M 0 M M
18 88 64 76 4 0 11 0.01 M M 5.9 13 110 M M 3 26 50
19 86 64 75 3 0 10 T M M 7.6 17 350 M M 5 26 360
20 74 57 66 -6 0 1 0.00 M M 8.2 15 350 M M 3 21 20
21 74 55 65 -8 0 0 0.00 M M 1.7 5 110 M M 2 1 M M
22 84 52 68 -5 0 3 0.09 M M 3.7 10 90 M M 1 1 17 110
23 85 62 74 1 0 9 0.08 M M 5.3 10 110 M M 3 1 36 110
24 82 62 72 -2 0 7 0.03 M M 3.4 9 290 M M 3 1 M M
25 82 65 74 0 0 9 0.00 M M 4.3 8 90 M M 2 17 160
26 80 62 71 -3 0 6 T M M 2.1 8 110 M M 2 17 99
27 75 62 69 -5 0 4 T M M 3.1 10 250 M M 4 17 99
28 85 63 74 -1 0 9 T M M 5.7 10 150 M M 3 M M
29 81 66 74 -1 0 9 0.18 M M 4.0 10 200 M M 4 1 M M
30 87 62 75 0 0 10 0.00 M M 5.0 10 110 M M 1 1 20 110
31 88 65 77 1 0 12 0.00 M M 5.0 12 150 M M 2 18 99
================================================================================
SM 2599 1904 3 249 0.89 M 161.5 M 97
================================================================================
AV 83.8 61.4 5.2 FASTST M M 3 MAX(MPH)
MISC ----> # 22 350 39 350
================================================================================
NOTES:
# LAST OF SEVERAL OCCURRENCES
COLUMN 17 PEAK WIND IN M.P.H.
PRELIMINARY LOCAL CLIMATOLOGICAL DATA (WS FORM: F-6) , PAGE 2
STATION: GRAHAM
MONTH: MAY
YEAR: 2023
LATITUDE: 33 6 N
LONGITUDE: 98 30 W
[TEMPERATURE DATA] [PRECIPITATION DATA] SYMBOLS USED IN COLUMN 16
AVERAGE MONTHLY: 72.6 TOTAL FOR MONTH: 0.89 1 = FOG OR MIST
DPTR FM NORMAL: 1.4 DPTR FM NORMAL: -3.39 2 = FOG REDUCING VISIBILITY
HIGHEST: 98 ON 5 GRTST 24HR 0.35 ON 12-12 TO 1/4 MILE OR LESS
LOWEST: 47 ON 1 3 = THUNDER
SNOW, ICE PELLETS, HAIL 4 = ICE PELLETS
TOTAL MONTH: M 5 = HAIL
GRTST 24HR M ON M 6 = FREEZING RAIN OR DRIZZLE
GRTST DEPTH: M ON M 7 = DUSTSTORM OR SANDSTORM:
VSBY 1/2 MILE OR LESS
8 = SMOKE OR HAZE
[NO. OF DAYS WITH] [WEATHER - DAYS WITH] 9 = BLOWING SNOW
X = TORNADO
MAX 32 OR BELOW: 0 0.01 INCH OR MORE: 10
MAX 90 OR ABOVE: 5 0.10 INCH OR MORE: 2
MIN 32 OR BELOW: 0 0.50 INCH OR MORE: 0
MIN 0 OR BELOW: 0 1.00 INCH OR MORE: 0
[HDD (BASE 65) ]
TOTAL THIS MO. 3 CLEAR (SCALE 0-3) 14
DPTR FM NORMAL -25 PTCLDY (SCALE 4-7) 17
TOTAL FM JUL 1 2376 CLOUDY (SCALE 8-10) 0
DPTR FM NORMAL -533
[CDD (BASE 65) ]
TOTAL THIS MO. 249
DPTR FM NORMAL 30 [PRESSURE DATA]
TOTAL FM JAN 1 349 HIGHEST SLP M ON M
DPTR FM NORMAL 41 LOWEST SLP M ON M
[REMARKS]
#FINAL-05-23#