000
CXUS56 KFGZ 010900
CF6RQE
PRELIMINARY LOCAL CLIMATOLOGICAL DATA (WS FORM: F-6)
STATION: WINDOW ROCK AZ AIRPORT
MONTH: APRIL
YEAR: 2020
LATITUDE: 35 39 N
LONGITUDE: 109 4 W
TEMPERATURE IN F: :PCPN: SNOW: WIND :SUNSHINE: SKY :PK WND
================================================================================
1 2 3 4 5 6A 6B 7 8 9 10 11 12 13 14 15 16 17 18
12Z AVG MX 2MIN
DY MAX MIN AVG DEP HDD CDD WTR SNW DPTH SPD SPD DIR MIN PSBL S-S WX SPD DR
================================================================================
1 68 36 52 10 13 0 0.00 M M 10.2 30 230 M M 1 40 230
2 65 39 52 9 13 0 0.00 M M 15.4 36 230 M M 1 45 250
3 62 26 44 1 21 0 0.00 M M 6.1 22 220 M M 1 34 230
4 65 30 48 5 17 0 0.00 M M 10.0 24 230 M M 1 33 250
5 65 28 47 4 18 0 0.00 M M 9.2 24 220 M M 0 33 230
6 66 29 48 4 17 0 0.00 M M 10.3 24 210 M M 0 38 200
7 66 26 46 2 19 0 0.00 M M 6.0 23 230 M M 0 30 250
8 71 27 49 5 16 0 0.00 M M 5.0 18 180 M M 2 26 200
9 63 36 50 6 15 0 0.00 M M 5.9 17 180 M M 2 28 200
10 63 23 43 -1 22 0 0.00 M M 4.7 21 240 M M 1 28 200
11 63 23 43 -2 22 0 0.00 M M 6.1 29 230 M M 2 37 220
12 61 34 48 3 17 0 0.03 M M 11.3 29 270 M M 6 40 260
13 50 31 41 -4 24 0 0.17 M M 8.0 25 280 M M 8 13 33 260
14 50 18 34 -11 31 0 0.00 M M 5.0 16 310 M M 0 23 260
15 58 14 36 -10 29 0 0.00 M M 6.1 23 270 M M 0 29 260
16 67 32 50 4 15 0 0.00 M M 10.9 30 230 M M 0 37 230
17 65 30 48 2 17 0 0.00 M M 5.7 18 220 M M 0 23 190
18 61 30 46 0 19 0 T M M 9.1 25 240 M M 3 40 250
19 65 34 50 3 15 0 0.00 M M 8.5 26 240 M M 1 32 260
20 66 44 55 8 10 0 T M M 5.8 22 250 M M 5 32 250
21 65 31 48 1 17 0 T M M 7.2 28 220 M M 4 35 220
22 67 31 49 1 16 0 0.00 M M 7.9 24 300 M M 1 32 300
23 73 26 50 2 15 0 0.00 M M 8.7 26 270 M M 1 35 260
24 71 32 52 4 13 0 0.00 M M 5.1 16 310 M M 0 23 320
25 73 28 51 3 14 0 0.00 M M 3.8 20 290 M M 0 24 280
26 80 33 57 8 8 0 0.00 M M 6.1 26 240 M M 0 33 280
27 79 37 58 9 7 0 0.00 M M 5.5 23 270 M M 1 34 270
28 79 43 61 12 4 0 0.00 M M 8.6 22 310 M M 0 33 360
29 83 35 59 9 6 0 0.00 M M 3.3 14 270 M M 0 19 260
30 83 38 61 11 4 0 0.00 M M 7.8 25 240 M M 0 30 240
================================================================================
SM 2013 924 474 0 0.20 M 223.3 M 41
================================================================================
AV 67.1 30.8 7.4 FASTST M M 1 MAX(MPH)
MISC ----> # 36 230 # 45 250
================================================================================
NOTES:
# LAST OF SEVERAL OCCURRENCES
COLUMN 17 PEAK WIND IN M.P.H.
PRELIMINARY LOCAL CLIMATOLOGICAL DATA (WS FORM: F-6) , PAGE 2
STATION: WINDOW ROCK AZ AIRPORT
MONTH: APRIL
YEAR: 2020
LATITUDE: 35 39 N
LONGITUDE: 109 4 W
[TEMPERATURE DATA] [PRECIPITATION DATA] SYMBOLS USED IN COLUMN 16
AVERAGE MONTHLY: 49.0 TOTAL FOR MONTH: 0.20 1 = FOG OR MIST
DPTR FM NORMAL: 3.0 DPTR FM NORMAL: -0.39 2 = FOG REDUCING VISIBILITY
HIGHEST: 83 ON 30,29 GRTST 24HR 0.17 ON 13-13 TO 1/4 MILE OR LESS
LOWEST: 14 ON 15 3 = THUNDER
SNOW, ICE PELLETS, HAIL 4 = ICE PELLETS
TOTAL MONTH: M 5 = HAIL
GRTST 24HR M ON M 6 = FREEZING RAIN OR DRIZZLE
GRTST DEPTH: M ON M 7 = DUSTSTORM OR SANDSTORM:
VSBY 1/2 MILE OR LESS
8 = SMOKE OR HAZE
[NO. OF DAYS WITH] [WEATHER - DAYS WITH] 9 = BLOWING SNOW
X = TORNADO
MAX 32 OR BELOW: 0 0.01 INCH OR MORE: 2
MAX 90 OR ABOVE: 0 0.10 INCH OR MORE: 1
MIN 32 OR BELOW: 19 0.50 INCH OR MORE: 0
MIN 0 OR BELOW: 0 1.00 INCH OR MORE: 0
[HDD (BASE 65) ]
TOTAL THIS MO. 474 CLEAR (SCALE 0-3) 26
DPTR FM NORMAL -99 PTCLDY (SCALE 4-7) 4
TOTAL FM JUL 1 5554 CLOUDY (SCALE 8-10) 0
DPTR FM NORMAL -452
[CDD (BASE 65) ]
TOTAL THIS MO. 0
DPTR FM NORMAL 0 [PRESSURE DATA]
TOTAL FM JAN 1 0 HIGHEST SLP M ON M
DPTR FM NORMAL 0 LOWEST SLP 29.66 ON 2
[REMARKS]
#FINAL-04-20#