000
CXUS53 KARX 010900
CF6RST
PRELIMINARY LOCAL CLIMATOLOGICAL DATA (WS FORM: F-6)
STATION: ROCHESTER MN
MONTH: OCTOBER
YEAR: 2022
LATITUDE: 43 55 N
LONGITUDE: 92 30 W
TEMPERATURE IN F: :PCPN: SNOW: WIND :SUNSHINE: SKY :PK WND
================================================================================
1 2 3 4 5 6A 6B 7 8 9 10 11 12 13 14 15 16 17 18
12Z AVG MX 2MIN
DY MAX MIN AVG DEP HDD CDD WTR SNW DPTH SPD SPD DIR MIN PSBL S-S WX SPD DR
================================================================================
1 68 48 58 3 7 0 0.01 0.0 0 6.1 13 90 M M 6 18 90
2 71 50 61 7 4 0 0.00 0.0 0 7.3 14 100 M M 2 18 100
3 73 52 63 9 2 0 0.00 0.0 0 9.9 15 190 M M 1 8 20 210
4 74 49 62 8 3 0 0.00 0.0 0 9.5 16 190 M M 1 22 180
5 75 52 64 11 1 0 T 0.0 0 9.3 18 200 M M 5 24 230
6 58 40 49 -4 16 0 0.05 0.0 0 15.6 26 340 M M 4 1 34 360
7 49 31 40 -12 25 0 0.00 0.0 0 6.7 16 320 M M 5 20 320
8 60 29 45 -7 20 0 0.00 0.0 0 12.0 22 250 M M 0 34 250
9 67 39 53 2 12 0 0.00 0.0 0 7.8 15 10 M M 0 19 360
10 72 37 55 4 10 0 0.00 0.0 0 9.5 20 210 M M 0 28 200
11 77 50 64 14 1 0 0.00 0.0 0 17.6 30 180 M M 1 43 190
12 65 39 52 2 13 0 0.04 0.0 0 15.4 30 280 M M 6 3 39 310
13 44 30 37 -12 28 0 T 0.0 0 12.6 23 300 M M 9 29 280
14 41 26 34 -15 31 0 0.03 0.1 0 8.7 17 290 M M 7 1 22 300
15 60 26 43 -5 22 0 0.00 0.0 0 12.8 25 250 M M 3 36 250
16 45 34 40 -8 25 0 0.00 0.0 0 16.1 30 320 M M 9 38 320
17 38 25 32 -16 33 0 0.00 0.0 0 17.9 29 340 M M 7 38 320
18 42 20 31 -16 34 0 0.00 0.0 0 14.9 22 320 M M 0 28 310
19 47 18 33 -14 32 0 0.00 0.0 0 10.2 18 310 M M 1 24 280
20 61 31 46 0 19 0 0.00 0.0 0 8.9 14 190 M M 0 8 18 190
21 69 41 55 9 10 0 0.00 0.0 0 9.0 17 190 M M 0 23 190
22 79 38 59 14 6 0 0.00 0.0 0 12.6 22 170 M M 0 32 170
23 75 56 66 21 0 1 0.08 0.0 0 21.1 40 160 M M 1 3 53 170
24 67 42 55 11 10 0 0.49 0.0 0 13.3 25 190 M M 6 1 41 160
25 44 32 38 -6 27 0 0.00 0.0 0 9.5 21 320 M M 3 25 320
26 50 29 40 -3 25 0 0.00 0.0 0 8.0 16 310 M M 0 22 310
27 54 32 43 0 22 0 0.00 0.0 0 10.4 17 150 M M 8 22 160
28 58 35 47 5 18 0 0.00 0.0 0 9.2 15 160 M M 2 1 19 170
29 63 34 49 7 16 0 0.00 0.0 0 10.0 17 200 M M 0 22 200
30 60 37 49 7 16 0 T 0.0 0 3.7 12 180 M M 1 13 170
31 64 32 48 7 17 0 0.00 0.0 0 6.1 12 260 M M 0 15 250
================================================================================
SM 1870 1134 505 1 0.70 0.1 341.7 M 88
================================================================================
AV 60.3 36.6 11.0 FASTST M M 3 MAX(MPH)
MISC ----> 40 160 53 170
================================================================================
NOTES:
# LAST OF SEVERAL OCCURRENCES
COLUMN 17 PEAK WIND IN M.P.H.
PRELIMINARY LOCAL CLIMATOLOGICAL DATA (WS FORM: F-6) , PAGE 2
STATION: ROCHESTER MN
MONTH: OCTOBER
YEAR: 2022
LATITUDE: 43 55 N
LONGITUDE: 92 30 W
[TEMPERATURE DATA] [PRECIPITATION DATA] SYMBOLS USED IN COLUMN 16
AVERAGE MONTHLY: 48.5 TOTAL FOR MONTH: 0.70 1 = FOG OR MIST
DPTR FM NORMAL: 0.6 DPTR FM NORMAL: -1.73 2 = FOG REDUCING VISIBILITY
HIGHEST: 79 ON 22 GRTST 24HR 0.49 ON 24-24 TO 1/4 MILE OR LESS
LOWEST: 18 ON 19 3 = THUNDER
SNOW, ICE PELLETS, HAIL 4 = ICE PELLETS
TOTAL MONTH: 0.1 INCH 5 = HAIL
GRTST 24HR 0.1 ON 14-14 6 = FREEZING RAIN OR DRIZZLE
GRTST DEPTH: 0 7 = DUSTSTORM OR SANDSTORM:
VSBY 1/2 MILE OR LESS
8 = SMOKE OR HAZE
[NO. OF DAYS WITH] [WEATHER - DAYS WITH] 9 = BLOWING SNOW
X = TORNADO
MAX 32 OR BELOW: 0 0.01 INCH OR MORE: 6
MAX 90 OR ABOVE: 0 0.10 INCH OR MORE: 1
MIN 32 OR BELOW: 13 0.50 INCH OR MORE: 0
MIN 0 OR BELOW: 0 1.00 INCH OR MORE: 0
[HDD (BASE 65) ]
TOTAL THIS MO. 505 CLEAR (SCALE 0-3) 20
DPTR FM NORMAL -29 PTCLDY (SCALE 4-7) 9
TOTAL FM JUL 1 656 CLOUDY (SCALE 8-10) 2
DPTR FM NORMAL -93
[CDD (BASE 65) ]
TOTAL THIS MO. 1
DPTR FM NORMAL -5 [PRESSURE DATA]
TOTAL FM JAN 1 586 HIGHEST SLP 30.57 ON 7
DPTR FM NORMAL 53 LOWEST SLP 29.53 ON 23
[REMARKS]
#FINAL-10-22#