000
CXUS54 KLZK 011330
CF6RUE
PRELIMINARY LOCAL CLIMATOLOGICAL DATA (WS FORM: F-6)
STATION: RUSSELLVILLE
MONTH: FEBRUARY
YEAR: 2023
LATITUDE: 35 15 N
LONGITUDE: 93 6 W
TEMPERATURE IN F: :PCPN: SNOW: WIND :SUNSHINE: SKY :PK WND
================================================================================
1 2 3 4 5 6A 6B 7 8 9 10 11 12 13 14 15 16 17 18
12Z AVG MX 2MIN
DY MAX MIN AVG DEP HDD CDD WTR SNW DPTH SPD SPD DIR MIN PSBL S-S WX SPD DR
================================================================================
1 31 27 29 -12 36 0 0.00 M M 1.0 8 50 M M 9 16 9 70
2 38 31 35 -6 30 0 0.00 M M 3.7 10 290 M M 9 1 14 290
3 47 30 39 -2 26 0 0.00 M M 3.5 12 310 M M 4 18 16 310
4 55 28 42 0 23 0 0.00 M M 4.1 14 190 M M 0 19 210
5 64 30 47 5 18 0 0.00 M M 0.8 10 320 M M 0 14 290
6 66 34 50 8 15 0 0.00 M M 4.2 18 190 M M 5 1 28 200
7 61 48 55 13 10 0 0.83 M M 2.7 12 360 M M 9 1 14 10
8 56 47 52 10 13 0 3.44 M M 5.9 24 230 M M 10 13 34 230
9 60 39 50 8 15 0 0.00 M M 7.3 24 250 M M 3 33 260
10 45 37 41 -2 24 0 0.00 M M 4.9 12 20 M M 9 18 13 20
11 56 31 44 1 21 0 0.00 M M 3.3 12 270 M M 5 13 280
12 63 26 45 2 20 0 0.00 M M 1.3 7 210 M M 0 10 230
13 67 33 50 7 15 0 0.00 M M 2.6 13 290 M M 0 17 290
14 60 47 54 10 11 0 0.56 M M 6.2 20 270 M M 4 1 26 170
15 77 41 59 15 6 0 0.00 M M 2.7 7 160 M M 4 10 190
16 70 32 51 7 14 0 0.10 M M M M M M M 7 13 M M
17 50 28 39 -5 26 0 0.00 M M 2.4 12 280 M M 3 14 280
18 55 23 39 -6 26 0 0.00 M M 3.4 12 180 M M 1 17 170
19 67 31 49 4 16 0 0.00 M M 3.8 13 200 M M 0 20 190
20 74 45 60 15 5 0 0.00 M M 5.0 12 230 M M 0 17 230
21 70 44 57 11 8 0 0.00 M M 6.6 10 130 M M 1 16 120
22 73 52 63 17 2 0 0.18 M M 9.1 28 280 M M 6 13 39 280
23 60 46 53 7 12 0 T M M 7.4 21 290 M M 4 28 280
24 47 39 43 -3 22 0 0.03 M M 5.6 16 70 M M 10 1 21 60
25 51 40 46 -1 19 0 0.15 M M 1.7 7 170 M M 10 1 9 170
26 63 47 55 8 10 0 T M M 2.8 13 100 M M 10 1 19 120
27 74 47 61 14 4 0 0.02 M M 10.1 25 250 M M 3 18 38 250
28 72 39 56 8 9 0 0.00 M M 0.0 7 130 M M 0 8 9 120
================================================================================
SM 1672 1042 456 0 5.31 M 112.1 M 126
================================================================================
AV 59.7 37.2 4.2 FASTST M M 5 MAX(MPH)
MISC ----> 28 280 39 280
================================================================================
NOTES:
# LAST OF SEVERAL OCCURRENCES
COLUMN 17 PEAK WIND IN M.P.H.
PRELIMINARY LOCAL CLIMATOLOGICAL DATA (WS FORM: F-6) , PAGE 2
STATION: RUSSELLVILLE
MONTH: FEBRUARY
YEAR: 2023
LATITUDE: 35 15 N
LONGITUDE: 93 6 W
[TEMPERATURE DATA] [PRECIPITATION DATA] SYMBOLS USED IN COLUMN 16
AVERAGE MONTHLY: 48.5 TOTAL FOR MONTH: 5.31 1 = FOG OR MIST
DPTR FM NORMAL: 4.5 DPTR FM NORMAL: 2.21 2 = FOG REDUCING VISIBILITY
HIGHEST: 77 ON 15 GRTST 24HR 4.00 ON 7- 8 TO 1/4 MILE OR LESS
LOWEST: 23 ON 18 3 = THUNDER
SNOW, ICE PELLETS, HAIL 4 = ICE PELLETS
TOTAL MONTH: M 5 = HAIL
GRTST 24HR M ON M 6 = FREEZING RAIN OR DRIZZLE
GRTST DEPTH: M ON M 7 = DUSTSTORM OR SANDSTORM:
VSBY 1/2 MILE OR LESS
8 = SMOKE OR HAZE
[NO. OF DAYS WITH] [WEATHER - DAYS WITH] 9 = BLOWING SNOW
X = TORNADO
MAX 32 OR BELOW: 1 0.01 INCH OR MORE: 8
MAX 90 OR ABOVE: 0 0.10 INCH OR MORE: 6
MIN 32 OR BELOW: 11 0.50 INCH OR MORE: 3
MIN 0 OR BELOW: 0 1.00 INCH OR MORE: 1
[HDD (BASE 65) ]
TOTAL THIS MO. 456 CLEAR (SCALE 0-3) 11
DPTR FM NORMAL -133 PTCLDY (SCALE 4-7) 9
TOTAL FM JUL 1 2363 CLOUDY (SCALE 8-10) 8
DPTR FM NORMAL -324
[CDD (BASE 65) ]
TOTAL THIS MO. 0
DPTR FM NORMAL -1 [PRESSURE DATA]
TOTAL FM JAN 1 1 HIGHEST SLP 30.60 ON 3
DPTR FM NORMAL 0 LOWEST SLP 29.46 ON 14
[REMARKS]
#FINAL-02-23#