000
CXUS51 KBTV 010800
CF6RUT
PRELIMINARY LOCAL CLIMATOLOGICAL DATA (WS FORM: F-6)
STATION: RUTLAND VT
MONTH: DECEMBER
YEAR: 2020
LATITUDE: 43 31 N
LONGITUDE: 72 57 W
TEMPERATURE IN F: :PCPN: SNOW: WIND :SUNSHINE: SKY :PK WND
================================================================================
1 2 3 4 5 6A 6B 7 8 9 10 11 12 13 14 15 16 17 18
12Z AVG MX 2MIN
DY MAX MIN AVG DEP HDD CDD WTR SNW DPTH SPD SPD DIR MIN PSBL S-S WX SPD DR
================================================================================
1 63 36 50 M 15 0 0.00 M M 10.5 18 130 M M 7 29 120
2 36 30 33 M 32 0 0.00 M M 8.4 17 270 M M 10 1 23 270
3 43 26 35 M 30 0 0.00 M M 5.9 10 220 M M 2 22 240
4 46 35 41 M 24 0 0.00 M M 5.3 12 220 M M 7 30 210
5 38 29 34 M 31 0 0.00 M M 9.4 21 330 M M 9 1 37 310
6 34 21 28 M 37 0 0.00 M M 11.8 20 320 M M 9 41 320
7 25 18 22 M 43 0 0.00 M M 6.0 12 320 M M 8 M M
8 26 22 24 M 41 0 0.02 M M 7.7 16 310 M M 10 21 310
9 32 21 27 M 38 0 T M M 2.2 5 90 M M 9 1 M M
10 38 26 32 M 33 0 T M M 4.8 13 280 M M 8 18 290
11 50 25 38 M 27 0 0.00 M M 6.3 12 120 M M 3 M M
12 43 29 36 M 29 0 T M M 9.4 24 110 M M 5 1 33 100
13 54 35 45 M 20 0 T M M 10.4 17 130 M M 8 32 170
14 35 29 32 M 33 0 T M M 3.2 16 310 M M 9 38 290
15 32 12 22 M 43 0 0.04 M M 10.2 17 280 M M 3 43 290
16 19 6 13 M 52 0 0.07 M M 5.5 12 130 M M 4 1 M M
17 17 11 14 M 51 0 0.30 M M 4.9 15 80 M M 10 12 45 210
18 21 -2 10 M 55 0 T M M 3.0 9 120 M M 3 M M
19 28 -6 11 M 54 0 0.00 M M 3.4 9 120 M M 2 M M
20 31 16 24 M 41 0 T M M 7.2 15 120 M M 9 1 22 130
21 35 29 32 M 33 0 0.02 M M 5.2 13 110 M M 10 1 M M
22 38 25 32 M 33 0 T M M 8.3 18 260 M M 9 1 30 250
23 34 21 28 M 37 0 0.00 M M 7.4 20 120 M M 5 30 110
24 53 33 43 M 22 0 0.03 M M 17.8 22 140 M M 7 36 120
25 61 34 48 M 17 0 0.37 M M 15.3 30 130 M M 10 1 44 120
26 34 23 29 M 36 0 T M M 9.4 21 250 M M 10 29 250
27 32 25 29 M 36 0 T M M 7.0 13 230 M M 7 20 250
28 45 29 37 M 28 0 T M M 12.2 23 110 M M 7 30 120
29 35 14 25 M 40 0 T M M 9.0 18 290 M M 4 31 290
30 35 12 24 M 41 0 0.00 M M 6.7 20 110 M M 5 28 110
31 43 25 34 M 31 0 0.02 M M 8.5 20 230 M M 7 30 220
================================================================================
SM 1156 689 1083 0 0.87 M 242.2 M 216
================================================================================
AV 37.3 22.2 7.8 FASTST M M 7 MAX(MPH)
MISC ----> 30 130 45 210
================================================================================
NOTES:
# LAST OF SEVERAL OCCURRENCES
COLUMN 17 PEAK WIND IN M.P.H.
PRELIMINARY LOCAL CLIMATOLOGICAL DATA (WS FORM: F-6) , PAGE 2
STATION: RUTLAND VT
MONTH: DECEMBER
YEAR: 2020
LATITUDE: 43 31 N
LONGITUDE: 72 57 W
[TEMPERATURE DATA] [PRECIPITATION DATA] SYMBOLS USED IN COLUMN 16
AVERAGE MONTHLY: 29.8 TOTAL FOR MONTH: 0.87 1 = FOG OR MIST
DPTR FM NORMAL: 0.0 DPTR FM NORMAL: M 2 = FOG REDUCING VISIBILITY
HIGHEST: 63 ON 1 GRTST 24HR 0.37 ON 25-25 TO 1/4 MILE OR LESS
LOWEST: -6 ON 19 3 = THUNDER
SNOW, ICE PELLETS, HAIL 4 = ICE PELLETS
TOTAL MONTH: M 5 = HAIL
GRTST 24HR M ON M 6 = FREEZING RAIN OR DRIZZLE
GRTST DEPTH: M ON M 7 = DUSTSTORM OR SANDSTORM:
VSBY 1/2 MILE OR LESS
8 = SMOKE OR HAZE
[NO. OF DAYS WITH] [WEATHER - DAYS WITH] 9 = BLOWING SNOW
X = TORNADO
MAX 32 OR BELOW: 10 0.01 INCH OR MORE: 8
MAX 90 OR ABOVE: 0 0.10 INCH OR MORE: 2
MIN 32 OR BELOW: 26 0.50 INCH OR MORE: 0
MIN 0 OR BELOW: 2 1.00 INCH OR MORE: 0
[HDD (BASE 65) ]
TOTAL THIS MO. 1083 CLEAR (SCALE 0-3) 4
DPTR FM NORMAL M PTCLDY (SCALE 4-7) 13
TOTAL FM JUL 1 2490 CLOUDY (SCALE 8-10) 14
DPTR FM NORMAL M
[CDD (BASE 65) ]
TOTAL THIS MO. 0
DPTR FM NORMAL M [PRESSURE DATA]
TOTAL FM JAN 1 580 HIGHEST SLP M ON M
DPTR FM NORMAL M LOWEST SLP M ON M
[REMARKS]
#FINAL-12-20#