000
CXUS54 KTSA 012014
CF6RVS
PRELIMINARY LOCAL CLIMATOLOGICAL DATA (WS FORM: F-6)
STATION: TULSA-RIVERSIDE OKLAHOMA
MONTH: MAY
YEAR: 2020
LATITUDE: 36 2 N
LONGITUDE: 95 59 W
TEMPERATURE IN F: :PCPN: SNOW: WIND :SUNSHINE: SKY :PK WND
================================================================================
1 2 3 4 5 6A 6B 7 8 9 10 11 12 13 14 15 16 17 18
12Z AVG MX 2MIN
DY MAX MIN AVG DEP HDD CDD WTR SNW DPTH SPD SPD DIR MIN PSBL S-S WX SPD DR
================================================================================
1 88 56 72 8 0 7 0.00 0.0 0 10.6 26 180 M M 0 39 180
2 89 68 79 15 0 14 0.00 0.0 0 9.7 18 180 M M 1 29 180
3 77 69 73 8 0 8 T 0.0 0 6.7 10 20 M M 10 1 M M
4 91 68 80 15 0 15 0.11 0.0 0 9.2 22 190 M M 5 3 35 210
5 80 55 68 3 0 3 0.00 0.0 0 6.8 15 10 M M 0 24 30
6 76 52 64 -2 1 0 0.00 0.0 0 4.6 14 30 M M 0 21 20
7 75 52 64 -2 1 0 0.13 0.0 0 7.1 20 150 M M 2 3 31 150
8 69 50 60 -6 5 0 0.26 0.0 0 9.8 22 30 M M 4 13 36 360
9 71 42 57 -9 8 0 0.00 0.0 0 2.6 12 130 M M 0 17 120
10 68 49 59 -8 6 0 T 0.0 0 4.8 15 50 M M 4 1 25 20
11 59 50 55 -12 10 0 0.01 0.0 0 8.6 17 30 M M 10 25 50
12 55 49 52 -15 13 0 0.17 0.0 0 7.6 16 30 M M 10 18 24 20
13 80 54 67 -1 0 2 0.05 0.0 0 8.0 16 170 M M 8 1 24 180
14 85 72 79 11 0 14 T 0.0 0 10.8 21 180 M M 3 34 170
15 76 63 70 2 0 5 0.84 0.0 0 8.5 23 30 M M 3 13 36 50
16 75 60 68 -1 0 3 T 0.0 0 2.7 9 10 M M 2 1 15 10
17 78 59 69 0 0 4 0.00 0.0 0 5.6 18 10 M M 2 34 310
18 80 56 68 -1 0 3 0.00 0.0 0 3.9 12 360 M M 0 19 360
19 77 56 67 -2 0 2 0.00 0.0 0 6.8 15 30 M M 0 24 30
20 82 56 69 -1 0 4 0.00 0.0 0 5.6 13 60 M M 0 20 60
21 77 66 72 2 0 7 0.02 0.0 0 7.6 14 50 M M 8 20 160
22 85 63 74 4 0 9 0.53 0.0 0 7.7 20 90 M M 5 13 42 300
23 89 72 81 10 0 16 T 0.0 0 8.6 17 170 M M 1 3 25 170
24 87 68 78 7 0 13 0.02 0.0 0 8.5 18 180 M M 4 28 160
25 77 66 72 1 0 7 1.71 0.0 0 4.4 14 360 M M 8 138 22 10
26 76 66 71 0 0 6 0.03 0.0 0 3.8 10 210 M M 10 1 18 30
27 74 65 70 -2 0 5 0.08 0.0 0 0.8 8 210 M M 9 1 11 200
28 77 62 70 -2 0 5 0.15 0.0 0 2.6 10 10 M M 5 123 17 340
29 84 60 72 0 0 7 0.00 0.0 0 3.3 15 30 M M 0 1 20 30
30 86 58 72 -1 0 7 0.00 0.0 0 3.3 15 120 M M 0 1 20 120
31 88 62 75 2 0 10 0.00 0.0 0 4.5 13 180 M M 0 18 160
================================================================================
SM 2431 1844 44 176 4.11 0.0 195.1 M 114
================================================================================
AV 78.4 59.5 6.3 FASTST M M 4 MAX(MPH)
MISC ----> # 26 180 # 42 300
================================================================================
NOTES:
# LAST OF SEVERAL OCCURRENCES
COLUMN 17 PEAK WIND IN M.P.H.
PRELIMINARY LOCAL CLIMATOLOGICAL DATA (WS FORM: F-6) , PAGE 2
STATION: TULSA-RIVERSIDE OKLAHOMA
MONTH: MAY
YEAR: 2020
LATITUDE: 36 2 N
LONGITUDE: 95 59 W
[TEMPERATURE DATA] [PRECIPITATION DATA] SYMBOLS USED IN COLUMN 16
AVERAGE MONTHLY: 69.0 TOTAL FOR MONTH: 4.11 1 = FOG OR MIST
DPTR FM NORMAL: 0.5 DPTR FM NORMAL: -1.70 2 = FOG REDUCING VISIBILITY
HIGHEST: 91 ON 4 GRTST 24HR 1.71 ON 25-25 TO 1/4 MILE OR LESS
LOWEST: 42 ON 9 3 = THUNDER
SNOW, ICE PELLETS, HAIL 4 = ICE PELLETS
TOTAL MONTH: 0.0 INCH 5 = HAIL
GRTST 24HR 0.0 6 = FREEZING RAIN OR DRIZZLE
GRTST DEPTH: 0 7 = DUSTSTORM OR SANDSTORM:
VSBY 1/2 MILE OR LESS
8 = SMOKE OR HAZE
[NO. OF DAYS WITH] [WEATHER - DAYS WITH] 9 = BLOWING SNOW
X = TORNADO
MAX 32 OR BELOW: 0 0.01 INCH OR MORE: 14
MAX 90 OR ABOVE: 1 0.10 INCH OR MORE: 8
MIN 32 OR BELOW: 0 0.50 INCH OR MORE: 3
MIN 0 OR BELOW: 0 1.00 INCH OR MORE: 1
[HDD (BASE 65) ]
TOTAL THIS MO. 44 CLEAR (SCALE 0-3) 16
DPTR FM NORMAL 3 PTCLDY (SCALE 4-7) 9
TOTAL FM JUL 1 3096 CLOUDY (SCALE 8-10) 6
DPTR FM NORMAL -596
[CDD (BASE 65) ]
TOTAL THIS MO. 176
DPTR FM NORMAL 25 [PRESSURE DATA]
TOTAL FM JAN 1 265 HIGHEST SLP 30.40 ON 11
DPTR FM NORMAL 62 LOWEST SLP 29.59 ON 4
[REMARKS]
#FINAL-05-20#
#FINAL-05-20#