000
CXUS53 KMPX 032124
CF6RWF
PRELIMINARY LOCAL CLIMATOLOGICAL DATA (WS FORM: F-6)
STATION: REDWOOD FALLS MN
MONTH: JULY
YEAR: 2020
LATITUDE: 44 32 N
LONGITUDE: 95 5 W
TEMPERATURE IN F: :PCPN: SNOW: WIND :SUNSHINE: SKY :PK WND
================================================================================
1 2 3 4 5 6A 6B 7 8 9 10 11 12 13 14 15 16 17 18
12Z AVG MX 2MIN
DY MAX MIN AVG DEP HDD CDD WTR SNW DPTH SPD SPD DIR MIN PSBL S-S WX SPD DR
================================================================================
1 86 65 76 4 0 11 1.49 M M 7.7 23 310 M M 3 13 32 320
2 89 67 78 6 0 13 0.00 M M 4.9 10 90 M M 1 12 15 130
3 88 68 78 6 0 13 0.00 M M 4.0 9 120 M M 1 1 14 170
4 89 69 79 7 0 14 0.00 M M 4.2 15 150 M M 1 1 19 150
5 89 70 80 8 0 15 0.00 M M 5.8 15 220 M M 1 19 200
6 80 68 74 1 0 9 0.26 M M 5.1 16 180 M M 3 138 21 200
7 86 66 76 3 0 11 0.86 M M 6.6 29 270 M M 2 123 41 270
8 91 71 81 8 0 16 T M M 13.6 28 180 M M 0 37 180
9 83 67 75 2 0 10 0.00 M M 6.1 15 340 M M 1 21 330
10 83 60 72 -1 0 7 0.00 M M 5.1 10 210 M M 1 15 270
11 83 63 73 0 0 8 0.55 M M 4.9 29 10 M M 3 123 45 10
12 82 61 72 -1 0 7 0.00 M M 4.3 12 340 M M 1 19 330
13 87 61 74 1 0 9 0.00 M M 14.5 28 150 M M 2 40 140
14 78 59 69 -4 0 4 0.47 M M 6.2 17 310 M M 6 13 26 240
15 79 55 67 -6 0 2 0.00 M M 4.7 10 190 M M 0 1 14 190
16 85 56 71 -2 0 6 0.08 M M 9.1 21 220 M M 1 13 26 210
17 88 66 77 4 0 12 0.00 M M 10.5 21 160 M M 2 1 31 160
18 90 68 79 6 0 14 0.01 M M 11.1 32 310 M M 4 3 49 310
19 83 61 72 -1 0 7 0.00 M M 9.7 26 300 M M 0 39 310
20 82 60 71 -2 0 6 T M M 4.6 15 180 M M 1 21 180
21 77 63 70 -3 0 5 0.02 M M 8.7 18 290 M M 5 1 25 290
22 76 57 67 -6 0 2 0.00 M M 5.3 10 310 M M 2 16 310
23 83 56 70 -2 0 5 0.00 M M 11.1 21 150 M M 1 29 160
24 92 70 81 9 0 16 0.00 M M 13.9 23 180 M M 2 33 180
25 90 72 81 9 0 16 0.97 M M 10.8 29 290 M M 5 13 42 280
26 83 63 73 1 0 8 1.67 M M 7.9 23 170 M M 6 13 29 50
27 83 60 72 0 0 7 0.00 M M 6.9 15 280 M M 1 21 280
28 84 63 74 2 0 9 0.00 M M 4.7 13 260 M M 2 18 300
29 82 58 70 -2 0 5 0.00 M M 2.4 8 360 M M 0 11 360
30 80 61 71 -1 0 6 0.00 M M 5.1 14 70 M M 1 20 80
31 82 58 70 -2 0 5 0.00 M M 3.4 10 180 M M 1 1 13 180
================================================================================
SM 2613 1962 0 278 6.38 M 222.9 M 60
================================================================================
AV 84.3 63.3 7.2 FASTST M M 2 MAX(MPH)
MISC ----> 32 310 49 310
================================================================================
NOTES:
# LAST OF SEVERAL OCCURRENCES
COLUMN 17 PEAK WIND IN M.P.H.
PRELIMINARY LOCAL CLIMATOLOGICAL DATA (WS FORM: F-6) , PAGE 2
STATION: REDWOOD FALLS MN
MONTH: JULY
YEAR: 2020
LATITUDE: 44 32 N
LONGITUDE: 95 5 W
[TEMPERATURE DATA] [PRECIPITATION DATA] SYMBOLS USED IN COLUMN 16
AVERAGE MONTHLY: 73.8 TOTAL FOR MONTH: 6.38 1 = FOG OR MIST
DPTR FM NORMAL: 1.2 DPTR FM NORMAL: 2.77 2 = FOG REDUCING VISIBILITY
HIGHEST: 92 ON 24 GRTST 24HR 2.64 ON 25-26 TO 1/4 MILE OR LESS
LOWEST: 55 ON 15 3 = THUNDER
SNOW, ICE PELLETS, HAIL 4 = ICE PELLETS
TOTAL MONTH: M 5 = HAIL
GRTST 24HR M ON M 6 = FREEZING RAIN OR DRIZZLE
GRTST DEPTH: M ON M 7 = DUSTSTORM OR SANDSTORM:
VSBY 1/2 MILE OR LESS
8 = SMOKE OR HAZE
[NO. OF DAYS WITH] [WEATHER - DAYS WITH] 9 = BLOWING SNOW
X = TORNADO
MAX 32 OR BELOW: 0 0.01 INCH OR MORE: 10
MAX 90 OR ABOVE: 4 0.10 INCH OR MORE: 7
MIN 32 OR BELOW: 0 0.50 INCH OR MORE: 5
MIN 0 OR BELOW: 0 1.00 INCH OR MORE: 2
[HDD (BASE 65) ]
TOTAL THIS MO. 0 CLEAR (SCALE 0-3) 25
DPTR FM NORMAL -7 PTCLDY (SCALE 4-7) 6
TOTAL FM JUL 1 0 CLOUDY (SCALE 8-10) 0
DPTR FM NORMAL 0
[CDD (BASE 65) ]
TOTAL THIS MO. 278
DPTR FM NORMAL 37 [PRESSURE DATA]
TOTAL FM JAN 1 546 HIGHEST SLP 30.11 ON 23
DPTR FM NORMAL 117 LOWEST SLP 29.65 ON 18
[REMARKS]
#FINAL-07-20#