000
CXUS55 KTWC 010855
CF6SAD
PRELIMINARY LOCAL CLIMATOLOGICAL DATA (WS FORM: F-6)
STATION: SAFFORD AZ AIRPORT
MONTH: FEBRUARY
YEAR: 2024
LATITUDE: 32 50 N
LONGITUDE: 109 38 W
TEMPERATURE IN F: :PCPN: SNOW: WIND :SUNSHINE: SKY :PK WND
================================================================================
1 2 3 4 5 6A 6B 7 8 9 10 11 12 13 14 15 16 17 18
12Z AVG MX 2MIN
DY MAX MIN AVG DEP HDD CDD WTR SNW DPTH SPD SPD DIR MIN PSBL S-S WX SPD DR
================================================================================
1 76 44 60 11 5 0 0.01 M M 10.7 28 160 M M 2 36 240
2 56 41 49 0 16 0 0.09 M M 14.3 32 300 M M 6 1 40 300
3 55 39 47 -2 18 0 0.01 M M 17.0 33 280 M M 2 45 280
4 59 30 45 -4 20 0 0.00 M M 3.8 10 260 M M 1 13 250
5 68 38 53 3 12 0 0.00 M M 11.4 20 130 M M 0 25 130
6 68 49 59 9 6 0 T M M 12.1 39 180 M M 5 8 52 180
7 51 39 45 -5 20 0 0.07 M M 10.3 32 290 M M 6 1 41 300
8 60 32 46 -4 19 0 0.00 M M 10.3 26 300 M M 3 34 290
9 54 29 42 -8 23 0 0.00 M M 5.9 15 300 M M 1 19 300
10 44 34 39 -11 26 0 0.16 M M 9.5 25 300 M M 7 1 33 300
11 52 31 42 -8 23 0 0.00 M M 8.6 17 270 M M 0 23 280
12 59 27 43 -8 22 0 0.00 M 0 5.1 14 120 M M M 17 130
13 65 38 52 1 13 0 0.00 0.0 0 7.0 18 120 M M M 25 120
14 66 30 48 -3 17 0 0.00 0.0 0 5.0 16 310 M M M 22 270
15 69 31 50 -1 15 0 0.00 M M 5.3 15 300 M M 0 18 300
16 68 32 50 -1 15 0 0.00 M M 7.3 21 320 M M 0 27 310
17 70 34 52 0 13 0 0.00 0.0 0 3.7 12 230 M M M 14 280
18 67 41 54 2 11 0 0.00 0.0 0 8.2 17 150 M M M 22 150
19 74 34 54 2 11 0 0.00 M M 5.0 13 110 M M 0 17 110
20 78 36 57 5 8 0 0.00 M M 4.4 13 120 M M 0 17 110
21 71 39 55 3 10 0 0.00 M M 11.1 25 300 M M 0 39 300
22 68 38 53 1 12 0 0.00 M M 8.2 20 290 M M 0 27 280
23 71 37 54 1 11 0 0.00 M M 4.0 13 140 M M 0 19 110
24 74 36 55 2 10 0 0.00 M M 6.0 13 120 M M 0 17 130
25 77 38 58 5 7 0 0.00 M M 4.2 13 300 M M 0 15 290
26 72 53 63 10 2 0 T M M 6.2 21 330 M M 6 3 29 330
27 69 50 60 6 5 0 T M M 11.3 31 300 M M 2 42 300
28 70 39 55 1 10 0 0.64 M M 7.0 31 120 M M 4 138 46 120
29 64 45 55 1 10 0 0.01 M M 5.3 16 290 M M 5 1 24 300
================================================================================
SM 1895 1084 390 0 0.99 0.0 228.2 M 50
================================================================================
AV 65.3 37.4 7.9 FASTST M M 2 MAX(MPH)
MISC ----> 39 180 52 180
================================================================================
NOTES:
# LAST OF SEVERAL OCCURRENCES
COLUMN 17 PEAK WIND IN M.P.H.
PRELIMINARY LOCAL CLIMATOLOGICAL DATA (WS FORM: F-6) , PAGE 2
STATION: SAFFORD AZ AIRPORT
MONTH: FEBRUARY
YEAR: 2024
LATITUDE: 32 50 N
LONGITUDE: 109 38 W
[TEMPERATURE DATA] [PRECIPITATION DATA] SYMBOLS USED IN COLUMN 16
AVERAGE MONTHLY: 51.4 TOTAL FOR MONTH: 0.99 1 = FOG OR MIST
DPTR FM NORMAL: 0.2 DPTR FM NORMAL: 0.37 2 = FOG REDUCING VISIBILITY
HIGHEST: 78 ON 20 GRTST 24HR 0.65 ON 28-29 TO 1/4 MILE OR LESS
LOWEST: 27 ON 12 3 = THUNDER
SNOW, ICE PELLETS, HAIL 4 = ICE PELLETS
TOTAL MONTH: 0.0 INCH 5 = HAIL
GRTST 24HR 0.0 6 = FREEZING RAIN OR DRIZZLE
GRTST DEPTH: 0 7 = DUSTSTORM OR SANDSTORM:
VSBY 1/2 MILE OR LESS
8 = SMOKE OR HAZE
[NO. OF DAYS WITH] [WEATHER - DAYS WITH] 9 = BLOWING SNOW
X = TORNADO
MAX 32 OR BELOW: 0 0.01 INCH OR MORE: 7
MAX 90 OR ABOVE: 0 0.10 INCH OR MORE: 2
MIN 32 OR BELOW: 8 0.50 INCH OR MORE: 1
MIN 0 OR BELOW: 0 1.00 INCH OR MORE: 0
[HDD (BASE 65) ]
TOTAL THIS MO. 390 CLEAR (SCALE 0-3) 16
DPTR FM NORMAL 3 PTCLDY (SCALE 4-7) 8
TOTAL FM JUL 1 1707 CLOUDY (SCALE 8-10) 5
DPTR FM NORMAL -162
[CDD (BASE 65) ]
TOTAL THIS MO. 0
DPTR FM NORMAL 0 [PRESSURE DATA]
TOTAL FM JAN 1 0 HIGHEST SLP M ON M
DPTR FM NORMAL 0 LOWEST SLP 29.60 ON 2
[REMARKS]
#FINAL-02-24#