000
CXUS55 KTWC 020553
CF6SAD
PRELIMINARY LOCAL CLIMATOLOGICAL DATA (WS FORM: F-6)
STATION: SAFFORD AZ AIRPORT
MONTH: JANUARY
YEAR: 2021
LATITUDE: 32 50 N
LONGITUDE: 109 38 W
TEMPERATURE IN F: :PCPN: SNOW: WIND :SUNSHINE: SKY :PK WND
================================================================================
1 2 3 4 5 6A 6B 7 8 9 10 11 12 13 14 15 16 17 18
12Z AVG MX 2MIN
DY MAX MIN AVG DEP HDD CDD WTR SNW DPTH SPD SPD DIR MIN PSBL S-S WX SPD DR
================================================================================
1 57 27 42 -3 23 0 0.00 M M 3.9 8 150 M M 0 12 170
2 57 23 40 -5 25 0 0.00 M M 4.6 13 270 M M 0 19 280
3 58 24 41 -4 24 0 0.00 M M 3.9 12 270 M M M 15 260
4 65 27 46 0 19 0 0.00 M M 5.3 13 150 M M M 15 140
5 68 29 49 3 16 0 0.00 M M 7.8 21 300 M M M 26 300
6 64 28 46 0 19 0 0.00 M M 4.9 13 160 M M M 16 180
7 63 29 46 0 19 0 0.00 M M 5.3 13 150 M M M 16 150
8 67 29 48 2 17 0 0.00 M M 3.7 10 150 M M M 14 150
9 64 27 46 0 19 0 0.00 M M 10.5 30 300 M M M 41 310
10 56 26 41 -5 24 0 0.00 M M 8.3 16 140 M M 0 22 160
11 53 30 42 -4 23 0 0.00 M M 8.5 16 160 M M 0 23 170
12 57 29 43 -3 22 0 0.00 M M 4.8 12 160 M M 0 16 140
13 59 19 39 -7 26 0 0.00 M M 3.0 10 310 M M 0 14 310
14 68 29 49 3 16 0 0.00 M M 6.0 13 300 M M 0 15 300
15 70 32 51 5 14 0 0.00 M M 4.7 14 290 M M 0 18 300
16 74 31 53 7 12 0 0.00 M M 8.3 29 280 M M 0 36 280
17 69 30 50 3 15 0 0.00 M M 3.3 10 40 M M 0 11 40
18 69 27 48 1 17 0 0.00 M M 5.4 13 300 M M M 15 290
19 66 48 57 10 8 0 0.00 M M 13.7 26 130 M M M 37 120
20 56 46 51 4 14 0 T M M 11.6 20 130 M M M 26 120
21 66 44 55 8 10 0 0.05 M M 5.5 15 140 M M M 18 140
22 65 40 53 6 12 0 0.00 M M 5.3 14 320 M M M 25 140
23 66 37 52 5 13 0 0.00 M M 4.3 12 330 M M M 14 330
24 56 35 46 -2 19 0 T M M 8.1 29 310 M M M 39 300
25 54 31 43 -5 22 0 0.21 T M 9.9 29 290 M M 7 1 37 280
26 44 32 38 -10 27 0 0.06 M M 6.7 22 310 M M 8 1 30 320
27 50 30 40 -8 25 0 0.00 M M 11.8 21 140 M M 0 27 150
28 59 38 49 1 16 0 0.00 M M 10.9 15 130 M M 0 21 120
29 72 41 57 9 8 0 0.17 M M 14.6 40 310 M M 1 1 55 300
30 57 33 45 -3 20 0 0.00 M M 5.7 13 290 M M 0 17 290
31 66 32 49 1 16 0 0.00 M M 9.1 16 140 M M 0 24 120
================================================================================
SM 1915 983 560 0 0.49 T 219.4 M 16
================================================================================
AV 61.8 31.7 7.1 FASTST M M 1 MAX(MPH)
MISC ----> 40 310 55 300
================================================================================
NOTES:
# LAST OF SEVERAL OCCURRENCES
COLUMN 17 PEAK WIND IN M.P.H.
PRELIMINARY LOCAL CLIMATOLOGICAL DATA (WS FORM: F-6) , PAGE 2
STATION: SAFFORD AZ AIRPORT
MONTH: JANUARY
YEAR: 2021
LATITUDE: 32 50 N
LONGITUDE: 109 38 W
[TEMPERATURE DATA] [PRECIPITATION DATA] SYMBOLS USED IN COLUMN 16
AVERAGE MONTHLY: 46.7 TOTAL FOR MONTH: 0.49 1 = FOG OR MIST
DPTR FM NORMAL: 0.0 DPTR FM NORMAL: -0.33 2 = FOG REDUCING VISIBILITY
HIGHEST: 74 ON 16 GRTST 24HR 1.12 ON 20-20 TO 1/4 MILE OR LESS
LOWEST: 19 ON 13 3 = THUNDER
SNOW, ICE PELLETS, HAIL 4 = ICE PELLETS
TOTAL MONTH: T 5 = HAIL
GRTST 24HR T ON 25-25 6 = FREEZING RAIN OR DRIZZLE
GRTST DEPTH: M ON M 7 = DUSTSTORM OR SANDSTORM:
VSBY 1/2 MILE OR LESS
8 = SMOKE OR HAZE
[NO. OF DAYS WITH] [WEATHER - DAYS WITH] 9 = BLOWING SNOW
X = TORNADO
MAX 32 OR BELOW: 0 0.01 INCH OR MORE: 4
MAX 90 OR ABOVE: 0 0.10 INCH OR MORE: 2
MIN 32 OR BELOW: 22 0.50 INCH OR MORE: 0
MIN 0 OR BELOW: 0 1.00 INCH OR MORE: 0
[HDD (BASE 65) ]
TOTAL THIS MO. 560 CLEAR (SCALE 0-3) 15
DPTR FM NORMAL -9 PTCLDY (SCALE 4-7) 2
TOTAL FM JUL 1 1400 CLOUDY (SCALE 8-10) 14
DPTR FM NORMAL -108
[CDD (BASE 65) ]
TOTAL THIS MO. 0
DPTR FM NORMAL 0 [PRESSURE DATA]
TOTAL FM JAN 1 0 HIGHEST SLP 30.40 ON 13
DPTR FM NORMAL 0 LOWEST SLP 29.64 ON 25
[REMARKS]
#FINAL-01-21#