000
CXUS52 KCHS 012027
CF6SAV
PRELIMINARY LOCAL CLIMATOLOGICAL DATA (WS FORM: F-6)
STATION: SAVANNAH GA
MONTH: FEBRUARY
YEAR: 2023
LATITUDE: 32 7 N
LONGITUDE: 81 12 W
TEMPERATURE IN F: :PCPN: SNOW: WIND :SUNSHINE: SKY :PK WND
================================================================================
1 2 3 4 5 6A 6B 7 8 9 10 11 12 13 14 15 16 17 18
12Z AVG MX 2MIN
DY MAX MIN AVG DEP HDD CDD WTR SNW DPTH SPD SPD DIR MIN PSBL S-S WX SPD DR
================================================================================
1 82 58 70 18 0 5 0.00 0.0 0 5.3 15 250 M M 7 12 20 240
2 73 52 63 11 2 0 T 0.0 0 5.8 22 310 M M 9 12 31 310
3 59 43 51 -1 14 0 0.19 0.0 0 8.4 16 300 M M 7 1 20 310
4 57 36 47 -5 18 0 0.00 0.0 0 8.7 16 80 M M 1 24 70
5 64 43 54 2 11 0 0.00 0.0 0 3.3 9 10 M M 7 1 13 10
6 69 45 57 5 8 0 0.00 0.0 0 5.0 13 330 M M 2 1 16 330
7 72 37 55 3 10 0 0.00 0.0 0 5.0 20 170 M M 4 1 24 170
8 78 46 62 9 3 0 0.00 0.0 0 4.4 15 90 M M 5 1 17 100
9 80 53 67 14 0 2 T 0.0 0 8.2 22 170 M M 5 27 180
10 73 64 69 16 0 4 0.34 0.0 0 5.6 13 220 M M 9 1 16 220
11 65 51 58 5 7 0 2.03 0.0 0 12.4 22 60 M M 10 1 30 60
12 58 46 52 -1 13 0 0.17 0.0 0 11.4 29 260 M M 7 18 39 260
13 69 40 55 1 10 0 0.00 0.0 0 7.9 16 260 M M 1 22 290
14 71 42 57 3 8 0 0.00 0.0 0 5.3 16 160 M M 3 19 150
15 79 47 63 9 2 0 0.00 0.0 0 6.6 17 170 M M 4 1 23 220
16 83 54 69 15 0 4 0.00 0.0 0 9.1 22 190 M M 4 1 27 170
17 80 47 64 10 1 0 0.01 0.0 0 13.5 28 280 M M 6 38 270
18 59 36 48 -7 17 0 0.00 0.0 0 8.2 20 310 M M 0 26 320
19 71 42 57 2 8 0 0.00 0.0 0 6.2 13 120 M M 6 1 16 110
20 77 50 64 9 1 0 0.00 0.0 0 7.9 18 270 M M 6 1 22 240
21 80 63 72 17 0 7 0.00 0.0 0 11.8 22 270 M M 6 8 28 260
22 84 64 74 19 0 9 0.00 0.0 0 10.3 21 180 M M 3 24 180
23 85 63 74 18 0 9 0.00 0.0 0 9.5 21 250 M M 3 8 26 270
24 86 66 76 20 0 11 0.00 0.0 0 7.0 17 270 M M 7 1 24 270
25 78 62 70 14 0 5 0.00 0.0 0 6.0 15 40 M M 7 19 30
26 83 64 74 18 0 9 0.00 0.0 0 6.7 21 280 M M 6 18 27 280
27 81 61 71 15 0 6 0.00 0.0 0 11.5 24 240 M M 4 32 260
28 86 68 77 20 0 12 0.00 0.0 0 10.5 24 250 M M 4 32 250
================================================================================
SM 2082 1443 133 83 2.74 0.0 221.5 M 143
================================================================================
AV 74.4 51.5 7.9 FASTST M M 5 MAX(MPH)
MISC ----> 29 260 39 260
================================================================================
NOTES:
# LAST OF SEVERAL OCCURRENCES
COLUMN 17 PEAK WIND IN M.P.H.
PRELIMINARY LOCAL CLIMATOLOGICAL DATA (WS FORM: F-6) , PAGE 2
STATION: SAVANNAH GA
MONTH: FEBRUARY
YEAR: 2023
LATITUDE: 32 7 N
LONGITUDE: 81 12 W
[TEMPERATURE DATA] [PRECIPITATION DATA] SYMBOLS USED IN COLUMN 16
AVERAGE MONTHLY: 62.9 TOTAL FOR MONTH: 2.74 1 = FOG OR MIST
DPTR FM NORMAL: 8.9 DPTR FM NORMAL: -0.06 2 = FOG REDUCING VISIBILITY
HIGHEST: 86 ON 28,24 GRTST 24HR 2.07 ON 11-12 TO 1/4 MILE OR LESS
LOWEST: 36 ON 18, 4 3 = THUNDER
SNOW, ICE PELLETS, HAIL 4 = ICE PELLETS
TOTAL MONTH: 0.0 INCH 5 = HAIL
GRTST 24HR 0.0 6 = FREEZING RAIN OR DRIZZLE
GRTST DEPTH: 0 7 = DUSTSTORM OR SANDSTORM:
VSBY 1/2 MILE OR LESS
8 = SMOKE OR HAZE
[NO. OF DAYS WITH] [WEATHER - DAYS WITH] 9 = BLOWING SNOW
X = TORNADO
MAX 32 OR BELOW: 0 0.01 INCH OR MORE: 5
MAX 90 OR ABOVE: 0 0.10 INCH OR MORE: 4
MIN 32 OR BELOW: 0 0.50 INCH OR MORE: 1
MIN 0 OR BELOW: 0 1.00 INCH OR MORE: 1
[HDD (BASE 65) ]
TOTAL THIS MO. 133 CLEAR (SCALE 0-3) 7
DPTR FM NORMAL -187 PTCLDY (SCALE 4-7) 18
TOTAL FM JUL 1 1022 CLOUDY (SCALE 8-10) 3
DPTR FM NORMAL -387
[CDD (BASE 65) ]
TOTAL THIS MO. 83
DPTR FM NORMAL 71 [PRESSURE DATA]
TOTAL FM JAN 1 91 HIGHEST SLP 30.59 ON 4
DPTR FM NORMAL 78 LOWEST SLP 29.75 ON 28
[REMARKS]
#FINAL-02-23#