000
CXUS53 KIWX 010810
CF6SBN
PRELIMINARY LOCAL CLIMATOLOGICAL DATA (WS FORM: F-6)
STATION: SOUTH BEND
MONTH: APRIL
YEAR: 2021
LATITUDE: 41 42 N
LONGITUDE: 86 19 W
TEMPERATURE IN F: :PCPN: SNOW: WIND :SUNSHINE: SKY :PK WND
================================================================================
1 2 3 4 5 6A 6B 7 8 9 10 11 12 13 14 15 16 17 18
12Z AVG MX 2MIN
DY MAX MIN AVG DEP HDD CDD WTR SNW DPTH SPD SPD DIR MIN PSBL S-S WX SPD DR
================================================================================
1 35 21 28 -16 37 0 0.13 0.5 T 12.2 28 350 M M 7 18 37 320
2 48 16 32 -12 33 0 0.00 0.0 0 4.8 14 200 M M 0 19 220
3 70 33 52 8 13 0 0.00 0.0 0 11.9 26 250 M M 1 40 260
4 74 42 58 13 7 0 0.00 0.0 0 6.5 15 150 M M 0 22 170
5 73 55 64 19 1 0 0.01 0.0 0 8.6 18 230 M M 3 23 230
6 80 55 68 22 0 3 0.00 0.0 0 9.2 22 200 M M 1 29 200
7 79 54 67 21 0 2 0.00 0.0 0 10.9 24 160 M M 2 30 160
8 70 51 61 15 4 0 0.61 0.0 0 12.2 24 150 M M 7 13 34 180
9 70 48 59 12 6 0 0.00 0.0 0 11.2 26 240 M M 8 36 210
10 68 43 56 9 9 0 0.39 0.0 0 6.8 31 210 M M 6 13 42 210
11 56 43 50 3 15 0 0.01 0.0 0 7.2 14 330 M M 7 18 17 340
12 64 41 53 5 12 0 0.01 0.0 0 8.5 22 280 M M 5 1 31 280
13 59 39 49 1 16 0 0.00 0.0 0 8.3 22 240 M M 1 31 210
14 51 35 43 -6 22 0 0.00 0.0 0 8.8 21 310 M M 3 29 320
15 49 35 42 -7 23 0 T 0.0 0 12.1 24 320 M M 7 1 33 310
16 51 32 42 -7 23 0 0.00 0.0 0 8.3 17 330 M M 3 27 320
17 57 31 44 -6 21 0 0.00 0.0 0 7.0 18 310 M M 2 12 24 310
18 62 30 46 -4 19 0 0.00 0.0 0 4.2 12 260 M M 3 17 250
19 55 39 47 -3 18 0 0.30 0.0 0 9.5 20 300 M M 7 1 26 300
20 40 31 36 -15 29 0 0.12 0.2 0 6.3 16 10 M M 10 1 24 340
21 46 27 37 -14 28 0 T T 0 7.9 22 310 M M 5 28 290
22 55 25 40 -12 25 0 0.00 0.0 0 8.3 21 300 M M 2 18 33 310
23 62 38 50 -2 15 0 0.00 0.0 0 9.5 21 250 M M 3 36 230
24 56 44 50 -2 15 0 0.17 0.0 0 4.1 13 120 M M 9 18 14 110
25 50 35 43 -10 22 0 0.00 0.0 0 11.6 23 330 M M 3 18 32 320
26 74 37 56 3 9 0 0.00 0.0 0 13.6 30 170 M M 1 40 160
27 85 57 71 18 0 6 0.00 0.0 0 14.5 26 200 M M 1 36 190
28 73 46 60 6 5 0 0.35 0.0 0 7.6 18 320 M M 7 18 26 210
29 58 46 52 -2 13 0 0.14 0.0 0 8.3 20 320 M M 7 1 27 320
30 54 35 45 -9 20 0 0.00 0.0 0 11.6 31 350 M M 1 1 42 330
================================================================================
SM 1824 1164 460 11 2.24 0.7 271.5 M 122
================================================================================
AV 60.8 38.8 9.1 FASTST M M 4 MAX(MPH)
MISC ----> # 31 210 # 42 210
================================================================================
NOTES:
# LAST OF SEVERAL OCCURRENCES
COLUMN 17 PEAK WIND IN M.P.H.
PRELIMINARY LOCAL CLIMATOLOGICAL DATA (WS FORM: F-6) , PAGE 2
STATION: SOUTH BEND
MONTH: APRIL
YEAR: 2021
LATITUDE: 41 42 N
LONGITUDE: 86 19 W
[TEMPERATURE DATA] [PRECIPITATION DATA] SYMBOLS USED IN COLUMN 16
AVERAGE MONTHLY: 49.8 TOTAL FOR MONTH: 2.24 1 = FOG OR MIST
DPTR FM NORMAL: 0.8 DPTR FM NORMAL: -0.99 2 = FOG REDUCING VISIBILITY
HIGHEST: 85 ON 27 GRTST 24HR 0.61 ON 8- 8 TO 1/4 MILE OR LESS
LOWEST: 16 ON 2 3 = THUNDER
SNOW, ICE PELLETS, HAIL 4 = ICE PELLETS
TOTAL MONTH: 0.7 INCH 5 = HAIL
GRTST 24HR 0.5 ON 1- 1 6 = FREEZING RAIN OR DRIZZLE
GRTST DEPTH: T 7 = DUSTSTORM OR SANDSTORM:
VSBY 1/2 MILE OR LESS
8 = SMOKE OR HAZE
[NO. OF DAYS WITH] [WEATHER - DAYS WITH] 9 = BLOWING SNOW
X = TORNADO
MAX 32 OR BELOW: 0 0.01 INCH OR MORE: 11
MAX 90 OR ABOVE: 0 0.10 INCH OR MORE: 8
MIN 32 OR BELOW: 8 0.50 INCH OR MORE: 1
MIN 0 OR BELOW: 0 1.00 INCH OR MORE: 0
[HDD (BASE 65) ]
TOTAL THIS MO. 460 CLEAR (SCALE 0-3) 13
DPTR FM NORMAL -27 PTCLDY (SCALE 4-7) 14
TOTAL FM JUL 1 5526 CLOUDY (SCALE 8-10) 3
DPTR FM NORMAL -507
[CDD (BASE 65) ]
TOTAL THIS MO. 11
DPTR FM NORMAL 2 [PRESSURE DATA]
TOTAL FM JAN 1 11 HIGHEST SLP 30.61 ON 2
DPTR FM NORMAL 1 LOWEST SLP 29.33 ON 11
[REMARKS]
#FINAL-04-21#