000
CXUS53 KIWX 010800
CF6SBN
PRELIMINARY LOCAL CLIMATOLOGICAL DATA (WS FORM: F-6)
STATION: SOUTH BEND
MONTH: MAY
YEAR: 2020
LATITUDE: 41 42 N
LONGITUDE: 86 19 W
TEMPERATURE IN F: :PCPN: SNOW: WIND :SUNSHINE: SKY :PK WND
================================================================================
1 2 3 4 5 6A 6B 7 8 9 10 11 12 13 14 15 16 17 18
12Z AVG MX 2MIN
DY MAX MIN AVG DEP HDD CDD WTR SNW DPTH SPD SPD DIR MIN PSBL S-S WX SPD DR
================================================================================
1 65 35 50 -5 15 0 T 0.0 0 6.5 13 310 M M 1 19 280
2 78 56 67 12 0 2 0.00 0.0 0 11.5 23 220 M M 3 33 210
3 70 50 60 5 5 0 0.00 0.0 0 8.7 18 350 M M 2 24 330
4 60 39 50 -6 15 0 0.00 0.0 0 8.6 16 350 M M 0 21 360
5 51 41 46 -10 19 0 0.01 0.0 0 9.2 22 110 M M 9 29 130
6 57 34 46 -10 19 0 0.00 0.0 0 8.2 22 340 M M 1 37 340
7 62 39 51 -5 14 0 0.00 0.0 0 9.1 22 310 M M 0 30 340
8 46 27 37 -20 28 0 0.00 0.0 0 15.8 30 350 M M 1 42 320
9 55 25 40 -17 25 0 0.00 0.0 0 9.9 23 290 M M 0 35 300
10 59 36 48 -9 17 0 0.23 T 0 14.3 31 250 M M 8 1 42 240
11 48 35 42 -16 23 0 T T 0 9.4 21 300 M M 7 28 310
12 60 34 47 -11 18 0 0.00 0.0 0 9.3 23 310 M M 0 32 260
13 68 39 54 -4 11 0 0.00 0.0 0 11.8 21 140 M M 3 34 140
14 67 52 60 1 5 0 0.89 0.0 0 8.9 20 180 M M 9 13 28 160
15 72 54 63 4 2 0 0.82 0.0 0 7.5 18 210 M M 6 13 26 210
16 75 50 63 4 2 0 0.00 0.0 0 5.7 20 110 M M 1 27 110
17 65 56 61 1 4 0 1.00 0.0 0 15.0 23 110 M M 10 1 32 110
18 69 60 65 5 0 0 0.15 0.0 0 4.6 21 120 M M 7 1 29 130
19 65 58 62 2 3 0 0.07 0.0 0 12.0 26 110 M M 9 18 37 110
20 65 54 60 0 5 0 0.00 0.0 0 13.4 21 120 M M 8 29 120
21 73 54 64 3 1 0 0.00 0.0 0 10.2 22 120 M M 9 33 130
22 69 55 62 1 3 0 0.01 0.0 0 3.2 12 30 M M 9 1 14 30
23 80 53 67 6 0 2 0.71 0.0 0 9.2 30 280 M M 1 123 56 240
24 89 63 76 14 0 11 0.09 0.0 0 5.6 15 200 M M 3 1 21 200
25 87 68 78 16 0 13 0.00 0.0 0 7.8 16 190 M M 1 23 220
26 90 65 78 16 0 13 0.00 0.0 0 6.6 22 180 M M 1 3 28 180
27 86 67 77 14 0 12 0.07 0.0 0 4.1 24 120 M M 3 13 31 110
28 76 65 71 8 0 6 0.52 0.0 0 7.6 18 240 M M 9 13 31 210
29 74 56 65 2 0 0 0.01 0.0 0 9.1 20 350 M M 7 1 26 350
30 68 50 59 -5 6 0 0.00 0.0 0 9.1 20 360 M M 1 27 350
31 66 46 56 -8 9 0 0.00 0.0 0 5.9 16 310 M M 0 23 300
================================================================================
SM 2115 1516 249 59 4.58 T 277.8 M 129
================================================================================
AV 68.2 48.9 9.0 FASTST M M 4 MAX(MPH)
MISC ----> # 31 250 # 56 240
================================================================================
NOTES:
# LAST OF SEVERAL OCCURRENCES
COLUMN 17 PEAK WIND IN M.P.H.
PRELIMINARY LOCAL CLIMATOLOGICAL DATA (WS FORM: F-6) , PAGE 2
STATION: SOUTH BEND
MONTH: MAY
YEAR: 2020
LATITUDE: 41 42 N
LONGITUDE: 86 19 W
[TEMPERATURE DATA] [PRECIPITATION DATA] SYMBOLS USED IN COLUMN 16
AVERAGE MONTHLY: 58.6 TOTAL FOR MONTH: 4.58 1 = FOG OR MIST
DPTR FM NORMAL: -0.7 DPTR FM NORMAL: 0.75 2 = FOG REDUCING VISIBILITY
HIGHEST: 90 ON 26 GRTST 24HR 1.00 ON 17-17 TO 1/4 MILE OR LESS
LOWEST: 25 ON 9 3 = THUNDER
SNOW, ICE PELLETS, HAIL 4 = ICE PELLETS
TOTAL MONTH: T 5 = HAIL
GRTST 24HR T ON 11-11 6 = FREEZING RAIN OR DRIZZLE
GRTST DEPTH: 0 7 = DUSTSTORM OR SANDSTORM:
VSBY 1/2 MILE OR LESS
8 = SMOKE OR HAZE
[NO. OF DAYS WITH] [WEATHER - DAYS WITH] 9 = BLOWING SNOW
X = TORNADO
MAX 32 OR BELOW: 0 0.01 INCH OR MORE: 13
MAX 90 OR ABOVE: 1 0.10 INCH OR MORE: 7
MIN 32 OR BELOW: 2 0.50 INCH OR MORE: 5
MIN 0 OR BELOW: 0 1.00 INCH OR MORE: 1
[HDD (BASE 65) ]
TOTAL THIS MO. 249 CLEAR (SCALE 0-3) 17
DPTR FM NORMAL 26 PTCLDY (SCALE 4-7) 7
TOTAL FM JUL 1 5797 CLOUDY (SCALE 8-10) 7
DPTR FM NORMAL -457
[CDD (BASE 65) ]
TOTAL THIS MO. 59
DPTR FM NORMAL 13 [PRESSURE DATA]
TOTAL FM JAN 1 61 HIGHEST SLP 30.39 ON 31
DPTR FM NORMAL 5 LOWEST SLP 29.68 ON 18
[REMARKS]
#FINAL-05-20#