000
CXUS56 KLOX 011156
CF6SBP
PRELIMINARY LOCAL CLIMATOLOGICAL DATA (WS FORM: F-6)
STATION: SAN LUIS OBISPO AIRPORT CA
MONTH: MARCH
YEAR: 2024
LATITUDE: 35 13 N
LONGITUDE: 120 38 W
TEMPERATURE IN F: :PCPN: SNOW: WIND :SUNSHINE: SKY :PK WND
================================================================================
1 2 3 4 5 6A 6B 7 8 9 10 11 12 13 14 15 16 17 18
12Z AVG MX 2MIN
DY MAX MIN AVG DEP HDD CDD WTR SNW DPTH SPD SPD DIR MIN PSBL S-S WX SPD DR
================================================================================
1 64 55 60 5 5 0 0.53 M M 10.5 20 200 M M 10 18 33 210
2 63 53 58 3 7 0 0.52 M M 9.2 22 190 M M 8 18 32 190
3 62 50 56 1 9 0 0.01 M M 5.8 17 320 M M 8 1 24 290
4 64 45 55 0 10 0 0.00 M M 6.2 18 300 M M 2 32 310
5 68 44 56 1 9 0 0.04 M M 4.6 17 320 M M 2 22 260
6 62 51 57 2 8 0 0.42 M M 5.1 17 250 M M 9 1 22 260
7 62 48 55 0 10 0 0.00 M M 7.3 21 300 M M 5 26 310
8 75 50 63 8 2 0 T M M 5.8 23 320 M M 0 27 320
9 69 47 58 3 7 0 0.00 M M 5.5 20 300 M M 2 8 28 310
10 64 49 57 2 8 0 0.00 M M 4.2 18 310 M M 6 23 300
11 65 45 55 0 10 0 T M M 6.0 17 310 M M 5 8 25 350
12 68 47 58 3 7 0 0.00 M M 5.8 18 320 M M 6 24 320
13 68 52 60 4 5 0 0.00 M M 11.2 24 310 M M 1 32 310
14 75 48 62 6 3 0 0.00 M M 6.8 20 100 M M 0 28 50
15 75 42 59 3 6 0 0.00 M M 3.5 15 220 M M 0 19 220
16 70 43 57 1 8 0 0.00 M M 4.1 13 320 M M 0 17 320
17 73 45 59 3 6 0 0.00 M M 6.7 22 310 M M 0 28 29 310
18 82 46 64 8 1 0 0.00 M M 5.6 26 320 M M 3 128 31 330
19 77 47 62 6 3 0 0.00 M M 4.9 21 310 M M 1 128 27 320
20 79 48 64 8 1 0 0.00 M M 8.5 23 330 M M 1 32 310
21 70 45 58 2 7 0 0.00 M M 8.1 24 310 M M 0 30 310
22 70 53 62 6 3 0 0.02 M M 5.6 15 240 M M 3 19 240
23 64 48 56 0 9 0 0.29 M M 5.0 22 300 M M 7 1 34 280
24 63 48 56 0 9 0 0.01 M M 10.3 29 310 M M 7 38 310
25 64 45 55 -1 10 0 0.00 M M 8.4 24 310 M M 2 30 300
26 66 44 55 -1 10 0 0.00 M M 9.9 22 320 M M 0 30 300
27 67 46 57 1 8 0 0.00 M M 5.4 16 330 M M 4 128 21 310
28 68 49 59 3 6 0 0.03 M M 8.0 23 320 M M 6 18 29 320
29 63 45 54 -2 11 0 1.49 M M 9.6 24 170 M M 8 1 34 170
30 62 50 56 0 9 0 0.14 M M 8.6 20 170 M M 9 29 170
31 68 47 58 2 7 0 T M M 7.3 21 320 M M 6 8 28 310
================================================================================
SM 2110 1475 214 0 3.50 M 213.5 M 121
================================================================================
AV 68.1 47.6 6.9 FASTST M M 4 MAX(MPH)
MISC ----> 29 310 38 310
================================================================================
NOTES:
# LAST OF SEVERAL OCCURRENCES
COLUMN 17 PEAK WIND IN M.P.H.
PRELIMINARY LOCAL CLIMATOLOGICAL DATA (WS FORM: F-6) , PAGE 2
STATION: SAN LUIS OBISPO AIRPORT CA
MONTH: MARCH
YEAR: 2024
LATITUDE: 35 13 N
LONGITUDE: 120 38 W
[TEMPERATURE DATA] [PRECIPITATION DATA] SYMBOLS USED IN COLUMN 16
AVERAGE MONTHLY: 57.8 TOTAL FOR MONTH: 3.50 1 = FOG OR MIST
DPTR FM NORMAL: 2.2 DPTR FM NORMAL: 0.33 2 = FOG REDUCING VISIBILITY
HIGHEST: 82 ON 18 GRTST 24HR 1.49 ON 29-29 TO 1/4 MILE OR LESS
LOWEST: 42 ON 15 3 = THUNDER
SNOW, ICE PELLETS, HAIL 4 = ICE PELLETS
TOTAL MONTH: M 5 = HAIL
GRTST 24HR M ON M 6 = FREEZING RAIN OR DRIZZLE
GRTST DEPTH: M ON M 7 = DUSTSTORM OR SANDSTORM:
VSBY 1/2 MILE OR LESS
8 = SMOKE OR HAZE
[NO. OF DAYS WITH] [WEATHER - DAYS WITH] 9 = BLOWING SNOW
X = TORNADO
MAX 32 OR BELOW: 0 0.01 INCH OR MORE: 11
MAX 90 OR ABOVE: 0 0.10 INCH OR MORE: 6
MIN 32 OR BELOW: 0 0.50 INCH OR MORE: 3
MIN 0 OR BELOW: 0 1.00 INCH OR MORE: 1
[HDD (BASE 65) ]
TOTAL THIS MO. 214 CLEAR (SCALE 0-3) 15
DPTR FM NORMAL -81 PTCLDY (SCALE 4-7) 11
TOTAL FM JUL 1 932 CLOUDY (SCALE 8-10) 5
DPTR FM NORMAL -846
[CDD (BASE 65) ]
TOTAL THIS MO. 0
DPTR FM NORMAL -4 [PRESSURE DATA]
TOTAL FM JAN 1 5 HIGHEST SLP 30.21 ON 12
DPTR FM NORMAL -1 LOWEST SLP 29.60 ON 30
[REMARKS]
#FINAL-03-24#