000
CXUS56 KLOX 020845
CF6SDB
PRELIMINARY LOCAL CLIMATOLOGICAL DATA (WS FORM: F-6)
STATION: SANDBERG CA
MONTH: NOVEMBER
YEAR: 2022
LATITUDE: 34 45 N
LONGITUDE: 118 44 W
TEMPERATURE IN F: :PCPN: SNOW: WIND :SUNSHINE: SKY :PK WND
================================================================================
1 2 3 4 5 6A 6B 7 8 9 10 11 12 13 14 15 16 17 18
12Z AVG MX 2MIN
DY MAX MIN AVG DEP HDD CDD WTR SNW DPTH SPD SPD DIR MIN PSBL S-S WX SPD DR
================================================================================
1 60 38 49 -8 16 0 0.05 M M 15.1 26 190 M M 1 12 38 190
2 45 33 39 -18 26 0 0.11 M M 17.3 30 310 M M 4 12 39 310
3 36 31 34 -22 31 0 0.07 M M 14.7 51 330 M M 5 12 70 320
4 55 35 45 -11 20 0 0.00 M M 12.6 33 320 M M 0 45 320
5 59 44 52 -4 13 0 0.00 M M 15.0 37 330 M M 0 M M
6 62 43 53 -2 12 0 0.00 M M 13.8 23 320 M M 1 12 29 180
7 49 40 45 -10 20 0 0.17 M M 17.9 32 190 M M 7 2 54 170
8 45 34 40 -15 25 0 1.07 M M 19.8 45 190 M M 10 12 72 170
9 44 32 38 -16 27 0 T M M 10.3 36 320 M M 3 1 51 340
10 49 33 41 -13 24 0 0.00 M M 9.9 17 60 M M 0 24 60
11 50 39 45 -9 20 0 0.00 M M 17.3 22 60 M M 0 32 60
12 57 37 47 -6 18 0 0.00 M M 9.0 15 330 M M 0 18 M M
13 44 34 39 -14 26 0 0.02 M M 15.4 23 340 M M 2 12 36 340
14 54 41 48 -5 17 0 0.00 M M 11.1 18 70 M M 0 26 70
15 50 38 44 -8 21 0 0.00 M M 21.1 33 70 M M 0 56 60
16 51 33 42 -10 23 0 0.00 M M 21.7 35 60 M M 0 56 70
17 56 41 49 -2 16 0 0.00 M M 16.1 23 60 M M 0 35 60
18 58 42 50 -1 15 0 0.00 M M 14.6 24 70 M M 0 46 70
19 49 35 42 -9 23 0 0.00 M M 29.2 38 70 M M 0 61 70
20 55 40 48 -2 17 0 0.00 M M 17.8 26 70 M M 0 40 70
21 55 43 49 -1 16 0 0.00 M M 14.9 21 60 M M 0 31 60
22 57 43 50 0 15 0 0.00 M M 13.5 20 50 M M 0 29 50
23 62 44 53 4 12 0 0.00 M M 11.9 24 60 M M 0 33 60
24 56 41 49 0 16 0 0.00 M M 23.4 39 70 M M 0 65 70
25 59 42 51 3 14 0 0.00 M M 13.8 28 60 M M 0 40 70
26 64 46 55 7 10 0 0.00 M M 13.4 30 320 M M 0 36 340
27 62 46 54 6 11 0 0.00 M M 8.1 15 60 M M 0 M M
28 53 38 46 -1 19 0 0.00 M M 14.0 30 310 M M 0 45 340
29 51 32 42 -5 23 0 0.00 M M 12.7 29 330 M M 1 1 40 330
30 51 38 45 -2 20 0 0.00 M M 11.3 22 190 M M 2 12 32 190
================================================================================
SM 1598 1156 566 0 1.49 M 456.6 M 36
================================================================================
AV 53.3 38.5 15.2 FASTST M M 1 MAX(MPH)
MISC ----> 51 330 72 170
================================================================================
NOTES:
# LAST OF SEVERAL OCCURRENCES
COLUMN 17 PEAK WIND IN M.P.H.
PRELIMINARY LOCAL CLIMATOLOGICAL DATA (WS FORM: F-6) , PAGE 2
STATION: SANDBERG CA
MONTH: NOVEMBER
YEAR: 2022
LATITUDE: 34 45 N
LONGITUDE: 118 44 W
[TEMPERATURE DATA] [PRECIPITATION DATA] SYMBOLS USED IN COLUMN 16
AVERAGE MONTHLY: 45.9 TOTAL FOR MONTH: 1.49 1 = FOG OR MIST
DPTR FM NORMAL: -6.0 DPTR FM NORMAL: 0.71 2 = FOG REDUCING VISIBILITY
HIGHEST: 64 ON 26 GRTST 24HR 1.07 ON 8- 8 TO 1/4 MILE OR LESS
LOWEST: 31 ON 3 3 = THUNDER
SNOW, ICE PELLETS, HAIL 4 = ICE PELLETS
TOTAL MONTH: M 5 = HAIL
GRTST 24HR M ON M 6 = FREEZING RAIN OR DRIZZLE
GRTST DEPTH: M ON M 7 = DUSTSTORM OR SANDSTORM:
VSBY 1/2 MILE OR LESS
8 = SMOKE OR HAZE
[NO. OF DAYS WITH] [WEATHER - DAYS WITH] 9 = BLOWING SNOW
X = TORNADO
MAX 32 OR BELOW: 0 0.01 INCH OR MORE: 6
MAX 90 OR ABOVE: 0 0.10 INCH OR MORE: 3
MIN 32 OR BELOW: 3 0.50 INCH OR MORE: 1
MIN 0 OR BELOW: 0 1.00 INCH OR MORE: 1
[HDD (BASE 65) ]
TOTAL THIS MO. 566 CLEAR (SCALE 0-3) 26
DPTR FM NORMAL 164 PTCLDY (SCALE 4-7) 3
TOTAL FM JUL 1 713 CLOUDY (SCALE 8-10) 1
DPTR FM NORMAL 96
[CDD (BASE 65) ]
TOTAL THIS MO. 0
DPTR FM NORMAL -10 [PRESSURE DATA]
TOTAL FM JAN 1 1568 HIGHEST SLP M ON M
DPTR FM NORMAL 272 LOWEST SLP M ON M
[REMARKS]
#FINAL-11-22#