000
CXUS56 KLOX 011630
CLMSDB
CLIMATE REPORT
NATIONAL WEATHER SERVICE LOS ANGELES/OXNARD
930 AM PDT FRI SEP 01 2023
...................................
...THE SANDBERG CA CLIMATE SUMMARY FOR THE MONTH OF AUGUST 2023...
CLIMATE NORMAL PERIOD: 1991 TO 2020
CLIMATE RECORD PERIOD: 1934 TO 2023
WEATHER OBSERVED NORMAL DEPART LAST YEAR`S
VALUE DATE(S) VALUE FROM VALUE
NORMAL
..............................................................
TEMPERATURE (F)
HIGHEST 95 08/15
08/16
LOWEST 53 08/21
AVG. MAXIMUM 84.5 88.3 -3.8
AVG. MINIMUM 64.6 65.3 -0.7
MEAN 74.6 76.8 -2.2
DAYS MAX >= 90 7
DAYS MAX <= 32 0
DAYS MIN <= 32 0
DAYS MIN <= 0 0
PRECIPITATION (INCHES)
TOTALS 4.92 0.06 4.86
DAILY AVG. 0.16
DAYS >= .01 4
DAYS >= .10 2
DAYS >= .50 1
DAYS >= 1.00 1
GREATEST
24 HR. TOTAL 4.82 08/20 TO 08/21
DEGREE DAYS
HEATING TOTAL 8 3 5 0
SINCE 7/1 8 4 4 MM
COOLING TOTAL 312 369 -57 457
SINCE 1/1 948 965 -17 MM
..............................................................
WIND (MPH)
AVERAGE WIND SPEED 11.9
HIGHEST WIND SPEED/DIRECTION 36/070 DATE 08/20
HIGHEST GUST SPEED/DIRECTION 58/170 DATE 08/21
SKY COVER
POSSIBLE SUNSHINE (PERCENT) MM
AVERAGE SKY COVER 0.10
NUMBER OF DAYS FAIR 28
NUMBER OF DAYS PC 2
NUMBER OF DAYS CLOUDY 1
AVERAGE RH (PERCENT) 40
WEATHER CONDITIONS. NUMBER OF DAYS WITH
THUNDERSTORM 0 MIXED PRECIP 0
HEAVY RAIN 2 RAIN 2
LIGHT RAIN 5 FREEZING RAIN 0
LT FREEZING RAIN 0 HAIL 0
HEAVY SNOW 0 SNOW 0
LIGHT SNOW 0 SLEET 0
FOG 2 FOG W/VIS <= 1/4 MILE 2
HAZE 0
- INDICATES NEGATIVE NUMBERS.
R INDICATES RECORD WAS SET OR TIED.
MM INDICATES DATA IS MISSING.
T INDICATES TRACE AMOUNT.
$$