000
CXUS53 KLMK 010710
CF6SDF
PRELIMINARY LOCAL CLIMATOLOGICAL DATA (WS FORM: F-6)
STATION: LOUISVILLE KY
MONTH: JULY
YEAR: 2022
LATITUDE: 38 10 N
LONGITUDE: 85 44 W
TEMPERATURE IN F: :PCPN: SNOW: WIND :SUNSHINE: SKY :PK WND
================================================================================
1 2 3 4 5 6A 6B 7 8 9 10 11 12 13 14 15 16 17 18
12Z AVG MX 2MIN
DY MAX MIN AVG DEP HDD CDD WTR SNW DPTH SPD SPD DIR MIN PSBL S-S WX SPD DR
================================================================================
1 96 79 88 9 0 23 0.00 0.0 0 8.8 16 200 M M 5 23 190
2 92 77 85 6 0 20 T 0.0 0 6.2 14 360 M M 7 22 350
3 88 70 79 -1 0 14 0.06 0.0 0 6.2 22 10 M M 6 1 30 350
4 97 71 84 4 0 19 0.00 0.0 0 4.3 12 150 M M 5 8 14 140
5 101 80 91 11 0 26 0.00 0.0 0 6.9 15 260 M M 4 22 270
6 99 76 88 8 0 23 0.14 0.0 0 8.0 35 270 M M 6 38 46 260
7 92 76 84 4 0 19 T 0.0 0 5.5 24 350 M M 10 138 32 350
8 82 74 78 -2 0 13 0.43 0.0 0 5.7 20 10 M M 9 138 23 10
9 78 72 75 -5 0 10 0.13 0.0 0 6.7 18 50 M M 9 1 26 60
10 90 65 78 -2 0 13 0.00 0.0 0 7.4 15 360 M M 2 22 10
11 92 70 81 1 0 16 0.00 0.0 0 5.5 14 200 M M 2 20 200
12 93 75 84 4 0 19 0.00 0.0 0 8.4 18 280 M M 5 8 26 290
13 91 68 80 0 0 15 0.00 0.0 0 5.4 14 320 M M 4 19 310
14 92 70 81 1 0 16 0.00 0.0 0 6.1 17 350 M M 3 33 330
15 90 70 80 0 0 15 T 0.0 0 4.1 10 70 M M 7 8 14 360
16 96 75 86 6 0 21 T 0.0 0 8.7 21 250 M M 7 27 210
17 84 75 80 0 0 15 0.40 0.0 0 8.4 23 250 M M 9 13 33 250
18 89 72 81 1 0 16 0.81 0.0 0 6.2 12 270 M M 8 13 17 250
19 92 72 82 2 0 17 0.00 0.0 0 4.7 10 200 M M 3 16 150
20 96 78 87 7 0 22 0.00 0.0 0 10.2 18 260 M M 4 26 190
21 93 76 85 5 0 20 0.00 0.0 0 7.6 16 290 M M 4 24 290
22 97 73 85 5 0 20 0.00 0.0 0 5.8 16 270 M M 3 8 22 220
23 98 75 87 7 0 22 0.00 0.0 0 6.6 15 10 M M 5 8 20 250
24 94 80 87 7 0 22 0.17 0.0 0 10.5 18 200 M M 6 13 27 220
25 87 75 81 1 0 16 0.29 0.0 0 8.7 22 250 M M 9 13 28 270
26 81 71 76 -4 0 11 1.24 0.0 0 5.8 16 340 M M 9 13 20 340
27 90 75 83 3 0 18 0.03 0.0 0 7.3 16 280 M M 8 21 280
28 92 72 82 2 0 17 0.28 0.0 0 8.1 25 270 M M 9 13 37 260
29 86 71 79 -1 0 14 0.00 0.0 0 7.2 17 320 M M 8 25 300
30 84 67 76 -4 0 11 0.00 0.0 0 4.2 10 50 M M 8 13 50
31 81 68 75 -5 0 10 1.73 0.0 0 4.3 10 80 M M 10 18 14 70
================================================================================
SM 2813 2268 0 533 5.71 0.0 209.5 M 194
================================================================================
AV 90.7 73.2 6.8 FASTST M M 6 MAX(MPH)
MISC ----> 35 270 46 260
================================================================================
NOTES:
# LAST OF SEVERAL OCCURRENCES
COLUMN 17 PEAK WIND IN M.P.H.
PRELIMINARY LOCAL CLIMATOLOGICAL DATA (WS FORM: F-6) , PAGE 2
STATION: LOUISVILLE KY
MONTH: JULY
YEAR: 2022
LATITUDE: 38 10 N
LONGITUDE: 85 44 W
[TEMPERATURE DATA] [PRECIPITATION DATA] SYMBOLS USED IN COLUMN 16
AVERAGE MONTHLY: 82.0 TOTAL FOR MONTH: 5.71 1 = FOG OR MIST
DPTR FM NORMAL: 2.1 DPTR FM NORMAL: 1.66 2 = FOG REDUCING VISIBILITY
HIGHEST: 101 ON 5 GRTST 24HR 1.73 ON 31-31 TO 1/4 MILE OR LESS
LOWEST: 65 ON 10 3 = THUNDER
SNOW, ICE PELLETS, HAIL 4 = ICE PELLETS
TOTAL MONTH: 0.0 INCH 5 = HAIL
GRTST 24HR 0.0 6 = FREEZING RAIN OR DRIZZLE
GRTST DEPTH: 0 7 = DUSTSTORM OR SANDSTORM:
VSBY 1/2 MILE OR LESS
8 = SMOKE OR HAZE
[NO. OF DAYS WITH] [WEATHER - DAYS WITH] 9 = BLOWING SNOW
X = TORNADO
MAX 32 OR BELOW: 0 0.01 INCH OR MORE: 12
MAX 90 OR ABOVE: 21 0.10 INCH OR MORE: 10
MIN 32 OR BELOW: 0 0.50 INCH OR MORE: 3
MIN 0 OR BELOW: 0 1.00 INCH OR MORE: 2
[HDD (BASE 65) ]
TOTAL THIS MO. 0 CLEAR (SCALE 0-3) 4
DPTR FM NORMAL 0 PTCLDY (SCALE 4-7) 18
TOTAL FM JUL 1 0 CLOUDY (SCALE 8-10) 9
DPTR FM NORMAL 0
[CDD (BASE 65) ]
TOTAL THIS MO. 533
DPTR FM NORMAL 71 [PRESSURE DATA]
TOTAL FM JAN 1 1188 HIGHEST SLP M ON M
DPTR FM NORMAL 167 LOWEST SLP 29.66 ON 20
[REMARKS]
#FINAL-07-22#