000
CXUS53 KLMK 010710
CF6SDF
PRELIMINARY LOCAL CLIMATOLOGICAL DATA (WS FORM: F-6)
STATION: LOUISVILLE KY
MONTH: MAY
YEAR: 2022
LATITUDE: 38 10 N
LONGITUDE: 85 44 W
TEMPERATURE IN F: :PCPN: SNOW: WIND :SUNSHINE: SKY :PK WND
================================================================================
1 2 3 4 5 6A 6B 7 8 9 10 11 12 13 14 15 16 17 18
12Z AVG MX 2MIN
DY MAX MIN AVG DEP HDD CDD WTR SNW DPTH SPD SPD DIR MIN PSBL S-S WX SPD DR
================================================================================
1 80 61 71 7 0 6 0.01 0.0 0 13.7 26 260 M M 4 3 37 260
2 77 54 66 2 0 1 T 0.0 0 3.9 14 210 M M 6 18 210
3 83 63 73 8 0 8 0.35 0.0 0 15.0 29 250 M M 8 13 38 220
4 64 57 61 -4 4 0 0.00 0.0 0 8.2 17 280 M M 9 22 290
5 70 55 63 -2 2 0 0.21 0.0 0 6.6 14 130 M M 9 1 18 100
6 75 57 66 0 0 1 0.18 0.0 0 8.0 20 270 M M 9 13 27 280
7 64 53 59 -7 6 0 0.03 0.0 0 10.3 18 30 M M 10 1 28 360
8 73 52 63 -3 2 0 0.00 0.0 0 7.7 17 120 M M 5 26 110
9 82 55 69 3 0 4 0.00 0.0 0 9.8 18 150 M M 5 26 140
10 86 63 75 8 0 10 0.00 0.0 0 8.6 16 160 M M 5 28 160
11 90 70 80 13 0 15 0.00 0.0 0 4.6 13 60 M M 8 17 60
12 89 62 76 9 0 11 0.00 0.0 0 6.1 16 120 M M 6 22 90
13 87 66 77 10 0 12 0.00 0.0 0 5.2 13 120 M M 6 18 130
14 86 65 76 8 0 11 0.10 0.0 0 7.0 21 330 M M 6 3 31 330
15 87 62 75 7 0 10 0.06 0.0 0 4.3 26 290 M M 7 3 34 290
16 80 62 71 3 0 6 0.13 0.0 0 9.6 22 270 M M 5 13 29 270
17 85 61 73 5 0 8 0.00 0.0 0 6.7 18 260 M M 3 26 280
18 80 65 73 4 0 8 0.44 0.0 0 6.4 22 280 M M 8 13 28 280
19 84 63 74 5 0 9 0.03 0.0 0 6.8 20 160 M M 6 13 26 170
20 91 76 84 15 0 19 0.00 0.0 0 15.3 28 180 M M 5 38 190
21 91 68 80 10 0 15 0.24 0.0 0 12.3 35 290 M M 7 13 47 290
22 71 63 67 -3 0 2 0.07 0.0 0 8.5 18 320 M M 10 18 22 320
23 66 56 61 -9 4 0 0.00 0.0 0 10.3 16 30 M M 10 22 50
24 74 56 65 -5 0 0 T 0.0 0 8.6 17 100 M M 8 24 120
25 87 64 76 5 0 11 0.73 0.0 0 12.8 31 150 M M 8 13 42 160
26 74 64 69 -2 0 4 0.56 0.0 0 11.0 23 250 M M 9 13 30 270
27 74 61 68 -3 0 3 0.09 0.0 0 11.3 23 290 M M 8 1 29 290
28 76 56 66 -6 0 1 0.00 0.0 0 6.1 15 270 M M 5 24 270
29 84 58 71 -1 0 6 0.00 0.0 0 8.1 17 140 M M 6 24 150
30 90 67 79 7 0 14 0.00 0.0 0 10.1 23 170 M M 3 30 170
31 90 70 80 8 0 15 0.00 0.0 0 7.7 16 170 M M 3 23 220
================================================================================
SM 2490 1905 18 210 3.23 0.0 270.6 M 207
================================================================================
AV 80.3 61.5 8.7 FASTST M M 7 MAX(MPH)
MISC ----> 35 290 47 290
================================================================================
NOTES:
# LAST OF SEVERAL OCCURRENCES
COLUMN 17 PEAK WIND IN M.P.H.
PRELIMINARY LOCAL CLIMATOLOGICAL DATA (WS FORM: F-6) , PAGE 2
STATION: LOUISVILLE KY
MONTH: MAY
YEAR: 2022
LATITUDE: 38 10 N
LONGITUDE: 85 44 W
[TEMPERATURE DATA] [PRECIPITATION DATA] SYMBOLS USED IN COLUMN 16
AVERAGE MONTHLY: 70.9 TOTAL FOR MONTH: 3.23 1 = FOG OR MIST
DPTR FM NORMAL: 2.6 DPTR FM NORMAL: -1.95 2 = FOG REDUCING VISIBILITY
HIGHEST: 91 ON 21,20 GRTST 24HR 1.04 ON 25-26 TO 1/4 MILE OR LESS
LOWEST: 52 ON 8 3 = THUNDER
SNOW, ICE PELLETS, HAIL 4 = ICE PELLETS
TOTAL MONTH: 0.0 INCH 5 = HAIL
GRTST 24HR 0.0 6 = FREEZING RAIN OR DRIZZLE
GRTST DEPTH: 0 7 = DUSTSTORM OR SANDSTORM:
VSBY 1/2 MILE OR LESS
8 = SMOKE OR HAZE
[NO. OF DAYS WITH] [WEATHER - DAYS WITH] 9 = BLOWING SNOW
X = TORNADO
MAX 32 OR BELOW: 0 0.01 INCH OR MORE: 15
MAX 90 OR ABOVE: 5 0.10 INCH OR MORE: 9
MIN 32 OR BELOW: 0 0.50 INCH OR MORE: 2
MIN 0 OR BELOW: 0 1.00 INCH OR MORE: 0
[HDD (BASE 65) ]
TOTAL THIS MO. 18 CLEAR (SCALE 0-3) 3
DPTR FM NORMAL -41 PTCLDY (SCALE 4-7) 18
TOTAL FM JUL 1 3533 CLOUDY (SCALE 8-10) 10
DPTR FM NORMAL -401
[CDD (BASE 65) ]
TOTAL THIS MO. 210
DPTR FM NORMAL 50 [PRESSURE DATA]
TOTAL FM JAN 1 253 HIGHEST SLP M ON M
DPTR FM NORMAL 40 LOWEST SLP 29.50 ON 6
[REMARKS]
#FINAL-05-22#