000
CXUS53 KLMK 010710
CF6SDF
PRELIMINARY LOCAL CLIMATOLOGICAL DATA (WS FORM: F-6)
STATION: LOUISVILLE KY
MONTH: APRIL
YEAR: 2022
LATITUDE: 38 10 N
LONGITUDE: 85 44 W
TEMPERATURE IN F: :PCPN: SNOW: WIND :SUNSHINE: SKY :PK WND
================================================================================
1 2 3 4 5 6A 6B 7 8 9 10 11 12 13 14 15 16 17 18
12Z AVG MX 2MIN
DY MAX MIN AVG DEP HDD CDD WTR SNW DPTH SPD SPD DIR MIN PSBL S-S WX SPD DR
================================================================================
1 51 35 43 -11 22 0 0.04 T 0 9.6 18 280 M M 7 14 26 280
2 57 33 45 -9 20 0 T 0.0 0 6.8 25 300 M M 5 31 290
3 64 36 50 -5 15 0 0.00 0.0 0 4.9 15 300 M M 2 22 280
4 60 48 54 -1 11 0 0.04 0.0 0 5.9 17 220 M M 10 23 220
5 58 51 55 0 10 0 0.38 0.0 0 4.8 12 180 M M 9 1 15 180
6 56 48 52 -4 13 0 1.00 0.0 0 6.7 18 320 M M 8 1 24 330
7 57 43 50 -6 15 0 T 0.0 0 10.6 24 280 M M 6 32 260
8 50 40 45 -11 20 0 0.08 0.0 0 11.5 26 250 M M 9 13 33 290
9 51 37 44 -13 21 0 0.01 T 0 10.0 21 290 M M 8 32 280
10 69 32 51 -6 14 0 0.00 0.0 0 8.1 20 120 M M 5 26 130
11 67 58 63 5 2 0 0.43 0.0 0 10.1 23 150 M M 10 13 30 200
12 75 53 64 6 1 0 0.06 0.0 0 7.4 18 170 M M 9 1 24 170
13 76 61 69 11 0 4 1.40 0.0 0 10.1 44 290 M M 10 138 61 280
14 65 43 54 -5 11 0 0.09 0.0 0 11.6 29 270 M M 4 1 37 270
15 73 44 59 0 6 0 0.19 0.0 0 10.7 29 240 M M 6 44 250
16 70 48 59 0 6 0 0.09 0.0 0 10.1 20 270 M M 7 1 25 280
17 52 42 47 -13 18 0 0.00 0.0 0 10.1 20 70 M M 6 25 20
18 50 41 46 -14 19 0 0.32 0.0 0 11.9 25 290 M M 9 1 34 280
19 58 36 47 -13 18 0 0.00 0.0 0 8.2 21 260 M M 3 26 260
20 74 47 61 0 4 0 0.04 0.0 0 10.7 25 200 M M 9 37 210
21 69 57 63 2 2 0 0.21 0.0 0 9.4 20 230 M M 10 13 31 250
22 83 57 70 9 0 5 0.00 0.0 0 6.5 16 140 M M 5 1 22 120
23 87 62 75 13 0 10 0.00 0.0 0 11.7 24 170 M M 3 32 180
24 85 69 77 15 0 12 0.00 0.0 0 13.4 23 190 M M 6 35 230
25 76 55 66 4 0 1 0.02 0.0 0 10.7 23 230 M M 9 1 29 240
26 62 43 53 -10 12 0 0.00 0.0 0 10.1 20 280 M M 4 26 270
27 72 43 58 -5 7 0 0.00 0.0 0 3.1 14 340 M M 2 17 350
28 73 49 61 -2 4 0 0.00 0.0 0 7.0 15 80 M M 7 23 100
29 74 58 66 2 0 1 T 0.0 0 7.1 13 100 M M 9 18 110
30 83 60 72 8 0 7 0.04 0.0 0 10.3 23 190 M M 7 3 35 180
================================================================================
SM 1997 1429 271 40 4.44 T 269.1 M 204
================================================================================
AV 66.6 47.6 9.0 FASTST M M 7 MAX(MPH)
MISC ----> 44 290 61 280
================================================================================
NOTES:
# LAST OF SEVERAL OCCURRENCES
COLUMN 17 PEAK WIND IN M.P.H.
PRELIMINARY LOCAL CLIMATOLOGICAL DATA (WS FORM: F-6) , PAGE 2
STATION: LOUISVILLE KY
MONTH: APRIL
YEAR: 2022
LATITUDE: 38 10 N
LONGITUDE: 85 44 W
[TEMPERATURE DATA] [PRECIPITATION DATA] SYMBOLS USED IN COLUMN 16
AVERAGE MONTHLY: 57.1 TOTAL FOR MONTH: 4.44 1 = FOG OR MIST
DPTR FM NORMAL: -1.9 DPTR FM NORMAL: -0.36 2 = FOG REDUCING VISIBILITY
HIGHEST: 87 ON 23 GRTST 24HR 1.49 ON 13-14 TO 1/4 MILE OR LESS
LOWEST: 32 ON 10 3 = THUNDER
SNOW, ICE PELLETS, HAIL 4 = ICE PELLETS
TOTAL MONTH: T 5 = HAIL
GRTST 24HR T ON 1- 1 6 = FREEZING RAIN OR DRIZZLE
GRTST DEPTH: 0 7 = DUSTSTORM OR SANDSTORM:
VSBY 1/2 MILE OR LESS
8 = SMOKE OR HAZE
[NO. OF DAYS WITH] [WEATHER - DAYS WITH] 9 = BLOWING SNOW
X = TORNADO
MAX 32 OR BELOW: 0 0.01 INCH OR MORE: 17
MAX 90 OR ABOVE: 0 0.10 INCH OR MORE: 7
MIN 32 OR BELOW: 1 0.50 INCH OR MORE: 2
MIN 0 OR BELOW: 0 1.00 INCH OR MORE: 2
[HDD (BASE 65) ]
TOTAL THIS MO. 271 CLEAR (SCALE 0-3) 4
DPTR FM NORMAL 49 PTCLDY (SCALE 4-7) 15
TOTAL FM JUL 1 3515 CLOUDY (SCALE 8-10) 11
DPTR FM NORMAL -359
[CDD (BASE 65) ]
TOTAL THIS MO. 40
DPTR FM NORMAL -4 [PRESSURE DATA]
TOTAL FM JAN 1 43 HIGHEST SLP M ON M
DPTR FM NORMAL -10 LOWEST SLP 29.58 ON 13
[REMARKS]
#FINAL-04-22#