000
CXUS53 KLMK 010710
CF6SDF
PRELIMINARY LOCAL CLIMATOLOGICAL DATA (WS FORM: F-6)
STATION: LOUISVILLE KY
MONTH: JUNE
YEAR: 2021
LATITUDE: 38 10 N
LONGITUDE: 85 44 W
TEMPERATURE IN F: :PCPN: SNOW: WIND :SUNSHINE: SKY :PK WND
================================================================================
1 2 3 4 5 6A 6B 7 8 9 10 11 12 13 14 15 16 17 18
12Z AVG MX 2MIN
DY MAX MIN AVG DEP HDD CDD WTR SNW DPTH SPD SPD DIR MIN PSBL S-S WX SPD DR
================================================================================
1 76 62 69 -4 0 4 0.11 0.0 0 3.1 9 170 M M 10 1 12 170
2 70 63 67 -6 0 2 0.77 0.0 0 9.2 22 140 M M 10 1 32 150
3 79 65 72 -1 0 7 1.98 0.0 0 7.2 24 260 M M 8 123 32 260
4 88 62 75 1 0 10 0.00 0.0 0 3.8 10 190 M M 2 19 220
5 87 64 76 2 0 11 0.00 0.0 0 5.0 13 190 M M 4 17 200
6 84 70 77 3 0 12 0.55 0.0 0 6.0 28 190 M M 8 13 38 170
7 84 71 78 4 0 13 0.56 0.0 0 8.7 18 150 M M 9 1 23 160
8 85 72 79 4 0 14 0.18 0.0 0 6.3 12 300 M M 10 138 18 110
9 81 71 76 1 0 11 0.02 0.0 0 6.3 14 170 M M 9 1 18 140
10 86 72 79 4 0 14 0.10 0.0 0 4.5 17 260 M M 9 13 20 250
11 90 72 81 5 0 16 0.08 0.0 0 3.7 22 350 M M 8 138 30 20
12 95 72 84 8 0 19 0.00 0.0 0 4.9 13 160 M M 3 16 140
13 94 74 84 8 0 19 0.00 0.0 0 6.9 16 360 M M 6 3 25 10
14 92 69 81 5 0 16 0.00 0.0 0 10.8 22 340 M M 3 31 320
15 84 63 74 -3 0 9 0.00 0.0 0 9.2 18 350 M M 2 25 20
16 85 65 75 -2 0 10 0.00 0.0 0 5.4 12 360 M M 3 16 280
17 87 64 76 -1 0 11 0.00 0.0 0 5.4 13 220 M M 2 18 200
18 92 71 82 5 0 17 0.00 0.0 0 11.6 24 220 M M 5 36 210
19 88 72 80 2 0 15 T 0.0 0 11.2 23 330 M M 8 31 320
20 92 74 83 5 0 18 0.00 0.0 0 9.9 17 230 M M 5 24 240
21 85 65 75 -3 0 10 0.13 0.0 0 11.4 21 340 M M 9 13 28 230
22 75 61 68 -10 0 3 0.00 0.0 0 8.1 18 360 M M 5 27 360
23 81 58 70 -8 0 5 0.00 0.0 0 7.3 17 140 M M 4 24 140
24 87 63 75 -3 0 10 0.00 0.0 0 9.2 21 190 M M 5 38 180
25 86 77 82 3 0 17 0.00 0.0 0 12.8 24 170 M M 9 32 160
26 90 75 83 4 0 18 0.00 0.0 0 13.1 23 170 M M 6 32 210
27 93 75 84 5 0 19 0.00 0.0 0 10.6 18 230 M M 3 26 200
28 94 76 85 6 0 20 0.00 0.0 0 7.3 16 170 M M 4 22 170
29 97 78 88 9 0 23 T 0.0 0 4.5 20 330 M M 5 3 27 320
30 89 75 82 3 0 17 0.01 0.0 0 6.2 14 350 M M 9 13 20 350
================================================================================
SM 2596 2071 0 390 4.49 0.0 229.6 M 183
================================================================================
AV 86.5 69.0 7.7 FASTST M M 6 MAX(MPH)
MISC ----> 28 190 # 38 170
================================================================================
NOTES:
# LAST OF SEVERAL OCCURRENCES
COLUMN 17 PEAK WIND IN M.P.H.
PRELIMINARY LOCAL CLIMATOLOGICAL DATA (WS FORM: F-6) , PAGE 2
STATION: LOUISVILLE KY
MONTH: JUNE
YEAR: 2021
LATITUDE: 38 10 N
LONGITUDE: 85 44 W
[TEMPERATURE DATA] [PRECIPITATION DATA] SYMBOLS USED IN COLUMN 16
AVERAGE MONTHLY: 77.8 TOTAL FOR MONTH: 4.49 1 = FOG OR MIST
DPTR FM NORMAL: 1.4 DPTR FM NORMAL: 0.22 2 = FOG REDUCING VISIBILITY
HIGHEST: 97 ON 29 GRTST 24HR 2.10 ON 2- 3 TO 1/4 MILE OR LESS
LOWEST: 58 ON 23 3 = THUNDER
SNOW, ICE PELLETS, HAIL 4 = ICE PELLETS
TOTAL MONTH: 0.0 INCH 5 = HAIL
GRTST 24HR 0.0 6 = FREEZING RAIN OR DRIZZLE
GRTST DEPTH: 0 7 = DUSTSTORM OR SANDSTORM:
VSBY 1/2 MILE OR LESS
8 = SMOKE OR HAZE
[NO. OF DAYS WITH] [WEATHER - DAYS WITH] 9 = BLOWING SNOW
X = TORNADO
MAX 32 OR BELOW: 0 0.01 INCH OR MORE: 11
MAX 90 OR ABOVE: 10 0.10 INCH OR MORE: 8
MIN 32 OR BELOW: 0 0.50 INCH OR MORE: 4
MIN 0 OR BELOW: 0 1.00 INCH OR MORE: 1
[HDD (BASE 65) ]
TOTAL THIS MO. 0 CLEAR (SCALE 0-3) 6
DPTR FM NORMAL -3 PTCLDY (SCALE 4-7) 13
TOTAL FM JUL 1 3825 CLOUDY (SCALE 8-10) 11
DPTR FM NORMAL -108
[CDD (BASE 65) ]
TOTAL THIS MO. 390
DPTR FM NORMAL 44 [PRESSURE DATA]
TOTAL FM JAN 1 570 HIGHEST SLP M ON M
DPTR FM NORMAL 11 LOWEST SLP 29.58 ON 30
[REMARKS]
#FINAL-06-21#