000
CXUS53 KLMK 010821
CF6SDF
PRELIMINARY LOCAL CLIMATOLOGICAL DATA (WS FORM: F-6)
STATION: LOUISVILLE KY
MONTH: SEPTEMBER
YEAR: 2020
LATITUDE: 38 10 N
LONGITUDE: 85 44 W
TEMPERATURE IN F: :PCPN: SNOW: WIND :SUNSHINE: SKY :PK WND
================================================================================
1 2 3 4 5 6A 6B 7 8 9 10 11 12 13 14 15 16 17 18
12Z AVG MX 2MIN
DY MAX MIN AVG DEP HDD CDD WTR SNW DPTH SPD SPD DIR MIN PSBL S-S WX SPD DR
================================================================================
1 86 74 80 4 0 15 T 0.0 0 6.9 14 220 M M 9 18 19 170
2 86 73 80 4 0 15 0.55 0.0 0 7.3 16 250 M M 9 18 22 250
3 87 74 81 5 0 16 2.32 0.0 0 9.7 20 250 M M 9 1 29 260
4 83 65 74 -1 0 9 T 0.0 0 7.9 17 290 M M 8 22 290
5 84 59 72 -3 0 7 0.00 0.0 0 3.0 10 150 M M 3 13 150
6 86 61 74 -1 0 9 0.00 0.0 0 5.5 20 180 M M 3 25 190
7 87 65 76 2 0 11 0.00 0.0 0 8.6 16 210 M M 1 24 230
8 88 68 78 4 0 13 0.00 0.0 0 4.6 12 150 M M 1 16 220
9 92 68 80 6 0 15 0.00 0.0 0 2.1 10 30 M M 2 8 13 30
10 91 70 81 8 0 16 0.00 0.0 0 4.7 15 10 M M 3 19 20
11 78 70 74 1 0 9 0.00 0.0 0 7.9 14 60 M M 7 18 18 30
12 86 68 77 4 0 12 0.03 0.0 0 5.8 10 140 M M 9 1 14 140
13 84 72 78 6 0 13 T 0.0 0 4.6 10 320 M M 8 1 14 320
14 83 65 74 2 0 9 0.00 0.0 0 7.7 15 20 M M 6 24 30
15 77 60 69 -2 0 4 0.00 0.0 0 6.8 13 60 M M 2 22 60
16 82 58 70 -1 0 5 0.00 0.0 0 2.5 8 250 M M 4 12 240
17 84 61 73 2 0 8 0.00 0.0 0 7.1 16 360 M M 3 20 30
18 72 57 65 -5 0 0 0.00 0.0 0 11.0 21 10 M M 3 27 50
19 72 49 61 -9 4 0 0.00 0.0 0 7.6 15 60 M M 1 23 70
20 76 48 62 -7 3 0 0.00 0.0 0 7.9 15 80 M M 1 8 22 80
21 78 53 66 -3 0 1 0.00 0.0 0 3.6 10 100 M M 1 13 100
22 75 54 65 -3 0 0 0.00 0.0 0 4.0 10 250 M M 7 14 230
23 73 57 65 -3 0 0 0.00 0.0 0 2.8 9 240 M M 10 12 250
24 77 63 70 2 0 5 0.03 0.0 0 5.2 14 180 M M 8 18 180
25 82 61 72 5 0 7 T 0.0 0 4.6 9 220 M M 6 8 12 170
26 78 64 71 4 0 6 0.00 0.0 0 6.8 16 210 M M 5 1 21 240
27 82 62 72 6 0 7 0.00 0.0 0 6.9 16 230 M M 4 23 220
28 70 56 63 -3 2 0 0.24 0.0 0 8.1 25 290 M M 8 18 32 280
29 65 50 58 -8 7 0 0.01 0.0 0 5.5 25 270 M M 4 30 260
30 80 50 65 0 0 0 T 0.0 0 12.8 24 200 M M 4 37 200
================================================================================
SM 2424 1855 16 212 3.18 0.0 189.5 M 149
================================================================================
AV 80.8 61.8 6.3 FASTST M M 5 MAX(MPH)
MISC ----> # 25 290 # 37 200
================================================================================
NOTES:
# LAST OF SEVERAL OCCURRENCES
COLUMN 17 PEAK WIND IN M.P.H.
PRELIMINARY LOCAL CLIMATOLOGICAL DATA (WS FORM: F-6) , PAGE 2
STATION: LOUISVILLE KY
MONTH: SEPTEMBER
YEAR: 2020
LATITUDE: 38 10 N
LONGITUDE: 85 44 W
[TEMPERATURE DATA] [PRECIPITATION DATA] SYMBOLS USED IN COLUMN 16
AVERAGE MONTHLY: 71.3 TOTAL FOR MONTH: 3.18 1 = FOG OR MIST
DPTR FM NORMAL: 0.3 DPTR FM NORMAL: 0.13 2 = FOG REDUCING VISIBILITY
HIGHEST: 92 ON 9 GRTST 24HR 2.32 ON 3- 3 TO 1/4 MILE OR LESS
LOWEST: 48 ON 20 3 = THUNDER
SNOW, ICE PELLETS, HAIL 4 = ICE PELLETS
TOTAL MONTH: 0.0 INCH 5 = HAIL
GRTST 24HR 0.0 6 = FREEZING RAIN OR DRIZZLE
GRTST DEPTH: 0 7 = DUSTSTORM OR SANDSTORM:
VSBY 1/2 MILE OR LESS
8 = SMOKE OR HAZE
[NO. OF DAYS WITH] [WEATHER - DAYS WITH] 9 = BLOWING SNOW
X = TORNADO
MAX 32 OR BELOW: 0 0.01 INCH OR MORE: 6
MAX 90 OR ABOVE: 2 0.10 INCH OR MORE: 3
MIN 32 OR BELOW: 0 0.50 INCH OR MORE: 2
MIN 0 OR BELOW: 0 1.00 INCH OR MORE: 1
[HDD (BASE 65) ]
TOTAL THIS MO. 16 CLEAR (SCALE 0-3) 10
DPTR FM NORMAL -14 PTCLDY (SCALE 4-7) 13
TOTAL FM JUL 1 16 CLOUDY (SCALE 8-10) 7
DPTR FM NORMAL -14
[CDD (BASE 65) ]
TOTAL THIS MO. 212
DPTR FM NORMAL 2 [PRESSURE DATA]
TOTAL FM JAN 1 1694 HIGHEST SLP 30.41 ON 21
DPTR FM NORMAL 127 LOWEST SLP 29.71 ON 28
[REMARKS]
#FINAL-09-20#