000
CXUS53 KLMK 010710
CF6SDF
PRELIMINARY LOCAL CLIMATOLOGICAL DATA (WS FORM: F-6)
STATION: LOUISVILLE KY
MONTH: AUGUST
YEAR: 2023
LATITUDE: 38 10 N
LONGITUDE: 85 44 W
TEMPERATURE IN F: :PCPN: SNOW: WIND :SUNSHINE: SKY :PK WND
================================================================================
1 2 3 4 5 6A 6B 7 8 9 10 11 12 13 14 15 16 17 18
12Z AVG MX 2MIN
DY MAX MIN AVG DEP HDD CDD WTR SNW DPTH SPD SPD DIR MIN PSBL S-S WX SPD DR
================================================================================
1 86 64 75 -5 0 10 0.00 0.0 0 5.6 13 100 M M 3 20 100
2 80 66 73 -7 0 8 T 0.0 0 3.2 10 120 M M 8 13 90
3 86 69 78 -2 0 13 0.46 0.0 0 4.7 10 150 M M 8 1 17 160
4 90 70 80 0 0 15 0.00 0.0 0 2.5 8 220 M M 6 128 12 130
5 87 73 80 0 0 15 0.00 0.0 0 9.1 18 170 M M 7 25 200
6 89 76 83 3 0 18 0.01 0.0 0 9.8 18 260 M M 6 26 270
7 86 69 78 -2 0 13 0.67 0.0 0 13.0 29 290 M M 8 13 41 260
8 84 67 76 -4 0 11 0.00 0.0 0 7.0 16 250 M M 6 21 250
9 83 70 77 -3 0 12 0.15 0.0 0 8.9 17 220 M M 8 1 22 190
10 85 70 78 -2 0 13 0.13 0.0 0 8.1 16 280 M M 8 1 20 260
11 89 69 79 -1 0 14 0.00 0.0 0 5.7 15 240 M M 4 20 180
12 90 74 82 2 0 17 0.59 0.0 0 8.2 18 240 M M 5 3 38 10
13 91 75 83 3 0 18 0.03 0.0 0 4.8 14 20 M M 7 19 30
14 86 72 79 0 0 14 0.60 0.0 0 8.1 23 260 M M 8 13 32 270
15 79 66 73 -6 0 8 T 0.0 0 9.5 20 280 M M 6 25 280
16 83 66 75 -4 0 10 0.00 0.0 0 5.5 12 110 M M 5 14 110
17 84 64 74 -5 0 9 0.02 0.0 0 9.6 21 220 M M 4 28 230
18 82 65 74 -5 0 9 0.00 0.0 0 5.9 13 30 M M 3 17 360
19 85 62 74 -5 0 9 0.00 0.0 0 4.4 12 170 M M 3 8 17 130
20 92 68 80 1 0 15 0.00 0.0 0 5.6 14 220 M M 2 19 240
21 93 76 85 6 0 20 0.00 0.0 0 3.2 7 360 M M 7 10 160
22 95 78 87 8 0 22 0.00 0.0 0 5.8 13 20 M M 6 19 360
23 96 74 85 7 0 20 0.00 0.0 0 4.8 13 260 M M 4 17 260
24 96 78 87 9 0 22 0.00 0.0 0 7.6 18 230 M M 6 8 25 240
25 99 76 88 10 0 23 0.63 0.0 0 9.3 31 40 M M 6 38 52 20
26 92 73 83 5 0 18 0.25 0.0 0 7.1 32 310 M M 7 13 46 300
27 83 72 78 0 0 13 0.00 0.0 0 9.6 16 80 M M 7 25 60
28 86 65 76 -2 0 11 0.00 0.0 0 7.9 15 20 M M 3 22 50
29 85 62 74 -3 0 9 0.00 0.0 0 5.8 14 340 M M 4 20 350
30 82 64 73 -4 0 8 0.00 0.0 0 10.6 18 20 M M 2 27 40
31 82 58 70 -7 0 5 0.00 0.0 0 8.8 16 90 M M 2 22 60
================================================================================
SM 2706 2151 0 422 3.54 0.0 219.7 M 169
================================================================================
AV 87.3 69.4 7.1 FASTST M M 5 MAX(MPH)
MISC ----> 32 310 52 20
================================================================================
NOTES:
# LAST OF SEVERAL OCCURRENCES
COLUMN 17 PEAK WIND IN M.P.H.
PRELIMINARY LOCAL CLIMATOLOGICAL DATA (WS FORM: F-6) , PAGE 2
STATION: LOUISVILLE KY
MONTH: AUGUST
YEAR: 2023
LATITUDE: 38 10 N
LONGITUDE: 85 44 W
[TEMPERATURE DATA] [PRECIPITATION DATA] SYMBOLS USED IN COLUMN 16
AVERAGE MONTHLY: 78.3 TOTAL FOR MONTH: 3.54 1 = FOG OR MIST
DPTR FM NORMAL: -0.6 DPTR FM NORMAL: -0.17 2 = FOG REDUCING VISIBILITY
HIGHEST: 99 ON 25 GRTST 24HR 0.88 ON 25-26 TO 1/4 MILE OR LESS
LOWEST: 58 ON 31 3 = THUNDER
SNOW, ICE PELLETS, HAIL 4 = ICE PELLETS
TOTAL MONTH: 0.0 INCH 5 = HAIL
GRTST 24HR 0.0 6 = FREEZING RAIN OR DRIZZLE
GRTST DEPTH: 0 7 = DUSTSTORM OR SANDSTORM:
VSBY 1/2 MILE OR LESS
8 = SMOKE OR HAZE
[NO. OF DAYS WITH] [WEATHER - DAYS WITH] 9 = BLOWING SNOW
X = TORNADO
MAX 32 OR BELOW: 0 0.01 INCH OR MORE: 11
MAX 90 OR ABOVE: 10 0.10 INCH OR MORE: 8
MIN 32 OR BELOW: 0 0.50 INCH OR MORE: 4
MIN 0 OR BELOW: 0 1.00 INCH OR MORE: 0
[HDD (BASE 65) ]
TOTAL THIS MO. 0 CLEAR (SCALE 0-3) 6
DPTR FM NORMAL 0 PTCLDY (SCALE 4-7) 22
TOTAL FM JUL 1 0 CLOUDY (SCALE 8-10) 3
DPTR FM NORMAL 0
[CDD (BASE 65) ]
TOTAL THIS MO. 422
DPTR FM NORMAL -11 [PRESSURE DATA]
TOTAL FM JAN 1 1365 HIGHEST SLP M ON M
DPTR FM NORMAL -89 LOWEST SLP 29.50 ON 31
[REMARKS]
#FINAL-08-23#