000
CXUS55 KPSR 011005
CF6SDL
PRELIMINARY LOCAL CLIMATOLOGICAL DATA (WS FORM: F-6)
STATION: SCOTTSDALE AZ
MONTH: DECEMBER
YEAR: 2022
LATITUDE: 33 37 N
LONGITUDE: 111 54 W
TEMPERATURE IN F: :PCPN: SNOW: WIND :SUNSHINE: SKY :PK WND
================================================================================
1 2 3 4 5 6A 6B 7 8 9 10 11 12 13 14 15 16 17 18
12Z AVG MX 2MIN
DY MAX MIN AVG DEP HDD CDD WTR SNW DPTH SPD SPD DIR MIN PSBL S-S WX SPD DR
================================================================================
1 71 45 58 2 7 0 0.00 M M 1.3 8 140 M M 0 12 120
2 68 50 59 3 6 0 0.00 M M 0.9 6 220 M M 0 10 160
3 58 49 54 -1 11 0 0.68 M M 1.5 9 140 M M 5 1 13 160
4 65 56 61 6 4 0 0.23 M M 1.1 5 160 M M 9 18 17 310
5 68 57 63 8 2 0 0.00 M M 2.2 10 200 M M 7 128 17 210
6 67 54 61 7 4 0 0.00 M M 2.0 9 140 M M 3 8 13 140
7 63 49 56 2 9 0 0.00 M M 2.1 10 260 M M 4 14 240
8 65 42 54 0 11 0 0.00 M M 1.4 7 280 M M 0 9 200
9 64 44 54 0 11 0 0.00 M M 2.1 8 260 M M 0 12 230
10 65 39 52 -2 13 0 0.00 M M 1.3 6 220 M M 0 10 230
11 67 40 54 1 11 0 0.00 M M 2.8 10 140 M M 0 16 140
12 56 44 50 -3 15 0 0.23 M M 4.9 18 290 M M 8 1 31 280
13 53 40 47 -6 18 0 0.02 M M 2.6 13 20 M M 6 17 10
14 54 34 44 -9 21 0 0.00 M M 1.9 10 260 M M 0 16 340
15 56 34 45 -8 20 0 0.00 M M 0.9 7 10 M M 0 13 270
16 59 36 48 -5 17 0 0.00 M M 2.9 8 360 M M 0 13 350
17 62 32 47 -6 18 0 0.00 M M 1.7 7 250 M M 0 12 210
18 61 43 52 -1 13 0 0.00 M M 2.3 12 230 M M 3 16 220
19 62 38 50 -3 15 0 0.00 M M 1.1 6 180 M M 0 11 170
20 64 38 51 -2 14 0 0.00 M M 1.3 6 320 M M 0 8 260
21 64 38 51 -2 14 0 0.00 M M 1.6 7 230 M M 0 11 170
22 63 38 51 -2 14 0 0.00 M M 0.7 6 230 M M 0 10 190
23 67 43 55 2 10 0 0.00 M M 1.1 7 260 M M 0 10 230
24 71 42 57 4 8 0 0.00 M M 2.0 8 40 M M 0 11 290
25 73 45 59 6 6 0 0.00 M M 2.2 9 200 M M 0 11 200
26 72 44 58 5 7 0 0.00 M M 1.7 7 170 M M 0 11 130
27 71 47 59 6 6 0 0.00 M M 1.3 9 140 M M 1 13 160
28 59 49 54 1 11 0 0.67 M M 2.6 14 330 M M 8 1 21 330
29 60 46 53 0 12 0 T M M 0.8 7 150 M M 6 11 180
30 58 52 55 2 10 0 T M M 1.7 7 180 M M 10 1 9 180
31 65 50 58 5 7 0 0.00 M M 1.5 8 100 M M 6 18 13 130
================================================================================
SM 1971 1358 345 0 1.83 M 55.5 M 76
================================================================================
AV 63.6 43.8 1.8 FASTST M M 2 MAX(MPH)
MISC ----> 18 290 31 280
================================================================================
NOTES:
# LAST OF SEVERAL OCCURRENCES
COLUMN 17 PEAK WIND IN M.P.H.
PRELIMINARY LOCAL CLIMATOLOGICAL DATA (WS FORM: F-6) , PAGE 2
STATION: SCOTTSDALE AZ
MONTH: DECEMBER
YEAR: 2022
LATITUDE: 33 37 N
LONGITUDE: 111 54 W
[TEMPERATURE DATA] [PRECIPITATION DATA] SYMBOLS USED IN COLUMN 16
AVERAGE MONTHLY: 53.7 TOTAL FOR MONTH: 1.83 1 = FOG OR MIST
DPTR FM NORMAL: 0.1 DPTR FM NORMAL: 0.84 2 = FOG REDUCING VISIBILITY
HIGHEST: 73 ON 25 GRTST 24HR 0.91 ON 3- 4 TO 1/4 MILE OR LESS
LOWEST: 32 ON 17 3 = THUNDER
SNOW, ICE PELLETS, HAIL 4 = ICE PELLETS
TOTAL MONTH: M 5 = HAIL
GRTST 24HR M ON M 6 = FREEZING RAIN OR DRIZZLE
GRTST DEPTH: M ON M 7 = DUSTSTORM OR SANDSTORM:
VSBY 1/2 MILE OR LESS
8 = SMOKE OR HAZE
[NO. OF DAYS WITH] [WEATHER - DAYS WITH] 9 = BLOWING SNOW
X = TORNADO
MAX 32 OR BELOW: 0 0.01 INCH OR MORE: 5
MAX 90 OR ABOVE: 0 0.10 INCH OR MORE: 4
MIN 32 OR BELOW: 1 0.50 INCH OR MORE: 2
MIN 0 OR BELOW: 0 1.00 INCH OR MORE: 0
[HDD (BASE 65) ]
TOTAL THIS MO. 345 CLEAR (SCALE 0-3) 20
DPTR FM NORMAL -10 PTCLDY (SCALE 4-7) 7
TOTAL FM JUL 1 552 CLOUDY (SCALE 8-10) 4
DPTR FM NORMAL 66
[CDD (BASE 65) ]
TOTAL THIS MO. 0
DPTR FM NORMAL -1 [PRESSURE DATA]
TOTAL FM JAN 1 4463 HIGHEST SLP 30.29 ON 24
DPTR FM NORMAL 292 LOWEST SLP 29.72 ON 12
[REMARKS]
#FINAL-12-22#