000
CXUS55 KPSR 011005
CF6SDL
PRELIMINARY LOCAL CLIMATOLOGICAL DATA (WS FORM: F-6)
STATION: SCOTTSDALE AZ
MONTH: FEBRUARY
YEAR: 2022
LATITUDE: 33 37 N
LONGITUDE: 111 54 W
TEMPERATURE IN F: :PCPN: SNOW: WIND :SUNSHINE: SKY :PK WND
================================================================================
1 2 3 4 5 6A 6B 7 8 9 10 11 12 13 14 15 16 17 18
12Z AVG MX 2MIN
DY MAX MIN AVG DEP HDD CDD WTR SNW DPTH SPD SPD DIR MIN PSBL S-S WX SPD DR
================================================================================
1 67 46 57 1 8 0 0.00 M M 1.4 8 160 M M 1 11 140
2 59 45 52 -4 13 0 0.00 M M 5.0 16 270 M M 2 24 260
3 57 41 49 -7 16 0 0.00 M M 4.8 13 20 M M 0 17 10
4 64 36 50 -6 15 0 0.00 M M 5.3 17 40 M M 0 21 40
5 65 39 52 -4 13 0 0.00 M M 2.1 8 180 M M 0 12 140
6 72 37 55 -1 10 0 0.00 M M 5.8 20 30 M M 0 27 10
7 70 49 60 4 5 0 0.00 M M 4.5 16 10 M M 0 25 20
8 75 42 59 3 6 0 0.00 M M 3.6 10 40 M M 0 13 50
9 79 47 63 7 2 0 0.00 M M 3.4 10 360 M M 0 17 300
10 80 51 66 10 0 1 0.00 M M 5.7 29 40 M M 0 36 40
11 79 47 63 6 2 0 0.00 M M 2.3 9 260 M M 0 15 300
12 80 51 66 9 0 1 0.00 M M 4.4 17 40 M M 0 23 50
13 81 46 64 7 1 0 0.00 M M 1.9 8 190 M M 0 10 190
14 80 47 64 7 1 0 0.00 M M 1.2 9 190 M M 0 12 180
15 77 48 63 6 2 0 0.00 M M 4.9 15 190 M M 0 25 200
16 60 51 56 -1 9 0 T M M 5.3 13 140 M M 5 23 130
17 66 44 55 -2 10 0 T M M 3.4 12 60 M M 2 19 70
18 71 39 55 -3 10 0 0.00 M M 2.7 9 240 M M 0 12 230
19 78 44 61 3 4 0 0.00 M M 2.3 12 110 M M 0 16 110
20 78 45 62 4 3 0 0.00 M M 2.2 9 250 M M 0 14 170
21 69 51 60 2 5 0 0.00 M M 5.9 17 230 M M 2 27 200
22 63 50 57 -1 8 0 T M M 4.3 15 250 M M 7 25 220
23 52 40 46 -13 19 0 0.44 M M 4.2 13 330 M M 7 1 22 260
24 56 35 46 -13 19 0 0.00 M M 1.0 8 210 M M 0 12 180
25 64 36 50 -9 15 0 0.00 M M 2.3 8 260 M M 0 11 220
26 69 40 55 -4 10 0 0.00 M M 2.4 8 340 M M 0 13 300
27 72 41 57 -3 8 0 0.00 M M 2.8 9 230 M M 0 14 20
28 81 50 66 6 0 1 0.00 M M 2.3 9 120 M M 0 13 110
================================================================================
SM 1964 1238 214 3 0.44 M 97.4 M 26
================================================================================
AV 70.1 44.2 3.5 FASTST M M 1 MAX(MPH)
MISC ----> 29 40 36 40
================================================================================
NOTES:
# LAST OF SEVERAL OCCURRENCES
COLUMN 17 PEAK WIND IN M.P.H.
PRELIMINARY LOCAL CLIMATOLOGICAL DATA (WS FORM: F-6) , PAGE 2
STATION: SCOTTSDALE AZ
MONTH: FEBRUARY
YEAR: 2022
LATITUDE: 33 37 N
LONGITUDE: 111 54 W
[TEMPERATURE DATA] [PRECIPITATION DATA] SYMBOLS USED IN COLUMN 16
AVERAGE MONTHLY: 57.2 TOTAL FOR MONTH: 0.44 1 = FOG OR MIST
DPTR FM NORMAL: -0.1 DPTR FM NORMAL: -0.80 2 = FOG REDUCING VISIBILITY
HIGHEST: 81 ON 28,13 GRTST 24HR 0.44 ON 22-23 TO 1/4 MILE OR LESS
LOWEST: 35 ON 24 3 = THUNDER
SNOW, ICE PELLETS, HAIL 4 = ICE PELLETS
TOTAL MONTH: M 5 = HAIL
GRTST 24HR M ON M 6 = FREEZING RAIN OR DRIZZLE
GRTST DEPTH: M ON M 7 = DUSTSTORM OR SANDSTORM:
VSBY 1/2 MILE OR LESS
8 = SMOKE OR HAZE
[NO. OF DAYS WITH] [WEATHER - DAYS WITH] 9 = BLOWING SNOW
X = TORNADO
MAX 32 OR BELOW: 0 0.01 INCH OR MORE: 1
MAX 90 OR ABOVE: 0 0.10 INCH OR MORE: 1
MIN 32 OR BELOW: 0 0.50 INCH OR MORE: 0
MIN 0 OR BELOW: 0 1.00 INCH OR MORE: 0
[HDD (BASE 65) ]
TOTAL THIS MO. 214 CLEAR (SCALE 0-3) 25
DPTR FM NORMAL -6 PTCLDY (SCALE 4-7) 3
TOTAL FM JUL 1 729 CLOUDY (SCALE 8-10) 0
DPTR FM NORMAL -289
[CDD (BASE 65) ]
TOTAL THIS MO. 3
DPTR FM NORMAL -3 [PRESSURE DATA]
TOTAL FM JAN 1 3 HIGHEST SLP 30.46 ON 4
DPTR FM NORMAL 2 LOWEST SLP 29.61 ON 15
[REMARKS]
#FINAL-02-22#