000
CXUS55 KSEW 010930
CF6SEW
PRELIMINARY LOCAL CLIMATOLOGICAL DATA (WS FORM: F-6)
STATION: SEATTLE WA WFO
MONTH: APRIL
YEAR: 2022
LATITUDE: 47 41 N
LONGITUDE: 122 15 W
TEMPERATURE IN F: :PCPN: SNOW: WIND :SUNSHINE: SKY :PK WND
================================================================================
1 2 3 4 5 6A 6B 7 8 9 10 11 12 13 14 15 16 17 18
12Z AVG MX 2MIN
DY MAX MIN AVG DEP HDD CDD WTR SNW DPTH SPD SPD DIR MIN PSBL S-S WX SPD DR
================================================================================
1 56 42 49 0 16 0 0.07 0.0 0 M M M M M M M M
2 57 43 50 1 15 0 0.11 0.0 0 M M M M M M M M
3 53 45 49 0 16 0 0.47 0.0 0 M M M M M M M M
4 52 41 47 -2 18 0 0.28 0.0 0 M M M M M M M M
5 56 39 48 -1 17 0 0.11 0.0 0 M M M M M M M M
6 62 36 49 0 16 0 0.00 0.0 0 M M M M M M M M
7 74 45 60 11 5 0 T 0.0 0 M M M M M M M M
8 57 44 51 1 14 0 0.07 0.0 0 M M M M M M M M
9 51 37 44 -6 21 0 0.21 0.0 0 M M M M M M 5 M M
10 49 37 43 -7 22 0 0.28 0.0 0 M M M M M M M M
11 52 38 45 -5 20 0 0.01 0.0 0 M M M M M M M M
12 49 35 42 -8 23 0 0.07 0.0 0 M M M M M M M M
13 49 34 42 -8 23 0 T 0.0 0 M M M M M M M M
14 50 38 44 -6 21 0 0.00 0.0 0 M M M M M M M M
15 53 39 46 -5 19 0 0.00 0.0 0 M M M M M M M M
16 51 37 44 -7 21 0 T 0.0 0 M M M M M M M M
17 59 40 50 -1 15 0 0.00 0.0 0 M M M M M M M M
18 52 43 48 -3 17 0 0.29 0.0 0 M M M M M M M M
19 57 40 49 -2 16 0 0.01 0.0 0 M M M M M M M M
20 55 38 47 -4 18 0 0.08 0.0 0 M M M M M M M M
21 58 41 50 -2 15 0 0.19 0.0 0 M M M M M M M M
22 60 40 50 -2 15 0 0.01 0.0 0 M M M M M M M M
23 62 44 53 1 12 0 0.00 0.0 0 M M M M M M M M
24 69 39 54 2 11 0 T 0.0 0 M M M M M M M M
25 59 46 53 1 12 0 0.22 0.0 0 M M M M M M M M
26 55 43 49 -4 16 0 0.03 0.0 0 M M M M M M M M
27 58 40 49 -4 16 0 0.07 0.0 0 M M M M M M M M
28 55 43 49 -4 16 0 0.01 0.0 0 M M M M M M M M
29 62 45 54 1 11 0 0.04 0.0 0 M M M M M M M M
30 63 47 55 1 10 0 0.31 0.0 0 M M M M M M M M
================================================================================
SM 1695 1219 487 0 2.94 0.0 M M M
================================================================================
AV 56.5 40.6 M FASTST M M M MAX(MPH)
MISC ----> M M M M
================================================================================
NOTES:
# LAST OF SEVERAL OCCURRENCES
COLUMN 17 PEAK WIND IN M.P.H.
PRELIMINARY LOCAL CLIMATOLOGICAL DATA (WS FORM: F-6) , PAGE 2
STATION: SEATTLE WA WFO
MONTH: APRIL
YEAR: 2022
LATITUDE: 47 41 N
LONGITUDE: 122 15 W
[TEMPERATURE DATA] [PRECIPITATION DATA] SYMBOLS USED IN COLUMN 16
AVERAGE MONTHLY: 48.6 TOTAL FOR MONTH: 2.94 1 = FOG OR MIST
DPTR FM NORMAL: -2.2 DPTR FM NORMAL: -0.04 2 = FOG REDUCING VISIBILITY
HIGHEST: 74 ON 7 GRTST 24HR 0.47 ON 3- 3 TO 1/4 MILE OR LESS
LOWEST: 34 ON 13 3 = THUNDER
SNOW, ICE PELLETS, HAIL 4 = ICE PELLETS
TOTAL MONTH: 0.0 INCH 5 = HAIL
GRTST 24HR 0.0 6 = FREEZING RAIN OR DRIZZLE
GRTST DEPTH: 0 7 = DUSTSTORM OR SANDSTORM:
VSBY 1/2 MILE OR LESS
8 = SMOKE OR HAZE
[NO. OF DAYS WITH] [WEATHER - DAYS WITH] 9 = BLOWING SNOW
X = TORNADO
MAX 32 OR BELOW: 0 0.01 INCH OR MORE: 21
MAX 90 OR ABOVE: 0 0.10 INCH OR MORE: 10
MIN 32 OR BELOW: 0 0.50 INCH OR MORE: 0
MIN 0 OR BELOW: 0 1.00 INCH OR MORE: 0
[HDD (BASE 65) ]
TOTAL THIS MO. 487 CLEAR (SCALE 0-3) 0
DPTR FM NORMAL 61 PTCLDY (SCALE 4-7) 0
TOTAL FM JUL 1 4126 CLOUDY (SCALE 8-10) 30
DPTR FM NORMAL 25
[CDD (BASE 65) ]
TOTAL THIS MO. 0
DPTR FM NORMAL 0 [PRESSURE DATA]
TOTAL FM JAN 1 0 HIGHEST SLP M ON M
DPTR FM NORMAL 0 LOWEST SLP M ON M
[REMARKS]
#FINAL-04-22#