000
CXUS52 KMLB 010736
CF6SFB
PRELIMINARY LOCAL CLIMATOLOGICAL DATA (WS FORM: F-6)
STATION: SANFORD
MONTH: JANUARY
YEAR: 2021
LATITUDE: 28 46 N
LONGITUDE: 81 15 W
TEMPERATURE IN F: :PCPN: SNOW: WIND :SUNSHINE: SKY :PK WND
================================================================================
1 2 3 4 5 6A 6B 7 8 9 10 11 12 13 14 15 16 17 18
12Z AVG MX 2MIN
DY MAX MIN AVG DEP HDD CDD WTR SNW DPTH SPD SPD DIR MIN PSBL S-S WX SPD DR
================================================================================
1 85 64 75 15 0 10 0.00 0.0 0 8.8 18 170 M M 2 1 24 170
2 83 64 74 14 0 9 T 0.0 0 7.0 16 200 M M 5 1 22 190
3 72 57 65 5 0 0 T 0.0 0 6.7 20 290 M M 7 1 24 280
4 67 45 56 -4 9 0 0.00 0.0 0 6.6 14 350 M M 1 18 320
5 71 41 56 -3 9 0 0.00 0.0 0 8.7 24 260 M M 1 30 270
6 69 44 57 -2 8 0 0.00 0.0 0 6.0 12 50 M M 0 19 330
7 73 55 64 5 1 0 0.01 0.0 0 7.3 18 160 M M 3 24 180
8 65 49 57 -2 8 0 T 0.0 0 10.2 25 270 M M 5 32 270
9 55 43 49 -10 16 0 0.00 0.0 0 9.8 16 280 M M 6 20 290
10 63 37 50 -9 15 0 0.00 0.0 0 5.3 12 40 M M 0 17 10
11 75 49 62 3 3 0 0.00 0.0 0 5.2 16 220 M M 1 1 22 220
12 65 57 61 2 4 0 0.00 0.0 0 7.7 16 270 M M 4 22 280
13 59 52 56 -4 9 0 0.01 0.0 0 6.5 15 310 M M 7 18 320
14 65 44 55 -5 10 0 0.00 0.0 0 5.7 12 350 M M 2 17 30
15 74 41 58 -2 7 0 0.02 0.0 0 8.2 24 270 M M 3 1 29 280
16 63 44 54 -6 11 0 0.00 0.0 0 10.2 26 280 M M 2 33 280
17 61 39 50 -10 15 0 0.00 0.0 0 3.7 12 280 M M 1 15 270
18 68 44 56 -4 9 0 0.00 0.0 0 5.7 16 270 M M 0 20 270
19 71 38 55 -5 10 0 0.00 0.0 0 4.6 13 60 M M 0 16 350
20 74 44 59 -1 6 0 0.00 0.0 0 3.4 12 270 M M 0 14 260
21 77 48 63 3 2 0 0.00 0.0 0 8.2 18 230 M M 0 22 240
22 79 59 69 9 0 4 0.00 0.0 0 8.4 16 280 M M 5 19 250
23 67 60 64 4 1 0 0.02 0.0 0 6.6 13 30 M M 9 1 16 30
24 78 58 68 8 0 3 0.01 0.0 0 6.2 14 100 M M 7 17 100
25 83 63 73 13 0 8 0.00 0.0 0 7.0 16 160 M M 4 22 170
26 79 60 70 10 0 5 0.00 0.0 0 6.1 15 220 M M 3 1 19 250
27 83 64 74 14 0 9 0.81 0.0 0 9.2 22 310 M M 5 138 27 310
28 70 49 60 -1 5 0 0.00 0.0 0 12.7 23 330 M M 2 30 330
29 66 46 56 -5 9 0 0.00 0.0 0 6.9 14 340 M M 0 18 340
30 72 44 58 -3 7 0 0.00 0.0 0 4.1 12 100 M M 1 8 15 110
31 80 52 66 5 0 1 0.00 0.0 0 10.0 20 220 M M 3 27 220
================================================================================
SM 2212 1554 174 49 0.88 0.0 222.7 M 89
================================================================================
AV 71.4 50.1 7.2 FASTST M M 3 MAX(MPH)
MISC ----> 26 280 33 280
================================================================================
NOTES:
# LAST OF SEVERAL OCCURRENCES
COLUMN 17 PEAK WIND IN M.P.H.
PRELIMINARY LOCAL CLIMATOLOGICAL DATA (WS FORM: F-6) , PAGE 2
STATION: SANFORD
MONTH: JANUARY
YEAR: 2021
LATITUDE: 28 46 N
LONGITUDE: 81 15 W
[TEMPERATURE DATA] [PRECIPITATION DATA] SYMBOLS USED IN COLUMN 16
AVERAGE MONTHLY: 60.7 TOTAL FOR MONTH: 0.88 1 = FOG OR MIST
DPTR FM NORMAL: 0.9 DPTR FM NORMAL: -1.74 2 = FOG REDUCING VISIBILITY
HIGHEST: 85 ON 1 GRTST 24HR 0.81 ON 27-27 TO 1/4 MILE OR LESS
LOWEST: 37 ON 10 3 = THUNDER
SNOW, ICE PELLETS, HAIL 4 = ICE PELLETS
TOTAL MONTH: 0.0 INCH 5 = HAIL
GRTST 24HR 0.0 6 = FREEZING RAIN OR DRIZZLE
GRTST DEPTH: 0 7 = DUSTSTORM OR SANDSTORM:
VSBY 1/2 MILE OR LESS
8 = SMOKE OR HAZE
[NO. OF DAYS WITH] [WEATHER - DAYS WITH] 9 = BLOWING SNOW
X = TORNADO
MAX 32 OR BELOW: 0 0.01 INCH OR MORE: 6
MAX 90 OR ABOVE: 0 0.10 INCH OR MORE: 1
MIN 32 OR BELOW: 0 0.50 INCH OR MORE: 1
MIN 0 OR BELOW: 0 1.00 INCH OR MORE: 0
[HDD (BASE 65) ]
TOTAL THIS MO. 174 CLEAR (SCALE 0-3) 19
DPTR FM NORMAL -27 PTCLDY (SCALE 4-7) 11
TOTAL FM JUL 1 366 CLOUDY (SCALE 8-10) 1
DPTR FM NORMAL -37
[CDD (BASE 65) ]
TOTAL THIS MO. 49
DPTR FM NORMAL 7 [PRESSURE DATA]
TOTAL FM JAN 1 49 HIGHEST SLP 30.39 ON 19
DPTR FM NORMAL 7 LOWEST SLP 29.76 ON 15
[REMARKS]
#FINAL-01-21#