000
CXUS54 KLZK 011230
CF6SGT
PRELIMINARY LOCAL CLIMATOLOGICAL DATA (WS FORM: F-6)
STATION: STUTTGART AIRPORT
MONTH: JULY
YEAR: 2023
LATITUDE: 34 35 N
LONGITUDE: 91 34 W
TEMPERATURE IN F: :PCPN: SNOW: WIND :SUNSHINE: SKY :PK WND
================================================================================
1 2 3 4 5 6A 6B 7 8 9 10 11 12 13 14 15 16 17 18
12Z AVG MX 2MIN
DY MAX MIN AVG DEP HDD CDD WTR SNW DPTH SPD SPD DIR MIN PSBL S-S WX SPD DR
================================================================================
1 96 79 88 7 0 23 0.00 M M 9.9 20 200 M M 0 23 210
2 95 77 86 5 0 21 T M M 10.5 21 220 M M 1 8 32 260
3 93 75 84 3 0 19 T M M 4.1 14 180 M M 2 13 M M
4 88 73 81 -1 0 16 T M M 3.7 8 270 M M 1 3 M M
5 M M M M M M 0.00 M M M M M M M 0 M M
6 M M M M M M 0.00 M M M M M M M 0 3 M M
7 88 80 84 2 0 19 0.19 M M 7.1 10 240 M M 2 1 M M
8 89 73 81 -1 0 16 0.19 M M 8.0 21 320 M M 2 13 36 320
9 79 71 75 -7 0 10 0.42 M M 7.5 15 250 M M 5 13 M M
10 83 68 76 -6 0 11 0.00 M M 4.1 9 10 M M 6 18 M M
11 85 69 77 -5 0 12 0.12 M M 5.0 14 130 M M 3 1 M M
12 86 76 81 -1 0 16 0.01 M M 9.3 16 180 M M 5 M M
13 90 75 83 1 0 18 0.02 M M 6.6 13 180 M M 4 13 16 340
14 91 71 81 -1 0 16 0.58 M M 6.4 30 320 M M 2 13 43 310
15 86 71 79 -3 0 14 0.50 M M 6.3 14 210 M M 5 13 M M
16 90 73 82 0 0 17 0.00 M M 4.1 7 250 M M 0 M M
17 92 72 82 0 0 17 0.00 M M 7.6 13 150 M M 1 1 M M
18 96 78 87 5 0 22 0.00 M M 9.8 15 210 M M 0 M M
19 96 79 88 6 0 23 0.00 M M 11.7 18 220 M M 0 M M
20 94 78 86 4 0 21 0.00 M M 7.4 10 210 M M 0 M M
21 82 72 77 -5 0 12 0.28 M M 6.1 15 360 M M 4 13 26 270
22 84 70 77 -5 0 12 0.00 M M 6.3 10 360 M M 2 M M
23 90 69 80 -2 0 15 0.00 M M 5.0 8 190 M M 1 M M
24 92 72 82 0 0 17 0.00 M M 6.4 9 240 M M 0 M M
25 94 71 83 1 0 18 0.00 M M 8.5 12 180 M M 0 M M
26 93 75 84 2 0 19 0.00 M M 8.7 14 240 M M 0 M M
27 96 77 87 5 0 22 T M M 7.1 12 220 M M 0 M M
28 98 75 87 5 0 22 0.00 M M 6.3 12 230 M M 0 M M
29 97 76 87 5 0 22 0.00 M M 4.8 12 250 M M 0 M M
30 95 74 85 3 0 20 0.00 M M 4.7 10 60 M M 0 M M
31 92 75 84 2 0 19 0.00 M M 5.8 13 330 M M 1 3 M M
================================================================================
SM 2630 2144 0 509 2.31 M 198.9 M 47
================================================================================
AV 90.7 73.9 6.9 FASTST M M 2 MAX(MPH)
MISC ----> 30 320 43 310
================================================================================
NOTES:
# LAST OF SEVERAL OCCURRENCES
COLUMN 17 PEAK WIND IN M.P.H.
PRELIMINARY LOCAL CLIMATOLOGICAL DATA (WS FORM: F-6) , PAGE 2
STATION: STUTTGART AIRPORT
MONTH: JULY
YEAR: 2023
LATITUDE: 34 35 N
LONGITUDE: 91 34 W
[TEMPERATURE DATA] [PRECIPITATION DATA] SYMBOLS USED IN COLUMN 16
AVERAGE MONTHLY: 82.3 TOTAL FOR MONTH: 2.31 1 = FOG OR MIST
DPTR FM NORMAL: 0.4 DPTR FM NORMAL: -1.33 2 = FOG REDUCING VISIBILITY
HIGHEST: 98 ON 28 GRTST 24HR 1.07 ON 14-15 TO 1/4 MILE OR LESS
LOWEST: 68 ON 10 3 = THUNDER
SNOW, ICE PELLETS, HAIL 4 = ICE PELLETS
TOTAL MONTH: M 5 = HAIL
GRTST 24HR M ON M 6 = FREEZING RAIN OR DRIZZLE
GRTST DEPTH: M ON M 7 = DUSTSTORM OR SANDSTORM:
VSBY 1/2 MILE OR LESS
8 = SMOKE OR HAZE
[NO. OF DAYS WITH] [WEATHER - DAYS WITH] 9 = BLOWING SNOW
X = TORNADO
MAX 32 OR BELOW: 0 0.01 INCH OR MORE: 9
MAX 90 OR ABOVE: 19 0.10 INCH OR MORE: 7
MIN 32 OR BELOW: 0 0.50 INCH OR MORE: 2
MIN 0 OR BELOW: 0 1.00 INCH OR MORE: 0
[HDD (BASE 65) ]
TOTAL THIS MO. 0 CLEAR (SCALE 0-3) 25
DPTR FM NORMAL 0 PTCLDY (SCALE 4-7) 6
TOTAL FM JUL 1 0 CLOUDY (SCALE 8-10) 0
DPTR FM NORMAL 0
[CDD (BASE 65) ]
TOTAL THIS MO. 509
DPTR FM NORMAL -12 [PRESSURE DATA]
TOTAL FM JAN 1 1306 HIGHEST SLP 30.16 ON 25
DPTR FM NORMAL 108 LOWEST SLP 29.82 ON 14
[REMARKS]
#FINAL-07-23#