000
CXUS54 KSHV 020044
CF6SHV
PRELIMINARY LOCAL CLIMATOLOGICAL DATA (WS FORM: F-6)
STATION: SHREVEPORT
MONTH: OCTOBER
YEAR: 2023
LATITUDE: 32 28 N
LONGITUDE: 93 49 W
TEMPERATURE IN F: :PCPN: SNOW: WIND :SUNSHINE: SKY :PK WND
================================================================================
1 2 3 4 5 6A 6B 7 8 9 10 11 12 13 14 15 16 17 18
12Z AVG MX 2MIN
DY MAX MIN AVG DEP HDD CDD WTR SNW DPTH SPD SPD DIR MIN PSBL S-S WX SPD DR
================================================================================
1 95 68 82 9 0 17 0.00 0.0 0 3.6 14 110 M M 4 18 100
2 93 66 80 7 0 15 0.00 0.0 0 5.2 15 70 M M 4 21 120
3 91 65 78 6 0 13 T 0.0 0 5.0 20 140 M M 6 23 140
4 89 74 82 10 0 17 0.04 0.0 0 9.0 21 160 M M 10 27 150
5 76 67 72 0 0 7 1.50 0.0 0 7.8 28 140 M M 9 13 38 150
6 87 65 76 5 0 11 0.00 0.0 0 7.5 16 350 M M 5 1 22 330
7 74 51 63 -8 2 0 0.00 0.0 0 9.5 20 30 M M 4 27 30
8 78 50 64 -6 1 0 0.00 0.0 0 2.4 9 270 M M 0 12 300
9 88 53 71 1 0 6 0.00 0.0 0 6.0 17 260 M M 1 22 260
10 86 62 74 4 0 9 0.00 0.0 0 5.0 15 200 M M 9 20 200
11 72 61 67 -2 0 2 0.01 0.0 0 6.9 17 170 M M 9 25 170
12 70 61 66 -3 0 1 0.00 0.0 0 6.8 14 150 M M 9 20 140
13 84 60 72 4 0 7 0.00 0.0 0 6.2 17 330 M M 4 1 24 320
14 71 55 63 -5 2 0 0.00 0.0 0 10.9 21 330 M M 0 29 320
15 71 54 63 -5 2 0 0.00 0.0 0 10.8 20 350 M M 6 27 340
16 70 48 59 -8 6 0 0.00 0.0 0 8.3 17 340 M M 1 24 340
17 77 44 61 -6 4 0 0.00 0.0 0 2.3 9 340 M M 1 15 270
18 81 46 64 -2 1 0 0.00 0.0 0 5.0 17 190 M M 0 24 170
19 87 61 74 8 0 9 0.00 0.0 0 6.9 17 250 M M 3 24 270
20 91 56 74 8 0 9 0.00 0.0 0 4.6 15 260 M M 0 21 290
21 90 54 72 7 0 7 0.00 0.0 0 2.4 12 210 M M 6 17 160
22 87 59 73 8 0 8 0.00 0.0 0 1.3 10 190 M M 8 14 190
23 84 65 75 10 0 10 T 0.0 0 5.5 13 190 M M 9 1 19 170
24 88 66 77 13 0 12 0.00 0.0 0 10.8 22 150 M M 5 29 140
25 89 70 80 16 0 15 T 0.0 0 9.0 16 160 M M 4 23 140
26 85 68 77 13 0 12 1.95 0.0 0 8.7 24 270 M M 8 1 33 270
27 84 71 78 15 0 13 0.00 0.0 0 4.5 12 170 M M 8 1 14 190
28 87 73 80 17 0 15 0.04 0.0 0 5.5 13 170 M M 8 1 16 170
29 85 53 69 7 0 4 0.02 0.0 0 9.8 20 340 M M 8 1 26 340
30 54 47 51 -11 14 0 1.40 0.0 0 11.6 21 360 M M 9 1 32 10
31 61 42 52 -10 13 0 0.00 0.0 0 9.5 21 360 M M 2 28 360
================================================================================
SM 2525 1835 45 219 4.96 0.0 208.3 M 160
================================================================================
AV 81.5 59.2 6.7 FASTST M M 5 MAX(MPH)
MISC ----> 28 140 38 150
================================================================================
NOTES:
# LAST OF SEVERAL OCCURRENCES
COLUMN 17 PEAK WIND IN M.P.H.
PRELIMINARY LOCAL CLIMATOLOGICAL DATA (WS FORM: F-6) , PAGE 2
STATION: SHREVEPORT
MONTH: OCTOBER
YEAR: 2023
LATITUDE: 32 28 N
LONGITUDE: 93 49 W
[TEMPERATURE DATA] [PRECIPITATION DATA] SYMBOLS USED IN COLUMN 16
AVERAGE MONTHLY: 70.3 TOTAL FOR MONTH: 4.96 1 = FOG OR MIST
DPTR FM NORMAL: 2.9 DPTR FM NORMAL: 0.37 2 = FOG REDUCING VISIBILITY
HIGHEST: 95 ON 1 GRTST 24HR 1.95 ON 26-26 TO 1/4 MILE OR LESS
LOWEST: 42 ON 31 3 = THUNDER
SNOW, ICE PELLETS, HAIL 4 = ICE PELLETS
TOTAL MONTH: 0.0 INCH 5 = HAIL
GRTST 24HR 0.0 6 = FREEZING RAIN OR DRIZZLE
GRTST DEPTH: 0 7 = DUSTSTORM OR SANDSTORM:
VSBY 1/2 MILE OR LESS
8 = SMOKE OR HAZE
[NO. OF DAYS WITH] [WEATHER - DAYS WITH] 9 = BLOWING SNOW
X = TORNADO
MAX 32 OR BELOW: 0 0.01 INCH OR MORE: 7
MAX 90 OR ABOVE: 5 0.10 INCH OR MORE: 3
MIN 32 OR BELOW: 0 0.50 INCH OR MORE: 3
MIN 0 OR BELOW: 0 1.00 INCH OR MORE: 3
[HDD (BASE 65) ]
TOTAL THIS MO. 45 CLEAR (SCALE 0-3) 9
DPTR FM NORMAL -25 PTCLDY (SCALE 4-7) 12
TOTAL FM JUL 1 45 CLOUDY (SCALE 8-10) 10
DPTR FM NORMAL -27
[CDD (BASE 65) ]
TOTAL THIS MO. 219
DPTR FM NORMAL 76 [PRESSURE DATA]
TOTAL FM JAN 1 3277 HIGHEST SLP M ON M
DPTR FM NORMAL 637 LOWEST SLP 29.86 ON 21
[REMARKS]
#FINAL-10-23#