000
CXUS56 KMFR 011030
CF6SIY
PRELIMINARY LOCAL CLIMATOLOGICAL DATA (WS FORM: F-6)
STATION: MONTAGUE CA
MONTH: JANUARY
YEAR: 2023
LATITUDE: 41 46 N
LONGITUDE: 122 28 W
TEMPERATURE IN F: :PCPN: SNOW: WIND :SUNSHINE: SKY :PK WND
================================================================================
1 2 3 4 5 6A 6B 7 8 9 10 11 12 13 14 15 16 17 18
12Z AVG MX 2MIN
DY MAX MIN AVG DEP HDD CDD WTR SNW DPTH SPD SPD DIR MIN PSBL S-S WX SPD DR
================================================================================
1 47 29 38 2 27 0 0.00 M M 3.0 10 330 M M 1 13 360
2 34 27 31 -5 34 0 0.01 M M 3.9 10 350 M M 5 1 12 80
3 39 27 33 -3 32 0 0.00 M M 7.1 13 20 M M 7 16 20
4 49 34 42 6 23 0 0.38 M M 26.3 53 150 M M 7 1 71 160
5 55 34 45 9 20 0 0.07 M M 13.1 38 170 M M 6 1 47 170
6 50 31 41 5 24 0 0.00 M M 15.3 37 180 M M 2 48 170
7 47 41 44 8 21 0 T M M 29.9 47 160 M M 6 60 170
8 50 37 44 8 21 0 0.07 M M 19.3 45 170 M M 4 57 170
9 52 34 43 7 22 0 0.17 M M 11.5 45 160 M M 4 1 61 170
10 50 32 41 5 24 0 0.03 M M 11.7 35 150 M M 5 42 150
11 47 35 41 5 24 0 0.01 M M 20.6 37 180 M M 8 47 170
12 55 45 50 14 15 0 T M M 23.1 41 170 M M 5 55 170
13 52 37 45 9 20 0 0.03 M M 16.3 45 170 M M 7 59 160
14 48 37 43 6 22 0 0.10 M M 15.2 39 190 M M 6 51 180
15 46 32 39 2 26 0 0.08 M M 6.9 25 240 M M 6 1 29 250
16 45 30 38 1 27 0 0.00 M M 5.0 17 10 M M 4 23 10
17 45 25 35 -2 30 0 0.00 M M 2.0 6 220 M M 2 8 30
18 46 27 37 0 28 0 0.28 M M 5.4 30 170 M M 6 12 37 170
19 37 27 32 -5 33 0 0.00 M M 1.4 7 150 M M 7 12 9 170
20 34 23 29 -8 36 0 0.00 M M 2.1 7 240 M M 5 12 10 210
21 38 20 29 -8 36 0 0.00 M M 2.6 9 40 M M 4 11 40
22 43 26 35 -2 30 0 0.00 M M 6.0 15 10 M M 2 19 360
23 48 23 36 -1 29 0 0.00 M M 2.5 12 30 M M 0 18 14 30
24 50 22 36 -1 29 0 0.00 M M 0.9 8 210 M M 0 18 8 210
25 52 21 37 0 28 0 0.00 M M 1.6 6 60 M M 0 18 7 120
26 53 21 37 0 28 0 0.00 M M 1.0 7 120 M M 0 8 10 190
27 52 25 39 2 26 0 T M M 5.4 22 10 M M 2 27 40
28 48 20 34 -4 31 0 0.00 M M 4.0 17 40 M M 1 128 22 40
29 41 23 32 -6 33 0 T M M 15.5 29 20 M M 3 18 35 10
30 40 12 26 -12 39 0 0.00 M M 5.9 21 340 M M 0 8 25 340
31 45 13 29 -9 36 0 0.00 M M 1.8 10 40 M M 0 8 11 50
================================================================================
SM 1438 870 854 0 1.23 M 286.3 M 115
================================================================================
AV 46.4 28.1 9.2 FASTST M M 4 MAX(MPH)
MISC ----> 53 150 71 160
================================================================================
NOTES:
# LAST OF SEVERAL OCCURRENCES
COLUMN 17 PEAK WIND IN M.P.H.
PRELIMINARY LOCAL CLIMATOLOGICAL DATA (WS FORM: F-6) , PAGE 2
STATION: MONTAGUE CA
MONTH: JANUARY
YEAR: 2023
LATITUDE: 41 46 N
LONGITUDE: 122 28 W
[TEMPERATURE DATA] [PRECIPITATION DATA] SYMBOLS USED IN COLUMN 16
AVERAGE MONTHLY: 37.2 TOTAL FOR MONTH: 1.23 1 = FOG OR MIST
DPTR FM NORMAL: 0.5 DPTR FM NORMAL: -0.20 2 = FOG REDUCING VISIBILITY
HIGHEST: 55 ON 12, 5 GRTST 24HR 0.88 ON 10-10 TO 1/4 MILE OR LESS
LOWEST: 12 ON 30 3 = THUNDER
SNOW, ICE PELLETS, HAIL 4 = ICE PELLETS
TOTAL MONTH: M 5 = HAIL
GRTST 24HR M ON M 6 = FREEZING RAIN OR DRIZZLE
GRTST DEPTH: M ON M 7 = DUSTSTORM OR SANDSTORM:
VSBY 1/2 MILE OR LESS
8 = SMOKE OR HAZE
[NO. OF DAYS WITH] [WEATHER - DAYS WITH] 9 = BLOWING SNOW
X = TORNADO
MAX 32 OR BELOW: 0 0.01 INCH OR MORE: 11
MAX 90 OR ABOVE: 0 0.10 INCH OR MORE: 4
MIN 32 OR BELOW: 22 0.50 INCH OR MORE: 0
MIN 0 OR BELOW: 0 1.00 INCH OR MORE: 0
[HDD (BASE 65) ]
TOTAL THIS MO. 854 CLEAR (SCALE 0-3) 13
DPTR FM NORMAL -23 PTCLDY (SCALE 4-7) 17
TOTAL FM JUL 1 2833 CLOUDY (SCALE 8-10) 1
DPTR FM NORMAL -119
[CDD (BASE 65) ]
TOTAL THIS MO. 0
DPTR FM NORMAL 0 [PRESSURE DATA]
TOTAL FM JAN 1 0 HIGHEST SLP 30.74 ON 26
DPTR FM NORMAL 0 LOWEST SLP 29.40 ON 14
[REMARKS]
#FINAL-01-23#