776
CXUS56 KFGZ 010900
CF6SJN
PRELIMINARY LOCAL CLIMATOLOGICAL DATA (WS FORM: F-6)
STATION: SAINT JOHNS AZ AIRPORT
MONTH: JULY
YEAR: 2020
LATITUDE: 34 31 N
LONGITUDE: 109 23 W
TEMPERATURE IN F: :PCPN: SNOW: WIND :SUNSHINE: SKY :PK WND
================================================================================
1 2 3 4 5 6A 6B 7 8 9 10 11 12 13 14 15 16 17 18
12Z AVG MX 2MIN
DY MAX MIN AVG DEP HDD CDD WTR SNW DPTH SPD SPD DIR MIN PSBL S-S WX SPD DR
================================================================================
1 89 53 71 -5 0 6 0.00 M M 10.0 24 260 M M 0 32 260
2 89 56 73 -3 0 8 0.00 M M 4.9 17 220 M M 2 20 230
3 89 65 77 1 0 12 0.06 M M 8.1 28 240 M M 3 36 240
4 93 55 74 -2 0 9 0.00 M M 7.9 23 290 M M 0 30 290
5 96 60 78 2 0 13 0.00 M M 8.7 25 300 M M 0 36 290
6 97 63 80 4 0 15 0.00 M M 6.1 18 320 M M 0 25 310
7 97 61 79 3 0 14 0.00 M M 9.7 24 280 M M 0 32 250
8 95 64 80 3 0 15 0.00 M M 10.6 24 270 M M 1 33 290
9 97 62 80 3 0 15 0.00 M M 8.4 23 280 M M 1 29 270
10 98 62 80 3 0 15 0.00 M M 6.4 16 290 M M 0 22 300
11 101 65 83 6 0 18 0.00 M M 5.4 23 300 M M 0 34 290
12 100 64 82 5 0 17 0.00 M M 9.0 30 240 M M 0 38 240
13 96 70 83 6 0 18 0.02 M M 11.1 29 300 M M 1 3 38 300
14 97 64 81 4 0 16 0.00 M M 10.5 24 280 M M 1 31 290
15 91 61 76 -1 0 11 T M M 8.0 30 150 M M 1 3 36 180
16 90 60 75 -2 0 10 0.03 M M 5.3 25 250 M M 3 3 31 240
17 86 64 75 -2 0 10 T M M 7.2 29 260 M M 5 35 260
18 95 59 77 0 0 12 0.00 M M 6.6 20 50 M M 1 24 310
19 98 59 79 2 0 14 0.00 M M 5.6 25 250 M M 0 30 250
20 98 73 86 10 0 21 0.00 0.0 0 12.1 28 50 M M 0 33 50
21 95 70 83 7 0 18 T M M 10.5 32 250 M M 2 39 250
22 86 65 76 0 0 11 0.01 M M 5.2 12 100 M M 5 M M
23 83 56 70 -6 0 5 T 0.0 0 6.3 23 150 M M 2 3 28 150
24 77 63 70 -6 0 5 0.03 M M 4.0 15 140 M M 9 1 17 140
25 80 62 71 -5 0 6 0.20 M M 4.8 15 110 M M 8 1 19 180
26 88 60 74 -2 0 9 T M M 6.0 28 190 M M 2 3 33 180
27 87 59 73 -3 0 8 0.00 M M 6.1 24 170 M M 2 31 150
28 94 59 77 1 0 12 0.00 M M 6.8 22 190 M M 2 28 170
29 98 57 78 3 0 13 0.00 M M 5.0 17 310 M M 1 22 320
30 100 59 80 5 0 15 0.00 M M 6.3 17 340 M M 0 24 320
31 101 55 78 3 0 13 0.00 M M 6.9 23 80 M M 0 30 80
================================================================================
SM 2881 1905 0 384 0.35 0.0 229.5 M 52
================================================================================
AV 92.9 61.5 7.4 FASTST M M 2 MAX(MPH)
MISC ----> # 32 250 # 39 250
================================================================================
NOTES:
# LAST OF SEVERAL OCCURRENCES
COLUMN 17 PEAK WIND IN M.P.H.
PRELIMINARY LOCAL CLIMATOLOGICAL DATA (WS FORM: F-6) , PAGE 2
STATION: SAINT JOHNS AZ AIRPORT
MONTH: JULY
YEAR: 2020
LATITUDE: 34 31 N
LONGITUDE: 109 23 W
[TEMPERATURE DATA] [PRECIPITATION DATA] SYMBOLS USED IN COLUMN 16
AVERAGE MONTHLY: 77.2 TOTAL FOR MONTH: 0.35 1 = FOG OR MIST
DPTR FM NORMAL: 1.0 DPTR FM NORMAL: -1.62 2 = FOG REDUCING VISIBILITY
HIGHEST: 101 ON 31,11 GRTST 24HR 0.20 ON 25-25 TO 1/4 MILE OR LESS
LOWEST: 53 ON 1 3 = THUNDER
SNOW, ICE PELLETS, HAIL 4 = ICE PELLETS
TOTAL MONTH: 0.0 INCH 5 = HAIL
GRTST 24HR 0.0 6 = FREEZING RAIN OR DRIZZLE
GRTST DEPTH: 0 7 = DUSTSTORM OR SANDSTORM:
VSBY 1/2 MILE OR LESS
8 = SMOKE OR HAZE
[NO. OF DAYS WITH] [WEATHER - DAYS WITH] 9 = BLOWING SNOW
X = TORNADO
MAX 32 OR BELOW: 0 0.01 INCH OR MORE: 6
MAX 90 OR ABOVE: 21 0.10 INCH OR MORE: 1
MIN 32 OR BELOW: 0 0.50 INCH OR MORE: 0
MIN 0 OR BELOW: 0 1.00 INCH OR MORE: 0
[HDD (BASE 65) ]
TOTAL THIS MO. 0 CLEAR (SCALE 0-3) 26
DPTR FM NORMAL 0 PTCLDY (SCALE 4-7) 4
TOTAL FM JUL 1 0 CLOUDY (SCALE 8-10) 1
DPTR FM NORMAL 0
[CDD (BASE 65) ]
TOTAL THIS MO. 384
DPTR FM NORMAL 35 [PRESSURE DATA]
TOTAL FM JAN 1 710 HIGHEST SLP M ON M
DPTR FM NORMAL 110 LOWEST SLP 29.81 ON 21
[REMARKS]
#FINAL-07-20#