000
CXUS56 KPQR 011941
CLASLE
CLIMATE REPORT
NATIONAL WEATHER SERVICE PORTLAND OREGON
1141 AM PST SUN JAN 01 2023
...................................
...THE SALEM OR CLIMATE SUMMARY FOR THE YEAR OF 2022...
CLIMATE NORMAL PERIOD 1991 TO 2020
CLIMATE RECORD PERIOD 1892 TO 2022
WEATHER OBSERVED NORMAL DEPART LAST YEAR`S
VALUE DATE(S) VALUE FROM VALUE DATE(S)
NORMAL
................................................................
TEMPERATURE (F)
HIGHEST 103 117 06/28
LOWEST 21 26 01/23
02/10
12/31
AVG. MAXIMUM 65.2 64.4 0.8 66.2
AVG. MINIMUM 44.2 43.9 0.3 45.6
MEAN 54.7 54.1 0.6 55.9
DAYS MAX >= 90 32 18.3 13.7 41
DAYS MAX <= 32 2 1.3 0.7 1
DAYS MIN <= 32 57 49.4 7.6 37
DAYS MIN <= 0 0 0.0 0.0 0
PRECIPITATION (INCHES)
RECORD
MAXIMUM 66.96 1996
MINIMUM 23.59 2013
TOTALS 39.00 40.08 -1.08 38.92
DAYS >= .01 133 147.9 -14.9 138
DAYS >= .10 83 91.5 -8.5 84
DAYS >= .50 23 25.4 -2.4 25
DAYS >= 1.00 7 6.2 0.8 8
GREATEST
24 HR. TOTAL 2.35 01/02 TO 01/03
DEGREE DAYS
HEATING TOTAL 4280 4340 -60 3756
SINCE 7/1 1643 1738 -95 MM
COOLING TOTAL 658 401 257 801
SINCE 1/1 658 401 257 MM
................................................................
WIND (MPH)
AVERAGE WIND SPEED 5.9
RESULTANT WIND SPEED/DIRECTION 1/220
HIGHEST WIND SPEED/DIRECTION 39/190 DATE 12/27
HIGHEST GUST SPEED/DIRECTION 55/190 DATE 12/27
SKY COVER
POSSIBLE SUNSHINE (PERCENT) MM
AVERAGE SKY COVER 0.49
NUMBER OF DAYS FAIR 142
NUMBER OF DAYS PC 100
NUMBER OF DAYS CLOUDY 123
AVERAGE RH (PERCENT) 70
WEATHER CONDITIONS. NUMBER OF DAYS WITH
THUNDERSTORM 3 MIXED PRECIP 0
HEAVY RAIN 10 RAIN 52
LIGHT RAIN 151 FREEZING RAIN 1
LT FREEZING RAIN 2 HAIL 0
HEAVY SNOW 0 SNOW 0
LIGHT SNOW 7 SLEET 0
FOG 176 FOG W/VIS <= 1/4 MILE 32
HAZE 93
- INDICATES NEGATIVE NUMBERS.
R INDICATES RECORD WAS SET OR TIED.
MM INDICATES DATA IS MISSING.
T INDICATES TRACE AMOUNT.
$$