000
CXUS53 KICT 011510
CF6SLN
PRELIMINARY LOCAL CLIMATOLOGICAL DATA (WS FORM: F-6)
STATION: SALINA KS
MONTH: DECEMBER
YEAR: 2023
LATITUDE: 38 47 N
LONGITUDE: 97 39 W
TEMPERATURE IN F: :PCPN: SNOW: WIND :SUNSHINE: SKY :PK WND
================================================================================
1 2 3 4 5 6A 6B 7 8 9 10 11 12 13 14 15 16 17 18
12Z AVG MX 2MIN
DY MAX MIN AVG DEP HDD CDD WTR SNW DPTH SPD SPD DIR MIN PSBL S-S WX SPD DR
================================================================================
1 41 25 33 -4 32 0 T M M 8.5 18 360 M M 6 1 26 10
2 34 22 28 -9 37 0 0.00 M M 2.3 10 250 M M 6 12 15 250
3 45 24 35 -1 30 0 T M M 9.1 26 320 M M 2 1 35 300
4 57 24 41 5 24 0 0.02 M M 9.7 21 330 M M 2 28 220
5 50 32 41 5 24 0 0.00 M M 9.0 18 330 M M 4 23 310
6 61 30 46 11 19 0 0.00 M M 12.8 21 200 M M 0 27 190
7 67 40 54 19 11 0 0.00 M M 13.4 29 200 M M 0 38 190
8 59 36 48 14 17 0 0.00 M M 9.6 22 310 M M 1 30 310
9 49 28 39 5 26 0 0.00 M M 18.2 30 320 M M 1 37 320
10 51 20 36 2 29 0 0.00 M M 10.6 18 190 M M 0 24 200
11 56 20 38 4 27 0 0.00 M M 4.0 10 230 M M 0 13 240
12 47 29 38 5 27 0 0.00 M M 7.6 16 70 M M 0 21 80
13 48 28 38 5 27 0 0.00 M M 2.7 10 70 M M 1 14 60
14 49 33 41 8 24 0 0.06 M M 3.2 10 170 M M 9 1 13 170
15 44 38 41 8 24 0 0.39 M M 8.7 16 320 M M 10 1 20 320
16 49 27 38 6 27 0 0.00 M M 10.8 23 300 M M 5 26 300
17 57 26 42 10 23 0 0.00 M M 7.4 17 350 M M 0 21 350
18 43 27 35 3 30 0 0.00 M M 8.2 16 350 M M 0 21 360
19 51 30 41 9 24 0 0.00 M M 14.5 24 190 M M 0 36 190
20 57 39 48 16 17 0 0.00 M M 8.4 17 180 M M 1 25 190
21 57 46 52 20 13 0 0.26 M M 6.0 14 200 M M 9 1 18 200
22 57 36 47 16 18 0 0.01 M M 5.1 13 310 M M 5 12 15 300
23 58 33 46 15 19 0 T M M 13.4 29 160 M M 7 12 38 160
24 57 33 45 14 20 0 0.76 M M 17.5 30 340 M M 10 1 38 340
25 33 28 31 0 34 0 0.02 M M 19.8 26 300 M M 10 1 33 310
26 32 27 30 -1 35 0 0.01 M M 12.5 20 320 M M 10 18 24 330
27 34 25 30 -1 35 0 T M M 15.6 22 340 M M 6 29 330
28 37 23 30 -1 35 0 0.00 M M 10.4 23 330 M M 4 28 330
29 48 26 37 6 28 0 0.00 M M 11.6 24 330 M M 3 30 320
30 52 24 38 7 27 0 0.00 M M 4.3 9 310 M M 0 11 320
31 32 27 30 0 35 0 0.00 M M 11.1 18 350 M M 8 27 340
================================================================================
SM 1512 906 798 0 1.53 M 306.0 M 120
================================================================================
AV 48.8 29.2 9.9 FASTST M M 4 MAX(MPH)
MISC ----> # 30 320 # 38 190
================================================================================
NOTES:
# LAST OF SEVERAL OCCURRENCES
COLUMN 17 PEAK WIND IN M.P.H.
PRELIMINARY LOCAL CLIMATOLOGICAL DATA (WS FORM: F-6) , PAGE 2
STATION: SALINA KS
MONTH: DECEMBER
YEAR: 2023
LATITUDE: 38 47 N
LONGITUDE: 97 39 W
[TEMPERATURE DATA] [PRECIPITATION DATA] SYMBOLS USED IN COLUMN 16
AVERAGE MONTHLY: 39.0 TOTAL FOR MONTH: 1.53 1 = FOG OR MIST
DPTR FM NORMAL: 6.1 DPTR FM NORMAL: 0.41 2 = FOG REDUCING VISIBILITY
HIGHEST: 67 ON 7 GRTST 24HR 0.76 ON 24-24 TO 1/4 MILE OR LESS
LOWEST: 20 ON 11,10 3 = THUNDER
SNOW, ICE PELLETS, HAIL 4 = ICE PELLETS
TOTAL MONTH: M 5 = HAIL
GRTST 24HR M ON M 6 = FREEZING RAIN OR DRIZZLE
GRTST DEPTH: M ON M 7 = DUSTSTORM OR SANDSTORM:
VSBY 1/2 MILE OR LESS
8 = SMOKE OR HAZE
[NO. OF DAYS WITH] [WEATHER - DAYS WITH] 9 = BLOWING SNOW
X = TORNADO
MAX 32 OR BELOW: 2 0.01 INCH OR MORE: 8
MAX 90 OR ABOVE: 0 0.10 INCH OR MORE: 3
MIN 32 OR BELOW: 22 0.50 INCH OR MORE: 1
MIN 0 OR BELOW: 0 1.00 INCH OR MORE: 0
[HDD (BASE 65) ]
TOTAL THIS MO. 798 CLEAR (SCALE 0-3) 16
DPTR FM NORMAL -197 PTCLDY (SCALE 4-7) 9
TOTAL FM JUL 1 1619 CLOUDY (SCALE 8-10) 6
DPTR FM NORMAL -349
[CDD (BASE 65) ]
TOTAL THIS MO. 0
DPTR FM NORMAL 0 [PRESSURE DATA]
TOTAL FM JAN 1 1913 HIGHEST SLP 30.62 ON 13
DPTR FM NORMAL 290 LOWEST SLP 29.51 ON 7
[REMARKS]
#FINAL-12-23#