780
CXUS56 KMTR 142207
CF6SNS
PRELIMINARY LOCAL CLIMATOLOGICAL DATA (WS FORM: F-6)
STATION: SALINAS AIRPORT
MONTH: JULY
YEAR: 2020
LATITUDE: 36 40 N
LONGITUDE: 121 36 W
TEMPERATURE IN F: :PCPN: SNOW: WIND :SUNSHINE: SKY :PK WND
================================================================================
1 2 3 4 5 6A 6B 7 8 9 10 11 12 13 14 15 16 17 18
12Z AVG MX 2MIN
DY MAX MIN AVG DEP HDD CDD WTR SNW DPTH SPD SPD DIR MIN PSBL S-S WX SPD DR
================================================================================
1 69 57 63 0 2 0 0.00 M M 9.0 21 330 M M 9 24 330
2 70 58 64 1 1 0 0.00 M M 8.7 21 330 M M 8 27 350
3 72 57 65 2 0 0 0.00 M M 7.2 17 310 M M 4 21 290
4 78 54 66 3 0 1 0.00 M M 8.0 16 320 M M 3 18 23 320
5 74 57 66 3 0 1 0.00 M M 10.7 18 310 M M 0 8 23 330
6 71 57 64 1 1 0 0.00 M M 12.7 20 260 M M 3 8 25 300
7 70 56 63 0 2 0 0.00 M M 11.5 18 320 M M 1 23 310
8 71 56 64 1 1 0 0.00 M M 9.2 18 320 M M 4 25 300
9 73 57 65 2 0 0 0.00 M M 8.9 18 310 M M 4 22 300
10 73 54 64 1 1 0 T M M 8.5 17 320 M M 1 18 23 300
11 76 55 66 3 0 1 0.00 M M 8.2 18 320 M M 0 22 320
12 76 53 65 2 0 0 0.00 M M 8.8 18 310 M M 1 18 23 320
13 69 57 63 0 2 0 T M M 11.2 18 330 M M 8 18 24 320
14 71 59 65 2 0 0 0.00 M M 9.1 20 310 M M 8 25 330
15 72 60 66 3 0 1 0.00 M M 8.8 18 340 M M 6 25 320
16 71 59 65 2 0 0 0.00 M M 7.7 18 330 M M 8 24 340
17 69 59 64 1 1 0 0.00 M M 8.6 20 340 M M 9 18 26 320
18 71 60 66 3 0 1 0.00 M M 7.7 18 330 M M 9 18 23 310
19 71 60 66 3 0 1 0.00 M M 8.6 17 320 M M 7 23 330
20 71 59 65 2 0 0 T M M 9.0 18 310 M M 7 18 23 330
21 71 57 64 1 1 0 0.00 M M 8.1 18 320 M M 8 18 23 310
22 72 M M M M M 0.02 M M 7.5 18 300 M M 9 18 27 310
23 71 59 65 2 0 0 T M M 7.8 18 320 M M 8 18 22 300
24 69 58 64 1 1 0 0.00 M M 8.9 20 290 M M 9 23 300
25 72 59 66 3 0 1 0.00 M M 8.7 17 320 M M 7 22 330
26 72 60 66 3 0 1 0.00 M M 7.7 18 330 M M 5 23 320
27 72 59 66 3 0 1 0.00 M M 8.9 18 330 M M 6 8 24 330
28 73 59 66 3 0 1 0.00 M M 8.0 18 310 M M 6 18 22 300
29 70 60 65 2 0 0 0.00 M M 8.1 20 330 M M 7 18 24 290
30 72 60 66 3 0 1 0.00 M M 8.1 18 300 M M 7 18 25 330
31 74 59 67 4 0 2 0.00 M M 9.5 21 310 M M 5 18 25 320
================================================================================
SM 2226 1734 13 13 0.02 M 273.4 M 177
================================================================================
AV 71.8 57.8 8.8 FASTST M M 6 MAX(MPH)
MISC ----> # 21 330 # 27 350
================================================================================
NOTES:
# LAST OF SEVERAL OCCURRENCES
COLUMN 17 PEAK WIND IN M.P.H.
PRELIMINARY LOCAL CLIMATOLOGICAL DATA (WS FORM: F-6) , PAGE 2
STATION: SALINAS AIRPORT
MONTH: JULY
YEAR: 2020
LATITUDE: 36 40 N
LONGITUDE: 121 36 W
[TEMPERATURE DATA] [PRECIPITATION DATA] SYMBOLS USED IN COLUMN 16
AVERAGE MONTHLY: 64.8 TOTAL FOR MONTH: 0.02 1 = FOG OR MIST
DPTR FM NORMAL: 1.8 DPTR FM NORMAL: 0.02 2 = FOG REDUCING VISIBILITY
HIGHEST: 78 ON 4 GRTST 24HR 0.05 ON 22-22 TO 1/4 MILE OR LESS
LOWEST: 53 ON 12 3 = THUNDER
SNOW, ICE PELLETS, HAIL 4 = ICE PELLETS
TOTAL MONTH: M 5 = HAIL
GRTST 24HR M ON M 6 = FREEZING RAIN OR DRIZZLE
GRTST DEPTH: M ON M 7 = DUSTSTORM OR SANDSTORM:
VSBY 1/2 MILE OR LESS
8 = SMOKE OR HAZE
[NO. OF DAYS WITH] [WEATHER - DAYS WITH] 9 = BLOWING SNOW
X = TORNADO
MAX 32 OR BELOW: 0 0.01 INCH OR MORE: 1
MAX 90 OR ABOVE: 0 0.10 INCH OR MORE: 0
MIN 32 OR BELOW: 0 0.50 INCH OR MORE: 0
MIN 0 OR BELOW: 0 1.00 INCH OR MORE: 0
[HDD (BASE 65) ]
TOTAL THIS MO. 13 CLEAR (SCALE 0-3) 7
DPTR FM NORMAL -65 PTCLDY (SCALE 4-7) 18
TOTAL FM JUL 1 13 CLOUDY (SCALE 8-10) 6
DPTR FM NORMAL -69
[CDD (BASE 65) ]
TOTAL THIS MO. 13
DPTR FM NORMAL -5 [PRESSURE DATA]
TOTAL FM JAN 1 72 HIGHEST SLP 30.09 ON 31
DPTR FM NORMAL 26 LOWEST SLP 29.87 ON 1
[REMARKS]
#FINAL-07-20#