000
CXUS55 KPIH 011806
CF6SNT
PRELIMINARY LOCAL CLIMATOLOGICAL DATA (WS FORM: F-6)
STATION: STANLEY
MONTH: MAY
YEAR: 2022
LATITUDE: 44 10 N
LONGITUDE: 114 56 W
TEMPERATURE IN F: :PCPN: SNOW: WIND :SUNSHINE: SKY :PK WND
================================================================================
1 2 3 4 5 6A 6B 7 8 9 10 11 12 13 14 15 16 17 18
12Z AVG MX 2MIN
DY MAX MIN AVG DEP HDD CDD WTR SNW DPTH SPD SPD DIR MIN PSBL S-S WX SPD DR
================================================================================
1 55 29 42 2 23 0 0.11 M M 4.0 12 330 M M 0 18 350
2 54 24 39 -1 26 0 0.19 M M 5.6 21 160 M M 0 33 140
3 49 27 38 -3 27 0 0.62 M M 4.4 13 320 M M 0 23 290
4 63 23 43 2 22 0 0.00 M M 3.4 9 40 M M 0 15 30
5 61 27 44 2 21 0 0.26 M M 4.8 20 200 M M 0 31 210
6 55 36 46 4 19 0 0.37 M M 6.8 20 170 M M 0 34 170
7 44 31 38 -4 27 0 0.34 M M 5.3 17 170 M M 0 26 180
8 39 23 31 -12 34 0 0.02 M M 3.0 16 320 M M 0 27 330
9 36 17 27 -16 38 0 0.29 M M 4.3 16 220 M M 0 23 200
10 44 11 28 -16 37 0 0.00 M M 3.5 15 170 M M 0 28 160
11 49 20 35 -9 30 0 0.01 M M 2.7 12 350 M M 0 18 340
12 48 28 38 -6 27 0 0.00 M M 3.7 14 160 M M 0 20 190
13 48 32 40 -4 25 0 0.23 M M 2.8 16 220 M M 0 26 200
14 52 33 43 -2 22 0 0.11 M M 4.8 14 190 M M 0 21 160
15 70 31 51 6 14 0 0.00 M M 2.6 20 330 M M 0 40 350
16 65 35 50 5 15 0 0.03 M M 3.7 13 320 M M 0 21 330
17 63 27 45 -1 20 0 0.00 M M 4.2 14 320 M M 0 21 330
18 60 27 44 -2 21 0 0.16 M M 4.2 18 220 M M 0 36 210
19 46 28 37 -9 28 0 0.04 M M 9.1 22 350 M M 0 36 350
20 51 29 40 -6 25 0 0.00 M M 5.0 14 30 M M 0 20 340
21 49 27 38 -9 27 0 0.06 M M 4.3 18 200 M M 0 29 230
22 52 26 39 -8 26 0 0.00 M M 4.8 16 340 M M 0 26 360
23 55 22 39 -8 26 0 0.00 M M 4.4 12 300 M M 0 20 260
24 59 28 44 -3 21 0 0.00 M M 4.2 15 340 M M 0 25 260
25 68 36 52 4 13 0 0.00 M M 4.5 14 330 M M 0 22 340
26 76 29 53 5 12 0 0.25 M M 4.9 17 160 M M 0 32 140
27 62 44 53 5 12 0 0.49 M M 5.4 15 280 M M 0 25 170
28 54 38 46 -2 19 0 0.06 M M 2.7 13 180 M M 0 21 190
29 44 35 40 -8 25 0 0.35 M M 4.4 13 340 M M 0 20 350
30 51 33 42 -6 23 0 0.11 M M 5.4 14 70 M M 0 24 90
31 56 35 46 -3 19 0 0.00 M M 3.8 10 10 M M 0 17 350
================================================================================
SM 1678 891 724 0 4.10 M 136.7 M 0
================================================================================
AV 54.1 28.7 4.4 FASTST M M 0 MAX(MPH)
MISC ----> 22 350 40 350
================================================================================
NOTES:
# LAST OF SEVERAL OCCURRENCES
COLUMN 17 PEAK WIND IN M.P.H.
PRELIMINARY LOCAL CLIMATOLOGICAL DATA (WS FORM: F-6) , PAGE 2
STATION: STANLEY
MONTH: MAY
YEAR: 2022
LATITUDE: 44 10 N
LONGITUDE: 114 56 W
[TEMPERATURE DATA] [PRECIPITATION DATA] SYMBOLS USED IN COLUMN 16
AVERAGE MONTHLY: 41.4 TOTAL FOR MONTH: 4.10 1 = FOG OR MIST
DPTR FM NORMAL: -3.6 DPTR FM NORMAL: 2.61 2 = FOG REDUCING VISIBILITY
HIGHEST: 76 ON 26 GRTST 24HR 0.81 ON 2- 3 TO 1/4 MILE OR LESS
LOWEST: 11 ON 10 3 = THUNDER
SNOW, ICE PELLETS, HAIL 4 = ICE PELLETS
TOTAL MONTH: M 5 = HAIL
GRTST 24HR M ON M 6 = FREEZING RAIN OR DRIZZLE
GRTST DEPTH: M ON M 7 = DUSTSTORM OR SANDSTORM:
VSBY 1/2 MILE OR LESS
8 = SMOKE OR HAZE
[NO. OF DAYS WITH] [WEATHER - DAYS WITH] 9 = BLOWING SNOW
X = TORNADO
MAX 32 OR BELOW: 0 0.01 INCH OR MORE: 20
MAX 90 OR ABOVE: 0 0.10 INCH OR MORE: 14
MIN 32 OR BELOW: 22 0.50 INCH OR MORE: 1
MIN 0 OR BELOW: 0 1.00 INCH OR MORE: 0
[HDD (BASE 65) ]
TOTAL THIS MO. 724 CLEAR (SCALE 0-3) 31
DPTR FM NORMAL 104 PTCLDY (SCALE 4-7) 0
TOTAL FM JUL 1 9483 CLOUDY (SCALE 8-10) 0
DPTR FM NORMAL -175
[CDD (BASE 65) ]
TOTAL THIS MO. 0
DPTR FM NORMAL 0 [PRESSURE DATA]
TOTAL FM JAN 1 0 HIGHEST SLP 30.22 ON 15
DPTR FM NORMAL 0 LOWEST SLP 29.44 ON 29
[REMARKS]
2ND: RAINFALL OF 0.40 BREAKS PREVIOUS RECORD OF 0.19 SET IN 1983.
10TH: LOW OF 22 BREAKS PREVIOUS RECORD OF 24 SET IN 2006.
26TH: HIGH OF 87 BREAKS PREVIOUS RECORD OF 85 SET IN 1988.
#FINAL-05-22#