000
CXUS55 KPUB 011210
CF6SPD
PRELIMINARY LOCAL CLIMATOLOGICAL DATA (WS FORM: F-6)
STATION: SPRINGFIELD CO
MONTH: SEPTEMBER
YEAR: 2021
LATITUDE: 37 16 N
LONGITUDE: 102 37 W
TEMPERATURE IN F: :PCPN: SNOW: WIND :SUNSHINE: SKY :PK WND
================================================================================
1 2 3 4 5 6A 6B 7 8 9 10 11 12 13 14 15 16 17 18
12Z AVG MX 2MIN
DY MAX MIN AVG DEP HDD CDD WTR SNW DPTH SPD SPD DIR MIN PSBL S-S WX SPD DR
================================================================================
1 97 62 80 9 0 15 0.04 M M 14.9 33 190 M M 0 46 200
2 93 65 79 8 0 14 0.00 M M 10.0 20 220 M M 0 28 230
3 84 60 72 2 0 7 0.00 M M 10.2 24 20 M M 0 31 10
4 81 58 70 0 0 5 0.00 M M 9.8 23 20 M M 0 31 10
5 89 56 73 3 0 8 0.00 M M 8.3 23 160 M M 0 29 170
6 96 58 77 7 0 12 0.00 M M 7.3 17 180 M M 0 22 180
7 94 57 76 7 0 11 0.00 M M 12.0 22 30 M M 0 32 40
8 88 49 69 0 0 4 0.00 M M 10.5 21 180 M M 0 29 170
9 99 60 80 11 0 15 0.00 M M 6.6 17 180 M M 0 22 180
10 100 58 79 11 0 14 0.00 M M 7.8 15 120 M M 0 20 120
11 104 59 82 14 0 17 0.00 M M 10.5 20 200 M M 0 30 200
12 95 65 80 12 0 15 0.00 M M 10.3 29 330 M M 0 39 330
13 98 57 78 11 0 13 0.00 M M 14.1 25 170 M M 0 33 190
14 85 61 73 6 0 8 0.01 M M 13.3 26 10 M M 0 36 10
15 88 54 71 4 0 6 0.00 M M 12.3 22 180 M M 0 33 150
16 94 63 79 13 0 14 0.00 M M 18.2 28 190 M M 0 39 180
17 70 55 63 -3 2 0 0.01 M M 17.9 40 340 M M 0 54 340
18 91 54 73 8 0 8 0.00 M M 13.7 25 170 M M 0 35 200
19 96 63 80 15 0 15 0.00 M M 13.8 24 230 M M 0 36 220
20 76 56 66 1 0 1 0.00 M M 15.3 28 340 M M 0 41 360
21 70 42 56 -8 9 0 0.00 M M 12.0 26 340 M M 0 33 340
22 83 38 61 -3 4 0 0.00 M M 7.6 24 200 M M 0 33 200
23 87 46 67 4 0 2 0.00 M M 7.0 14 110 M M 0 20 240
24 82 49 66 3 0 1 0.00 M M 11.5 23 20 M M 0 32 360
25 89 44 67 5 0 2 0.00 M M 12.7 25 190 M M 0 36 190
26 93 56 75 13 0 10 0.00 M M 11.3 28 190 M M 0 35 190
27 89 56 73 12 0 8 0.00 M M 9.5 17 200 M M 0 32 190
28 85 58 72 11 0 7 0.00 M M 14.2 26 180 M M 0 39 180
29 M 48 M M M M M M M M M M M M 0 M M
30 67 49 58 -2 7 0 0.00 M M 13.5 32 350 M M 0 43 350
================================================================================
SM 2563 1656 22 232 0.06 M 336.1 M 0
================================================================================
AV 88.4 55.2 11.6 FASTST M M 0 MAX(MPH)
MISC ----> 40 340 54 340
================================================================================
NOTES:
# LAST OF SEVERAL OCCURRENCES
COLUMN 17 PEAK WIND IN M.P.H.
PRELIMINARY LOCAL CLIMATOLOGICAL DATA (WS FORM: F-6) , PAGE 2
STATION: SPRINGFIELD CO
MONTH: SEPTEMBER
YEAR: 2021
LATITUDE: 37 16 N
LONGITUDE: 102 37 W
[TEMPERATURE DATA] [PRECIPITATION DATA] SYMBOLS USED IN COLUMN 16
AVERAGE MONTHLY: 71.8 TOTAL FOR MONTH: 0.06 1 = FOG OR MIST
DPTR FM NORMAL: 5.7 DPTR FM NORMAL: -1.32 2 = FOG REDUCING VISIBILITY
HIGHEST: 104 ON 11 GRTST 24HR 0.04 ON 1- 1 TO 1/4 MILE OR LESS
LOWEST: 38 ON 22 3 = THUNDER
SNOW, ICE PELLETS, HAIL 4 = ICE PELLETS
TOTAL MONTH: M 5 = HAIL
GRTST 24HR M ON M 6 = FREEZING RAIN OR DRIZZLE
GRTST DEPTH: M ON M 7 = DUSTSTORM OR SANDSTORM:
VSBY 1/2 MILE OR LESS
8 = SMOKE OR HAZE
[NO. OF DAYS WITH] [WEATHER - DAYS WITH] 9 = BLOWING SNOW
X = TORNADO
MAX 32 OR BELOW: 0 0.01 INCH OR MORE: 3
MAX 90 OR ABOVE: 13 0.10 INCH OR MORE: 0
MIN 32 OR BELOW: 0 0.50 INCH OR MORE: 0
MIN 0 OR BELOW: 0 1.00 INCH OR MORE: 0
[HDD (BASE 65) ]
TOTAL THIS MO. 22 CLEAR (SCALE 0-3) 30
DPTR FM NORMAL -59 PTCLDY (SCALE 4-7) 0
TOTAL FM JUL 1 22 CLOUDY (SCALE 8-10) 0
DPTR FM NORMAL -67
[CDD (BASE 65) ]
TOTAL THIS MO. 232
DPTR FM NORMAL 120 [PRESSURE DATA]
TOTAL FM JAN 1 1273 HIGHEST SLP 30.43 ON 21
DPTR FM NORMAL 304 LOWEST SLP 29.55 ON 19
[REMARKS]
#FINAL-09-21#