000
CXUS55 KPUB 011210
CF6SPD
PRELIMINARY LOCAL CLIMATOLOGICAL DATA (WS FORM: F-6)
STATION: SPRINGFIELD CO
MONTH: APRIL
YEAR: 2021
LATITUDE: 37 16 N
LONGITUDE: 102 37 W
TEMPERATURE IN F: :PCPN: SNOW: WIND :SUNSHINE: SKY :PK WND
================================================================================
1 2 3 4 5 6A 6B 7 8 9 10 11 12 13 14 15 16 17 18
12Z AVG MX 2MIN
DY MAX MIN AVG DEP HDD CDD WTR SNW DPTH SPD SPD DIR MIN PSBL S-S WX SPD DR
================================================================================
1 70 25 48 1 17 0 0.00 M M 18.1 30 190 M M 0 46 200
2 79 42 61 13 4 0 0.00 M M 14.7 23 170 M M 0 32 210
3 83 40 62 14 3 0 0.00 M M 11.5 20 210 M M 0 29 160
4 86 46 66 18 0 1 0.00 M M 15.9 32 190 M M 0 44 190
5 88 47 68 20 0 3 0.00 M M 10.3 18 180 M M 0 28 190
6 81 39 60 11 5 0 0.00 M M 17.6 46 350 M M 0 57 350
7 63 36 50 1 15 0 0.00 M M 19.5 39 340 M M 0 51 350
8 76 36 56 7 9 0 0.00 M M 9.5 23 340 M M 0 33 280
9 59 30 45 -5 20 0 0.00 M M 19.9 45 350 M M 0 56 350
10 70 25 48 -2 17 0 0.00 M M 7.4 16 180 M M 0 23 200
11 76 37 57 7 8 0 0.00 M M 16.9 30 60 M M 0 39 60
12 53 26 40 -10 25 0 0.00 M M 8.1 17 80 M M 0 23 70
13 55 28 42 -9 23 0 0.00 M M 11.2 21 120 M M 0 26 110
14 57 30 44 -7 21 0 0.00 M M 14.2 28 140 M M 0 34 150
15 44 35 40 -11 25 0 0.06 M M 18.4 29 150 M M 0 35 160
16 43 32 38 -14 27 0 0.02 M M 16.8 26 360 M M 0 35 350
17 48 26 37 -15 28 0 0.00 M M 13.1 23 310 M M 0 29 310
18 62 26 44 -8 21 0 0.00 M M 12.0 25 340 M M 0 39 290
19 68 27 48 -5 17 0 0.00 M M 16.2 33 30 M M 0 43 70
20 45 21 33 -20 32 0 0.04 M M 10.5 25 30 M M 0 32 30
21 54 27 41 -12 24 0 0.00 M M 13.8 28 180 M M 0 35 150
22 67 32 50 -4 15 0 0.00 M M 23.6 43 200 M M 0 54 190
23 68 33 51 -3 14 0 0.09 M M 11.9 38 280 M M 0 53 290
24 73 33 53 -1 12 0 0.00 M M 16.5 32 180 M M 0 40 170
25 88 41 65 11 0 0 0.00 M M 13.1 33 190 M M 0 44 180
26 88 50 69 14 0 4 0.00 M M 16.2 32 210 M M 0 49 230
27 80 45 63 8 2 0 0.00 M M 17.4 47 190 M M 0 66 190
28 60 40 50 -5 15 0 0.00 M M 20.8 36 340 M M 0 49 10
29 74 37 56 0 9 0 0.00 M M 12.2 26 40 M M 0 36 10
30 78 36 57 1 8 0 0.00 M M 11.8 21 170 M M 0 29 150
================================================================================
SM 2036 1028 416 8 0.21 M 439.1 M 0
================================================================================
AV 67.9 34.3 14.6 FASTST M M 0 MAX(MPH)
MISC ----> 47 190 66 190
================================================================================
NOTES:
# LAST OF SEVERAL OCCURRENCES
COLUMN 17 PEAK WIND IN M.P.H.
PRELIMINARY LOCAL CLIMATOLOGICAL DATA (WS FORM: F-6) , PAGE 2
STATION: SPRINGFIELD CO
MONTH: APRIL
YEAR: 2021
LATITUDE: 37 16 N
LONGITUDE: 102 37 W
[TEMPERATURE DATA] [PRECIPITATION DATA] SYMBOLS USED IN COLUMN 16
AVERAGE MONTHLY: 51.1 TOTAL FOR MONTH: 0.21 1 = FOG OR MIST
DPTR FM NORMAL: -0.5 DPTR FM NORMAL: -1.06 2 = FOG REDUCING VISIBILITY
HIGHEST: 88 ON 26,25 GRTST 24HR 0.09 ON 23-23 TO 1/4 MILE OR LESS
LOWEST: 21 ON 20 3 = THUNDER
SNOW, ICE PELLETS, HAIL 4 = ICE PELLETS
TOTAL MONTH: M 5 = HAIL
GRTST 24HR M ON M 6 = FREEZING RAIN OR DRIZZLE
GRTST DEPTH: M ON M 7 = DUSTSTORM OR SANDSTORM:
VSBY 1/2 MILE OR LESS
8 = SMOKE OR HAZE
[NO. OF DAYS WITH] [WEATHER - DAYS WITH] 9 = BLOWING SNOW
X = TORNADO
MAX 32 OR BELOW: 0 0.01 INCH OR MORE: 4
MAX 90 OR ABOVE: 0 0.10 INCH OR MORE: 0
MIN 32 OR BELOW: 13 0.50 INCH OR MORE: 0
MIN 0 OR BELOW: 0 1.00 INCH OR MORE: 0
[HDD (BASE 65) ]
TOTAL THIS MO. 416 CLEAR (SCALE 0-3) 30
DPTR FM NORMAL 10 PTCLDY (SCALE 4-7) 0
TOTAL FM JUL 1 4741 CLOUDY (SCALE 8-10) 0
DPTR FM NORMAL -359
[CDD (BASE 65) ]
TOTAL THIS MO. 8
DPTR FM NORMAL 4 [PRESSURE DATA]
TOTAL FM JAN 1 8 HIGHEST SLP 30.42 ON 1
DPTR FM NORMAL 4 LOWEST SLP 29.30 ON 26
[REMARKS]
#FINAL-04-21#