790
CXUS52 KTBW 030308
CF6SPG
PRELIMINARY LOCAL CLIMATOLOGICAL DATA (WS FORM: F-6)
STATION: Saint Petersburg
MONTH: OCTOBER
YEAR: 2020
LATITUDE: 27 46 N
LONGITUDE: 82 38 W
TEMPERATURE IN F: :PCPN: SNOW: WIND :SUNSHINE: SKY :PK WND
================================================================================
1 2 3 4 5 6A 6B 7 8 9 10 11 12 13 14 15 16 17 18
12Z AVG MX 2MIN
DY MAX MIN AVG DEP HDD CDD WTR SNW DPTH SPD SPD DIR MIN PSBL S-S WX SPD DR
================================================================================
1 84 72 78 -2 0 13 0.00 0.0 0 11.0 18 30 M M 4 22 40
2 83 71 77 -3 0 12 0.00 0.0 0 8.6 16 20 M M 0 18 40
3 81 72 77 -3 0 12 0.09 0.0 0 14.3 21 50 M M 5 24 50
4 77 73 75 -5 0 10 0.35 0.0 0 13.7 23 50 M M 8 1 28 40
5 83 75 79 -1 0 14 0.00 0.0 0 14.0 23 40 M M 1 26 50
6 88 78 83 3 0 18 0.00 0.0 0 10.3 16 80 M M 2 20 80
7 89 79 84 5 0 19 0.00 0.0 0 9.1 15 100 M M 0 17 100
8 90 78 84 5 0 19 0.00 0.0 0 8.1 15 120 M M 1 19 360
9 90 78 84 5 0 19 0.00 0.0 0 9.8 18 130 M M 1 22 130
10 87 78 83 4 0 18 T 0.0 0 12.0 21 150 M M 1 25 140
11 86 78 82 4 0 17 0.15 0.0 0 8.2 21 260 M M 4 18 27 280
12 85 77 81 3 0 16 T 0.0 0 4.1 14 260 M M 1 20 270
13 86 77 82 4 0 17 0.00 0.0 0 8.2 15 340 M M 1 19 340
14 90 77 84 6 0 19 0.00 0.0 0 5.3 15 110 M M 1 18 140
15 90 77 84 6 0 19 0.00 0.0 0 6.6 12 30 M M 1 13 30
16 88 77 83 6 0 18 0.00 0.0 0 8.1 13 350 M M 1 16 330
17 86 75 81 4 0 16 0.00 0.0 0 14.2 23 50 M M 0 26 40
18 87 75 81 4 0 16 0.00 0.0 0 17.2 32 60 M M 1 38 70
19 85 74 80 4 0 15 0.17 0.0 0 17.4 28 120 M M 4 13 31 120
20 85 78 82 6 0 17 0.04 0.0 0 16.6 22 80 M M 1 13 26 60
21 82 74 78 2 0 13 0.01 0.0 0 13.8 33 120 M M 3 1 39 120
22 87 75 81 5 0 16 0.03 0.0 0 13.8 25 90 M M 4 1 31 80
23 85 76 81 5 0 16 0.00 0.0 0 11.5 20 100 M M 4 22 110
24 85 76 81 6 0 16 0.00 0.0 0 10.2 20 120 M M 1 22 120
25 88 76 82 7 0 17 T 0.0 0 7.7 17 80 M M 3 20 70
26 88 77 83 8 0 18 T 0.0 0 10.3 23 110 M M 5 3 26 110
27 88 77 83 9 0 18 0.10 0.0 0 12.4 20 100 M M 4 1 23 130
28 88 78 83 9 0 18 T 0.0 0 11.5 20 120 M M 3 24 110
29 86 77 82 8 0 17 0.04 0.0 0 11.8 21 230 M M 4 1 32 240
30 78 69 74 0 0 9 0.00 0.0 0 10.2 20 60 M M 2 24 360
31 83 68 76 2 0 11 0.00 0.0 0 11.8 18 60 M M 6 22 60
================================================================================
SM 2658 2342 0 493 0.98 0.0 341.8 M 77
================================================================================
AV 85.7 75.6 11.0 FASTST M M 2 MAX(MPH)
MISC ----> # 33 120 # 39 120
================================================================================
NOTES:
# LAST OF SEVERAL OCCURRENCES
COLUMN 17 PEAK WIND IN M.P.H.
PRELIMINARY LOCAL CLIMATOLOGICAL DATA (WS FORM: F-6) , PAGE 2
STATION: Saint Petersburg
MONTH: OCTOBER
YEAR: 2020
LATITUDE: 27 46 N
LONGITUDE: 82 38 W
[TEMPERATURE DATA] [PRECIPITATION DATA] SYMBOLS USED IN COLUMN 16
AVERAGE MONTHLY: 80.7 TOTAL FOR MONTH: 0.98 1 = FOG OR MIST
DPTR FM NORMAL: 3.4 DPTR FM NORMAL: -1.80 2 = FOG REDUCING VISIBILITY
HIGHEST: 90 ON 15,14 GRTST 24HR 0.35 ON 4- 4 TO 1/4 MILE OR LESS
LOWEST: 68 ON 31 3 = THUNDER
SNOW, ICE PELLETS, HAIL 4 = ICE PELLETS
TOTAL MONTH: 0.0 INCH 5 = HAIL
GRTST 24HR 0.0 6 = FREEZING RAIN OR DRIZZLE
GRTST DEPTH: 0 7 = DUSTSTORM OR SANDSTORM:
VSBY 1/2 MILE OR LESS
8 = SMOKE OR HAZE
[NO. OF DAYS WITH] [WEATHER - DAYS WITH] 9 = BLOWING SNOW
X = TORNADO
MAX 32 OR BELOW: 0 0.01 INCH OR MORE: 9
MAX 90 OR ABOVE: 4 0.10 INCH OR MORE: 4
MIN 32 OR BELOW: 0 0.50 INCH OR MORE: 0
MIN 0 OR BELOW: 0 1.00 INCH OR MORE: 0
[HDD (BASE 65) ]
TOTAL THIS MO. 0 CLEAR (SCALE 0-3) 20
DPTR FM NORMAL -3 PTCLDY (SCALE 4-7) 10
TOTAL FM JUL 1 0 CLOUDY (SCALE 8-10) 1
DPTR FM NORMAL -3
[CDD (BASE 65) ]
TOTAL THIS MO. 493
DPTR FM NORMAL 114 [PRESSURE DATA]
TOTAL FM JAN 1 4196 HIGHEST SLP 30.14 ON 31
DPTR FM NORMAL 684 LOWEST SLP 29.81 ON 25
[REMARKS]
#FINAL-10-20#