000
CXUS54 KLZK 011230
CF6SRC
PRELIMINARY LOCAL CLIMATOLOGICAL DATA (WS FORM: F-6)
STATION: SEARCY AIRPORT
MONTH: DECEMBER
YEAR: 2020
LATITUDE: 35 12 N
LONGITUDE: 91 44 W
TEMPERATURE IN F: :PCPN: SNOW: WIND :SUNSHINE: SKY :PK WND
================================================================================
1 2 3 4 5 6A 6B 7 8 9 10 11 12 13 14 15 16 17 18
12Z AVG MX 2MIN
DY MAX MIN AVG DEP HDD CDD WTR SNW DPTH SPD SPD DIR MIN PSBL S-S WX SPD DR
================================================================================
1 52 18 35 -9 30 0 0.00 M M 2.0 8 150 M M 0 M M
2 56 25 41 -3 24 0 0.00 M M 5.3 9 70 M M 3 M M
3 45 40 43 0 22 0 0.03 M M 3.6 8 80 M M 10 1 M M
4 53 32 43 0 22 0 0.00 M M 4.3 9 270 M M 4 1 M M
5 62 28 45 2 20 0 0.00 M M 2.2 8 210 M M 0 1 M M
6 53 28 41 -1 24 0 0.00 M M 2.4 6 320 M M 0 1 M M
7 56 27 42 0 23 0 0.00 M M 2.2 6 250 M M 0 1 M M
8 63 27 45 3 20 0 0.00 M M 1.3 6 99 M M 0 1 M M
9 71 29 50 8 15 0 0.00 M M 2.6 13 250 M M 0 1 17 250
10 77 31 54 13 11 0 0.00 0.0 0 3.5 10 160 M M 0 M M
11 64 39 52 11 13 0 0.63 M M 5.4 14 180 M M 6 1 18 190
12 59 30 45 4 20 0 0.05 M M 6.2 13 290 M M 3 22 270
13 44 30 37 -3 28 0 0.94 M M 7.5 16 350 M M 7 1 22 350
14 44 26 35 -5 30 0 0.03 M M 5.5 15 20 M M 3 23 20
15 33 24 29 -11 36 0 T M M 4.3 8 10 M M 6 M M
16 38 24 31 -9 34 0 0.00 M M 3.6 13 310 M M 8 20 310
17 46 21 34 -6 31 0 0.00 M M 1.8 8 210 M M 1 1 M M
18 53 23 38 -1 27 0 0.00 M M 4.0 15 150 M M 0 1 M M
19 45 43 44 5 21 0 0.12 M M 3.0 8 160 M M 10 1 M M
20 48 34 41 2 24 0 T M M 2.6 9 170 M M 8 12 M M
21 67 27 47 8 18 0 T M M 2.5 9 250 M M 1 12 M M
22 65 31 48 9 17 0 M M M 4.8 12 160 M M 0 M M
23 64 35 50 11 15 0 0.20 M M 8.5 16 320 M M 7 1 27 320
24 39 25 32 -7 33 0 M M M 9.2 17 300 M M 2 27 300
25 40 22 31 -7 34 0 M M M 5.0 12 280 M M 0 18 320
26 60 21 41 3 24 0 M M M 4.8 10 190 M M 0 M M
27 63 32 48 10 17 0 M M M 8.2 18 190 M M 4 28 190
28 54 38 46 8 19 0 M M M 6.2 10 50 M M 0 M M
29 40 35 38 0 27 0 T M M 8.3 15 50 M M 6 1 M M
30 58 37 48 10 17 0 0.93 M M 8.4 21 20 M M 10 1 25 20
31 37 35 36 -2 29 0 0.87 M M 15.5 21 40 M M 10 1 29 40
================================================================================
SM 1649 917 725 0 3.80 0.0 154.6 M 109
================================================================================
AV 53.2 29.6 5.0 FASTST M M 4 MAX(MPH)
MISC ----> 21 20 29 40
================================================================================
NOTES:
# LAST OF SEVERAL OCCURRENCES
COLUMN 17 PEAK WIND IN M.P.H.
PRELIMINARY LOCAL CLIMATOLOGICAL DATA (WS FORM: F-6) , PAGE 2
STATION: SEARCY AIRPORT
MONTH: DECEMBER
YEAR: 2020
LATITUDE: 35 12 N
LONGITUDE: 91 44 W
[TEMPERATURE DATA] [PRECIPITATION DATA] SYMBOLS USED IN COLUMN 16
AVERAGE MONTHLY: 41.4 TOTAL FOR MONTH: 3.80 1 = FOG OR MIST
DPTR FM NORMAL: 1.2 DPTR FM NORMAL: -1.24 2 = FOG REDUCING VISIBILITY
HIGHEST: 77 ON 10 GRTST 24HR 1.18 ON 30-31 TO 1/4 MILE OR LESS
LOWEST: 18 ON 1 3 = THUNDER
SNOW, ICE PELLETS, HAIL 4 = ICE PELLETS
TOTAL MONTH: 0.0 INCH 5 = HAIL
GRTST 24HR 0.0 6 = FREEZING RAIN OR DRIZZLE
GRTST DEPTH: 0 7 = DUSTSTORM OR SANDSTORM:
VSBY 1/2 MILE OR LESS
8 = SMOKE OR HAZE
[NO. OF DAYS WITH] [WEATHER - DAYS WITH] 9 = BLOWING SNOW
X = TORNADO
MAX 32 OR BELOW: 0 0.01 INCH OR MORE: 9
MAX 90 OR ABOVE: 0 0.10 INCH OR MORE: 6
MIN 32 OR BELOW: 22 0.50 INCH OR MORE: 4
MIN 0 OR BELOW: 0 1.00 INCH OR MORE: 0
[HDD (BASE 65) ]
TOTAL THIS MO. 725 CLEAR (SCALE 0-3) 16
DPTR FM NORMAL -43 PTCLDY (SCALE 4-7) 11
TOTAL FM JUL 1 1238 CLOUDY (SCALE 8-10) 4
DPTR FM NORMAL -172
[CDD (BASE 65) ]
TOTAL THIS MO. 0
DPTR FM NORMAL -1 [PRESSURE DATA]
TOTAL FM JAN 1 1842 HIGHEST SLP 30.44 ON 28
DPTR FM NORMAL -66 LOWEST SLP 29.69 ON 23
[REMARKS]
#FINAL-12-20#