000
CXUS52 KJAX 021939
CF6SSI
PRELIMINARY LOCAL CLIMATOLOGICAL DATA (WS FORM: F-6)
STATION: ST SIMONS ISLAND
MONTH: AUGUST
YEAR: 2022
LATITUDE: 31 9 N
LONGITUDE: 81 23 W
TEMPERATURE IN F: :PCPN: SNOW: WIND :SUNSHINE: SKY :PK WND
================================================================================
1 2 3 4 5 6A 6B 7 8 9 10 11 12 13 14 15 16 17 18
12Z AVG MX 2MIN
DY MAX MIN AVG DEP HDD CDD WTR SNW DPTH SPD SPD DIR MIN PSBL S-S WX SPD DR
================================================================================
1 93 79 86 2 0 21 0.00 0.0 0 9.5 14 160 M M 0 22 190
2 97 78 88 4 0 23 0.00 0.0 0 8.2 14 220 M M 1 22 180
3 92 77 85 1 0 20 0.49 0.0 0 5.6 13 340 M M 2 13 20 320
4 90 82 86 2 0 21 0.00 0.0 0 9.6 15 140 M M 1 21 130
5 90 80 85 1 0 20 0.00 0.0 0 8.1 15 100 M M 2 21 120
6 91 82 87 3 0 22 T 0.0 0 7.4 15 130 M M 1 3 22 120
7 91 79 85 1 0 20 T 0.0 0 6.5 14 110 M M 3 3 20 100
8 91 77 84 1 0 19 0.02 0.0 0 5.6 15 130 M M 2 3 19 120
9 90 76 83 0 0 18 0.05 0.0 0 6.3 16 130 M M 1 3 22 130
10 91 77 84 1 0 19 0.00 0.0 0 6.1 16 130 M M 2 21 130
11 95 76 86 3 0 21 0.34 0.0 0 6.1 33 220 M M 1 13 47 230
12 90 75 83 0 0 18 0.93 0.0 0 7.9 23 260 M M 4 13 35 260
13 88 76 82 -1 0 17 0.18 0.0 0 8.7 17 50 M M 7 1 24 60
14 88 73 81 -2 0 16 0.00 0.0 0 6.4 15 60 M M 0 23 100
15 90 70 80 -3 0 15 0.00 0.0 0 5.1 14 150 M M 0 20 160
16 95 77 86 3 0 21 0.23 0.0 0 7.8 17 220 M M 2 3 26 290
17 87 75 81 -2 0 16 0.39 0.0 0 6.2 14 90 M M 2 13 18 90
18 87 73 80 -3 0 15 1.00 0.0 0 4.4 26 210 M M 4 123 39 210
19 89 75 82 -1 0 17 T 0.0 0 6.0 14 170 M M 1 3 19 160
20 90 76 83 0 0 18 0.02 0.0 0 5.1 14 100 M M 0 3 18 130
21 90 77 84 2 0 19 0.07 0.0 0 6.9 20 250 M M M 3 28 230
22 92 76 84 2 0 19 0.07 0.0 0 6.0 16 210 M M 3 13 25 220
23 89 77 83 1 0 18 0.00 0.0 0 5.4 12 150 M M 3 15 130
24 90 78 84 2 0 19 0.04 0.0 0 4.5 13 100 M M 2 16 100
25 88 79 84 2 0 19 0.09 0.0 0 6.9 15 40 M M 2 3 19 110
26 88 78 83 1 0 18 0.09 0.0 0 5.0 15 110 M M 4 12 21 120
27 86 77 82 0 0 17 0.14 0.0 0 5.6 15 100 M M 3 1 20 90
28 88 77 83 1 0 18 0.10 0.0 0 6.3 17 70 M M 3 1 23 70
29 83 75 79 -3 0 14 2.46 0.0 0 6.2 18 130 M M 6 13 25 130
30 88 77 83 1 0 18 0.00 0.0 0 4.6 12 130 M M 2 3 15 160
31 92 76 84 3 0 19 0.57 0.0 0 6.1 22 310 M M 2 13 35 310
================================================================================
SM 2789 2380 0 575 7.28 0.0 200.1 M 66
================================================================================
AV 90.0 76.8 6.5 FASTST M M 2 MAX(MPH)
MISC ----> 33 220 47 230
================================================================================
NOTES:
# LAST OF SEVERAL OCCURRENCES
COLUMN 17 PEAK WIND IN M.P.H.
PRELIMINARY LOCAL CLIMATOLOGICAL DATA (WS FORM: F-6) , PAGE 2
STATION: ST SIMONS ISLAND
MONTH: AUGUST
YEAR: 2022
LATITUDE: 31 9 N
LONGITUDE: 81 23 W
[TEMPERATURE DATA] [PRECIPITATION DATA] SYMBOLS USED IN COLUMN 16
AVERAGE MONTHLY: 83.4 TOTAL FOR MONTH: 7.28 1 = FOG OR MIST
DPTR FM NORMAL: 0.6 DPTR FM NORMAL: 1.49 2 = FOG REDUCING VISIBILITY
HIGHEST: 97 ON 2 GRTST 24HR 2.56 ON 28-29 TO 1/4 MILE OR LESS
LOWEST: 70 ON 15 3 = THUNDER
SNOW, ICE PELLETS, HAIL 4 = ICE PELLETS
TOTAL MONTH: 0.0 INCH 5 = HAIL
GRTST 24HR 0.0 6 = FREEZING RAIN OR DRIZZLE
GRTST DEPTH: 0 7 = DUSTSTORM OR SANDSTORM:
VSBY 1/2 MILE OR LESS
8 = SMOKE OR HAZE
[NO. OF DAYS WITH] [WEATHER - DAYS WITH] 9 = BLOWING SNOW
X = TORNADO
MAX 32 OR BELOW: 0 0.01 INCH OR MORE: 19
MAX 90 OR ABOVE: 19 0.10 INCH OR MORE: 11
MIN 32 OR BELOW: 0 0.50 INCH OR MORE: 4
MIN 0 OR BELOW: 0 1.00 INCH OR MORE: 2
[HDD (BASE 65) ]
TOTAL THIS MO. 0 CLEAR (SCALE 0-3) 25
DPTR FM NORMAL 0 PTCLDY (SCALE 4-7) 5
TOTAL FM JUL 1 0 CLOUDY (SCALE 8-10) 1
DPTR FM NORMAL 0
[CDD (BASE 65) ]
TOTAL THIS MO. 575
DPTR FM NORMAL 25 [PRESSURE DATA]
TOTAL FM JAN 1 2417 HIGHEST SLP 30.24 ON 7
DPTR FM NORMAL 283 LOWEST SLP 29.82 ON 16
[REMARKS]
#FINAL-08-22#