000
CXUS52 KJAX 010800
CF6SSI
PRELIMINARY LOCAL CLIMATOLOGICAL DATA (WS FORM: F-6)
STATION: ST SIMONS ISLAND
MONTH: JUNE
YEAR: 2023
LATITUDE: 31 9 N
LONGITUDE: 81 23 W
TEMPERATURE IN F: :PCPN: SNOW: WIND :SUNSHINE: SKY :PK WND
================================================================================
1 2 3 4 5 6A 6B 7 8 9 10 11 12 13 14 15 16 17 18
12Z AVG MX 2MIN
DY MAX MIN AVG DEP HDD CDD WTR SNW DPTH SPD SPD DIR MIN PSBL S-S WX SPD DR
================================================================================
1 82 72 77 -2 0 12 0.00 0.0 0 10.4 20 60 M M 3 31 20
2 84 69 77 -2 0 12 0.00 0.0 0 9.7 17 70 M M 0 1 25 40
3 84 70 77 -2 0 12 0.00 0.0 0 8.7 18 60 M M 3 24 70
4 79 72 76 -3 0 11 0.01 0.0 0 14.4 24 50 M M 8 1 37 30
5 80 70 75 -5 0 10 0.00 0.0 0 9.2 20 50 M M 2 26 30
6 87 67 77 -3 0 12 0.00 0.0 0 7.1 15 160 M M 0 1 23 160
7 95 73 84 4 0 19 0.00 0.0 0 9.5 21 170 M M 1 33 160
8 96 74 85 5 0 20 0.00 0.0 0 9.2 16 150 M M 2 3 23 160
9 86 74 80 0 0 15 0.56 0.0 0 7.2 20 20 M M 3 13 28 20
10 87 75 81 1 0 16 0.00 0.0 0 8.0 14 80 M M 3 19 100
11 89 77 83 3 0 18 T 0.0 0 6.6 18 140 M M 1 13 24 150
12 93 76 85 4 0 20 0.00 0.0 0 12.3 22 230 M M 2 3 31 230
13 98 73 86 5 0 21 0.33 0.0 0 9.5 33 290 M M 2 13 59 280
14 92 71 82 1 0 17 0.72 0.0 0 8.5 23 220 M M 3 13 37 270
15 84 70 77 -4 0 12 1.25 0.0 0 8.6 24 310 M M 3 13 46 310
16 91 73 82 1 0 17 T 0.0 0 10.8 18 270 M M 3 30 270
17 94 73 84 3 0 19 0.03 0.0 0 8.7 22 220 M M 2 3 31 220
18 91 75 83 2 0 18 0.00 0.0 0 7.9 15 140 M M 0 19 150
19 93 73 83 1 0 18 0.29 0.0 0 5.9 32 270 M M 3 13 53 270
20 86 75 81 -1 0 16 1.10 0.0 0 7.8 16 220 M M 6 13 29 210
21 87 77 82 0 0 17 0.05 0.0 0 9.7 21 230 M M 3 32 170
22 89 73 81 -1 0 16 0.03 0.0 0 10.2 23 220 M M 4 33 220
23 91 75 83 1 0 18 0.78 0.0 0 9.4 18 240 M M 3 3 25 220
24 94 78 86 4 0 21 0.01 0.0 0 8.1 16 230 M M 5 3 27 220
25 98 77 88 6 0 23 0.00 0.0 0 7.7 14 140 M M 1 20 340
26 98 78 88 6 0 23 0.00 0.0 0 9.5 16 160 M M 1 26 190
27 100 81 91 9 0 26 0.00 0.0 0 8.8 15 260 M M 3 22 300
28 98 79 89 7 0 24 0.00 0.0 0 4.4 14 280 M M 2 26 260
29 93 77 85 2 0 20 0.00 0.0 0 5.7 15 100 M M 0 21 110
30 94 79 87 4 0 22 0.00 0.0 0 6.0 14 140 M M 1 18 100
================================================================================
SM 2713 2226 0 525 5.16 0.0 259.5 M 73
================================================================================
AV 90.4 74.2 8.6 FASTST M M 2 MAX(MPH)
MISC ----> 33 290 59 280
================================================================================
NOTES:
# LAST OF SEVERAL OCCURRENCES
COLUMN 17 PEAK WIND IN M.P.H.
PRELIMINARY LOCAL CLIMATOLOGICAL DATA (WS FORM: F-6) , PAGE 2
STATION: ST SIMONS ISLAND
MONTH: JUNE
YEAR: 2023
LATITUDE: 31 9 N
LONGITUDE: 81 23 W
[TEMPERATURE DATA] [PRECIPITATION DATA] SYMBOLS USED IN COLUMN 16
AVERAGE MONTHLY: 82.3 TOTAL FOR MONTH: 5.16 1 = FOG OR MIST
DPTR FM NORMAL: 1.3 DPTR FM NORMAL: -0.60 2 = FOG REDUCING VISIBILITY
HIGHEST: 100 ON 27 GRTST 24HR 1.90 ON 14-15 TO 1/4 MILE OR LESS
LOWEST: 67 ON 6 3 = THUNDER
SNOW, ICE PELLETS, HAIL 4 = ICE PELLETS
TOTAL MONTH: 0.0 INCH 5 = HAIL
GRTST 24HR 0.0 6 = FREEZING RAIN OR DRIZZLE
GRTST DEPTH: 0 7 = DUSTSTORM OR SANDSTORM:
VSBY 1/2 MILE OR LESS
8 = SMOKE OR HAZE
[NO. OF DAYS WITH] [WEATHER - DAYS WITH] 9 = BLOWING SNOW
X = TORNADO
MAX 32 OR BELOW: 0 0.01 INCH OR MORE: 12
MAX 90 OR ABOVE: 17 0.10 INCH OR MORE: 7
MIN 32 OR BELOW: 0 0.50 INCH OR MORE: 5
MIN 0 OR BELOW: 0 1.00 INCH OR MORE: 2
[HDD (BASE 65) ]
TOTAL THIS MO. 0 CLEAR (SCALE 0-3) 22
DPTR FM NORMAL 0 PTCLDY (SCALE 4-7) 8
TOTAL FM JUL 1 814 CLOUDY (SCALE 8-10) 0
DPTR FM NORMAL -496
[CDD (BASE 65) ]
TOTAL THIS MO. 525
DPTR FM NORMAL 47 [PRESSURE DATA]
TOTAL FM JAN 1 1370 HIGHEST SLP 30.07 ON 30
DPTR FM NORMAL 361 LOWEST SLP 29.68 ON 8
[REMARKS]
#FINAL-06-23#