000
CXUS55 KEAX 010836
CF6STJ
PRELIMINARY LOCAL CLIMATOLOGICAL DATA (WS FORM: F-6)
STATION: ST. JOSEPH MO
MONTH: JANUARY
YEAR: 2021
LATITUDE: 39 46 N
LONGITUDE: 94 55 W
TEMPERATURE IN F: :PCPN: SNOW: WIND :SUNSHINE: SKY :PK WND
================================================================================
1 2 3 4 5 6A 6B 7 8 9 10 11 12 13 14 15 16 17 18
12Z AVG MX 2MIN
DY MAX MIN AVG DEP HDD CDD WTR SNW DPTH SPD SPD DIR MIN PSBL S-S WX SPD DR
================================================================================
1 28 10 19 -7 46 0 0.16 M M 11.1 22 350 M M 7 18 29 360
2 30 12 21 -5 44 0 0.00 M M 0.4 7 150 M M 2 128 7 150
3 34 9 22 -4 43 0 0.00 M M 5.8 13 160 M M 9 128 17 160
4 43 23 33 7 32 0 0.00 M M 5.5 16 330 M M 5 1 19 330
5 49 18 34 8 31 0 0.00 M M 4.7 12 120 M M 1 12 16 130
6 41 36 39 13 26 0 0.38 M M 6.9 15 130 M M 8 1 19 150
7 38 27 33 7 32 0 0.00 M M 9.2 15 40 M M 7 18 20 90
8 38 24 31 4 34 0 0.00 M M 5.5 12 10 M M 4 18 14 10
9 33 27 30 3 35 0 0.00 M M 7.8 13 350 M M 10 18 16 330
10 32 25 29 2 36 0 0.00 M M 6.3 15 360 M M 10 18 19 350
11 46 23 35 8 30 0 0.00 M M 7.5 20 200 M M 1 12 25 200
12 56 21 39 12 26 0 0.00 M M 5.8 14 220 M M 0 18 220
13 56 30 43 16 22 0 0.00 M M 8.3 16 210 M M 0 21 210
14 47 33 40 13 25 0 T M M 21.5 39 310 M M 8 1 54 270
15 34 30 32 5 33 0 0.03 M M 23.9 36 310 M M 10 168 50 290
16 36 27 32 5 33 0 0.00 M M 10.2 23 330 M M 9 29 340
17 42 22 32 5 33 0 0.00 M M 7.9 22 310 M M 7 28 330
18 42 20 31 4 34 0 T M M 3.9 13 90 M M 6 12 16 80
19 47 21 34 7 31 0 0.00 M M 9.1 25 320 M M 4 12 35 320
20 56 20 38 11 27 0 0.00 M M 10.0 31 220 M M 0 40 200
21 57 17 37 9 28 0 0.00 M M 5.5 17 10 M M 1 1 23 350
22 32 16 24 -4 41 0 0.00 M M 7.4 16 360 M M 3 19 10
23 38 16 27 -1 38 0 0.00 M M 8.8 18 140 M M 5 22 140
24 40 34 37 9 28 0 0.00 M M 6.4 14 350 M M 10 19 80
25 34 28 31 3 34 0 0.30 M M 11.7 23 80 M M 10 16 31 80
26 28 20 24 -4 41 0 0.01 M M 11.1 17 360 M M 9 16 22 20
27 27 19 23 -5 42 0 0.05 M M 7.7 14 30 M M 10 1 18 40
28 31 17 24 -4 41 0 0.00 M M 7.9 20 180 M M 7 18 24 180
29 47 17 32 4 33 0 0.00 M M 9.7 16 150 M M 0 18 20 140
30 46 33 40 11 25 0 0.92 M M 11.6 29 340 M M 6 1 35 340
31 33 30 32 3 33 0 0.00 M M 17.6 29 330 M M 10 8 41 320
================================================================================
SM 1241 705 1037 0 1.85 M 276.7 M 179
================================================================================
AV 40.0 22.7 8.9 FASTST M M 6 MAX(MPH)
MISC ----> 39 310 54 270
================================================================================
NOTES:
# LAST OF SEVERAL OCCURRENCES
COLUMN 17 PEAK WIND IN M.P.H.
PRELIMINARY LOCAL CLIMATOLOGICAL DATA (WS FORM: F-6) , PAGE 2
STATION: ST. JOSEPH MO
MONTH: JANUARY
YEAR: 2021
LATITUDE: 39 46 N
LONGITUDE: 94 55 W
[TEMPERATURE DATA] [PRECIPITATION DATA] SYMBOLS USED IN COLUMN 16
AVERAGE MONTHLY: 31.4 TOTAL FOR MONTH: 1.85 1 = FOG OR MIST
DPTR FM NORMAL: 4.2 DPTR FM NORMAL: 1.29 2 = FOG REDUCING VISIBILITY
HIGHEST: 57 ON 21 GRTST 24HR 0.96 ON 30-30 TO 1/4 MILE OR LESS
LOWEST: 9 ON 3 3 = THUNDER
SNOW, ICE PELLETS, HAIL 4 = ICE PELLETS
TOTAL MONTH: M 5 = HAIL
GRTST 24HR M ON M 6 = FREEZING RAIN OR DRIZZLE
GRTST DEPTH: M ON M 7 = DUSTSTORM OR SANDSTORM:
VSBY 1/2 MILE OR LESS
8 = SMOKE OR HAZE
[NO. OF DAYS WITH] [WEATHER - DAYS WITH] 9 = BLOWING SNOW
X = TORNADO
MAX 32 OR BELOW: 7 0.01 INCH OR MORE: 7
MAX 90 OR ABOVE: 0 0.10 INCH OR MORE: 4
MIN 32 OR BELOW: 27 0.50 INCH OR MORE: 1
MIN 0 OR BELOW: 0 1.00 INCH OR MORE: 0
[HDD (BASE 65) ]
TOTAL THIS MO. 1037 CLEAR (SCALE 0-3) 8
DPTR FM NORMAL -133 PTCLDY (SCALE 4-7) 13
TOTAL FM JUL 1 3117 CLOUDY (SCALE 8-10) 10
DPTR FM NORMAL -264
[CDD (BASE 65) ]
TOTAL THIS MO. 0
DPTR FM NORMAL 0 [PRESSURE DATA]
TOTAL FM JAN 1 0 HIGHEST SLP 30.66 ON 28
DPTR FM NORMAL 0 LOWEST SLP 29.50 ON 14
[REMARKS]
#FINAL-01-21#