000
CXUS54 KEPZ 011030
CF6SVC
PRELIMINARY LOCAL CLIMATOLOGICAL DATA (WS FORM: F-6)
STATION: SILVER CITY
MONTH: AUGUST
YEAR: 2021
LATITUDE: 32 37 N
LONGITUDE: 108 10 W
TEMPERATURE IN F: :PCPN: SNOW: WIND :SUNSHINE: SKY :PK WND
================================================================================
1 2 3 4 5 6A 6B 7 8 9 10 11 12 13 14 15 16 17 18
12Z AVG MX 2MIN
DY MAX MIN AVG DEP HDD CDD WTR SNW DPTH SPD SPD DIR MIN PSBL S-S WX SPD DR
================================================================================
1 85 66 76 M 0 11 0.00 M M 6.0 12 160 M M 4 20 340
2 84 62 73 M 0 8 0.04 M M 4.8 18 10 M M 4 28 10
3 89 57 73 M 0 8 0.07 M M 6.3 14 260 M M 3 3 24 340
4 90 60 75 M 0 10 0.00 M M 5.9 16 110 M M 2 17 190
5 90 59 75 M 0 10 0.00 M M 6.2 18 90 M M 3 28 90
6 94 61 78 M 0 13 0.05 M M 7.8 22 340 M M 2 3 30 340
7 93 64 79 M 0 14 0.02 M M 8.6 20 90 M M 2 24 90
8 95 62 79 M 0 14 0.00 M M 8.7 15 330 M M 1 27 110
9 M 67 M M M M M M M M M M M M 3 M M
10 84 65 75 M 0 10 0.00 M M 10.4 21 290 M M 3 26 330
11 87 60 74 M 0 9 0.08 M M 8.4 29 140 M M 4 3 37 140
12 87 62 75 M 0 10 0.02 M M 11.7 18 350 M M 3 3 23 290
13 79 60 70 M 0 5 0.28 M M 4.3 16 340 M M 7 3 M M
14 74 62 68 M 0 3 1.02 M M 5.2 10 100 M M 9 9 40
15 77 63 70 M 0 5 0.00 M M 4.5 12 170 M M 7 M M
16 81 59 70 M 0 5 0.03 M M 6.4 25 70 M M 3 3 39 70
17 82 55 69 M 0 4 0.00 M M 5.5 13 280 M M 2 M M
18 82 62 72 M 0 7 T M M 9.6 18 300 M M 3 24 300
19 82 56 69 M 0 4 0.00 M M 8.4 13 300 M M 3 22 300
20 84 58 71 M 0 6 0.00 M M 8.2 12 290 M M 4 20 270
21 88 57 73 M 0 8 0.19 M M 8.2 15 110 M M 6 3 25 160
22 88 63 76 M 0 11 0.59 M M 7.9 24 160 M M 4 3 30 110
23 84 63 74 M 0 9 0.28 M M 5.9 15 310 M M 3 3 25 0
24 84 61 73 M 0 8 0.00 M M 7.1 13 350 M M 2 3 17 0
25 90 59 75 M 0 10 0.00 M M 6.5 13 310 M M 4 38 30 170
26 88 58 73 M 0 8 0.00 M M 5.6 10 120 M M 7 16 100
27 87 59 73 M 0 8 0.02 M M 7.8 18 60 M M 8 3 25 60
28 87 58 73 M 0 8 0.00 M M 7.8 17 340 M M 8 3 22 340
29 87 58 73 M 0 8 0.05 M M 7.2 15 110 M M 8 3 24 110
30 84 62 73 M 0 8 0.00 M M 6.9 18 40 M M 8 29 170
31 86 58 72 M 0 7 0.45 M M 7.1 12 270 M M 8 43 30
================================================================================
SM 2572 1876 0 249 3.19 M 214.9 M 138
================================================================================
AV 85.7 60.5 7.2 FASTST M M 4 MAX(MPH)
MISC ----> 29 140 43 30
================================================================================
NOTES:
# LAST OF SEVERAL OCCURRENCES
COLUMN 17 PEAK WIND IN M.P.H.
PRELIMINARY LOCAL CLIMATOLOGICAL DATA (WS FORM: F-6) , PAGE 2
STATION: SILVER CITY
MONTH: AUGUST
YEAR: 2021
LATITUDE: 32 37 N
LONGITUDE: 108 10 W
[TEMPERATURE DATA] [PRECIPITATION DATA] SYMBOLS USED IN COLUMN 16
AVERAGE MONTHLY: 73.1 TOTAL FOR MONTH: 3.19 1 = FOG OR MIST
DPTR FM NORMAL: 0.0 DPTR FM NORMAL: M 2 = FOG REDUCING VISIBILITY
HIGHEST: 95 ON 8 GRTST 24HR 1.02 ON 14-14 TO 1/4 MILE OR LESS
LOWEST: 55 ON 17 3 = THUNDER
SNOW, ICE PELLETS, HAIL 4 = ICE PELLETS
TOTAL MONTH: M 5 = HAIL
GRTST 24HR M ON M 6 = FREEZING RAIN OR DRIZZLE
GRTST DEPTH: M ON M 7 = DUSTSTORM OR SANDSTORM:
VSBY 1/2 MILE OR LESS
8 = SMOKE OR HAZE
[NO. OF DAYS WITH] [WEATHER - DAYS WITH] 9 = BLOWING SNOW
X = TORNADO
MAX 32 OR BELOW: 0 0.01 INCH OR MORE: 15
MAX 90 OR ABOVE: 6 0.10 INCH OR MORE: 6
MIN 32 OR BELOW: 0 0.50 INCH OR MORE: 2
MIN 0 OR BELOW: 0 1.00 INCH OR MORE: 1
[HDD (BASE 65) ]
TOTAL THIS MO. 0 CLEAR (SCALE 0-3) 11
DPTR FM NORMAL M PTCLDY (SCALE 4-7) 18
TOTAL FM JUL 1 0 CLOUDY (SCALE 8-10) 2
DPTR FM NORMAL M
[CDD (BASE 65) ]
TOTAL THIS MO. 249
DPTR FM NORMAL M [PRESSURE DATA]
TOTAL FM JAN 1 915 HIGHEST SLP M ON M
DPTR FM NORMAL M LOWEST SLP M ON M
[REMARKS]
#FINAL-08-21#