000
CXUS54 KOUN 010910
CF6SWO
PRELIMINARY LOCAL CLIMATOLOGICAL DATA (WS FORM: F-6)
STATION: STILLWATER
MONTH: DECEMBER
YEAR: 2020
LATITUDE: 36 10 N
LONGITUDE: 97 5 W
TEMPERATURE IN F: :PCPN: SNOW: WIND :SUNSHINE: SKY :PK WND
================================================================================
1 2 3 4 5 6A 6B 7 8 9 10 11 12 13 14 15 16 17 18
12Z AVG MX 2MIN
DY MAX MIN AVG DEP HDD CDD WTR SNW DPTH SPD SPD DIR MIN PSBL S-S WX SPD DR
================================================================================
1 61 30 46 4 19 0 0.00 M M 10.6 20 150 M M 0 8 24 160
2 47 39 43 1 22 0 0.27 M M 9.2 21 110 M M 9 1 24 110
3 41 30 36 -5 29 0 0.02 M M 8.6 15 340 M M 9 1 20 340
4 55 26 41 0 24 0 0.00 M M 6.1 12 240 M M 0 15 280
5 59 28 44 3 21 0 0.00 M M 5.3 17 360 M M 0 22 10
6 59 28 44 4 21 0 0.00 M M 6.8 16 10 M M 0 20 350
7 65 30 48 8 17 0 0.00 0.0 M 4.9 13 220 M M 0 15 240
8 67 28 48 8 17 0 0.00 0.0 M 5.0 13 280 M M 0 15 280
9 73 31 52 12 13 0 0.00 0.0 M 2.3 8 260 M M 0 10 260
10 77 31 54 15 11 0 T M M 5.1 21 170 M M 0 24 170
11 55 37 46 7 19 0 0.04 M M 8.8 16 300 M M 7 8 21 300
12 45 32 39 0 26 0 0.00 M M 7.7 16 330 M M 7 24 340
13 38 23 31 -8 34 0 0.36 M M 10.6 20 360 M M 7 128 24 350
14 36 16 26 -12 39 0 0.00 M M 6.9 13 110 M M 0 18 16 110
15 33 30 32 -6 33 0 M M M 9.8 16 50 M M 8 1 20 50
16 38 26 32 -6 33 0 T M M 4.4 14 250 M M 6 18 16 240
17 48 21 35 -3 30 0 0.00 0.0 M 4.5 13 250 M M 0 1 14 250
18 60 35 48 10 17 0 0.00 M M 14.6 32 190 M M 1 38 190
19 51 27 39 1 26 0 0.00 M M 5.7 14 360 M M 0 20 350
20 60 25 43 6 22 0 0.00 M M 5.6 14 290 M M 0 19 320
21 68 34 51 14 14 0 0.00 M M 4.6 9 30 M M 0 12 40
22 68 32 50 13 15 0 0.00 M M 13.4 29 170 M M 0 37 170
23 63 28 46 9 19 0 T T M 18.1 33 190 M M 1 44 330
24 46 21 34 -3 31 0 0.00 M M 7.3 23 320 M M 2 31 330
25 58 20 39 2 26 0 0.00 M M 5.6 15 220 M M 0 18 210
26 70 32 51 14 14 0 0.00 0.0 M 9.1 24 210 M M 0 31 210
27 65 37 51 14 14 0 0.00 M M 10.8 18 320 M M 0 27 320
28 47 28 38 1 27 0 0.00 M M 9.8 18 60 M M 1 22 60
29 56 38 47 10 18 0 0.51 M M 15.8 25 160 M M 10 1 35 160
30 45 26 36 0 29 0 0.66 M M 10.2 20 10 M M 5 1 24 340
31 38 24 31 -5 34 0 0.40 M M 13.3 29 10 M M 3 16 37 20
================================================================================
SM 1692 893 714 0 2.26 T 260.5 M 76
================================================================================
AV 54.6 28.8 8.4 FASTST M M 2 MAX(MPH)
MISC ----> 33 190 44 330
================================================================================
NOTES:
# LAST OF SEVERAL OCCURRENCES
COLUMN 17 PEAK WIND IN M.P.H.
PRELIMINARY LOCAL CLIMATOLOGICAL DATA (WS FORM: F-6) , PAGE 2
STATION: STILLWATER
MONTH: DECEMBER
YEAR: 2020
LATITUDE: 36 10 N
LONGITUDE: 97 5 W
[TEMPERATURE DATA] [PRECIPITATION DATA] SYMBOLS USED IN COLUMN 16
AVERAGE MONTHLY: 41.7 TOTAL FOR MONTH: 2.26 1 = FOG OR MIST
DPTR FM NORMAL: 3.2 DPTR FM NORMAL: 0.39 2 = FOG REDUCING VISIBILITY
HIGHEST: 77 ON 10 GRTST 24HR 1.15 ON 29-30 TO 1/4 MILE OR LESS
LOWEST: 16 ON 14 3 = THUNDER
SNOW, ICE PELLETS, HAIL 4 = ICE PELLETS
TOTAL MONTH: T 5 = HAIL
GRTST 24HR T ON 23-23 6 = FREEZING RAIN OR DRIZZLE
GRTST DEPTH: M ON M 7 = DUSTSTORM OR SANDSTORM:
VSBY 1/2 MILE OR LESS
8 = SMOKE OR HAZE
[NO. OF DAYS WITH] [WEATHER - DAYS WITH] 9 = BLOWING SNOW
X = TORNADO
MAX 32 OR BELOW: 0 0.01 INCH OR MORE: 7
MAX 90 OR ABOVE: 0 0.10 INCH OR MORE: 5
MIN 32 OR BELOW: 25 0.50 INCH OR MORE: 2
MIN 0 OR BELOW: 0 1.00 INCH OR MORE: 0
[HDD (BASE 65) ]
TOTAL THIS MO. 714 CLEAR (SCALE 0-3) 22
DPTR FM NORMAL -108 PTCLDY (SCALE 4-7) 6
TOTAL FM JUL 1 1321 CLOUDY (SCALE 8-10) 3
DPTR FM NORMAL -205
[CDD (BASE 65) ]
TOTAL THIS MO. 0
DPTR FM NORMAL 0 [PRESSURE DATA]
TOTAL FM JAN 1 2085 HIGHEST SLP 30.42 ON 28
DPTR FM NORMAL 177 LOWEST SLP 29.59 ON 23
[REMARKS]
#FINAL-12-20#