000
CXUS51 KBGM 051635 CCA
CF6SYR
PRELIMINARY LOCAL CLIMATOLOGICAL DATA (WS FORM: F-6)
STATION: SYRACUSE NY
MONTH: APRIL
YEAR: 2020
LATITUDE: 43 7 N
LONGITUDE: 76 7 W
TEMPERATURE IN F: :PCPN: SNOW: WIND :SUNSHINE: SKY :PK WND
================================================================================
1 2 3 4 5 6A 6B 7 8 9 10 11 12 13 14 15 16 17 18
12Z AVG MX 2MIN
DY MAX MIN AVG DEP HDD CDD WTR SNW DPTH SPD SPD DIR MIN PSBL S-S WX SPD DR
================================================================================
1 49 34 42 1 23 0 0.00 0.0 0 9.0 22 330 M M 5 29 320
2 52 29 41 0 24 0 0.00 0.0 0 11.0 25 320 M M 5 33 290
3 46 39 43 1 22 0 0.13 0.0 0 10.7 20 320 M M 10 1 25 330
4 58 43 51 9 14 0 T 0.0 0 4.8 14 330 M M 8 1 17 330
5 55 39 47 5 18 0 T 0.0 0 5.8 17 300 M M 9 21 300
6 57 33 45 2 20 0 T 0.0 0 9.0 20 300 M M 5 25 310
7 63 44 54 11 11 0 0.25 0.0 0 6.5 15 270 M M 8 21 260
8 54 43 49 5 16 0 T 0.0 0 4.9 14 280 M M 10 18 280
9 51 38 45 1 20 0 0.09 T 0 15.0 36 260 M M 8 1 45 270
10 41 33 37 -8 28 0 0.38 1.1 T 19.2 30 280 M M 9 15 43 280
11 47 32 40 -5 25 0 T T T 11.3 24 280 M M 5 33 280
12 63 31 47 1 18 0 0.00 0.0 0 8.7 22 150 M M 8 28 160
13 71 40 56 10 9 0 0.19 0.0 0 20.7 43 260 M M 10 52 260
14 49 33 41 -5 24 0 0.03 0.2 0 12.3 25 270 M M 9 15 30 270
15 44 30 37 -10 28 0 0.14 0.9 T 8.7 24 260 M M 9 15 34 270
16 39 29 34 -13 31 0 0.06 0.5 1 12.3 29 260 M M 8 18 35 260
17 45 30 38 -10 27 0 0.10 T T 9.5 23 260 M M 8 1 29 260
18 49 33 41 -7 24 0 0.05 T T 9.0 21 300 M M 7 1 25 310
19 62 38 50 2 15 0 0.25 0.0 0 12.2 23 280 M M 8 1 31 250
20 50 30 40 -9 25 0 0.00 0.0 0 6.0 15 290 M M 4 18 310
21 50 30 40 -9 25 0 0.06 0.3 0 18.7 36 290 M M 8 145 46 290
22 42 28 35 -15 30 0 0.06 1.1 1 17.2 35 270 M M 6 19 44 270
23 50 24 37 -13 28 0 0.04 0.0 0 4.0 12 80 M M 7 14 80
24 53 41 47 -3 18 0 0.02 0.0 0 6.1 12 80 M M 10 15 70
25 64 37 51 0 14 0 0.00 0.0 0 4.3 10 30 M M 8 14 120
26 52 41 47 -4 18 0 0.42 0.0 0 6.7 23 90 M M 10 1 29 90
27 47 34 41 -11 24 0 0.10 0.0 0 6.8 16 350 M M 9 1 20 330
28 61 30 46 -6 19 0 0.00 0.0 0 3.7 9 80 M M 6 1 13 80
29 68 45 57 5 8 0 T 0.0 0 15.7 30 120 M M 8 40 140
30 67 52 60 7 5 0 1.22 0.0 0 15.3 35 130 M M 9 1 46 120
================================================================================
SM 1599 1063 611 0 3.59 4.1 305.1 M 234
================================================================================
AV 53.3 35.4 10.2 FASTST M M 8 MAX(MPH)
MISC ----> # 43 260 # 52 260
================================================================================
NOTES:
# LAST OF SEVERAL OCCURRENCES
COLUMN 17 PEAK WIND IN M.P.H.
PRELIMINARY LOCAL CLIMATOLOGICAL DATA (WS FORM: F-6) , PAGE 2
STATION: SYRACUSE NY
MONTH: APRIL
YEAR: 2020
LATITUDE: 43 7 N
LONGITUDE: 76 7 W
[TEMPERATURE DATA] [PRECIPITATION DATA] SYMBOLS USED IN COLUMN 16
AVERAGE MONTHLY: 44.4 TOTAL FOR MONTH: 3.59 1 = FOG OR MIST
DPTR FM NORMAL: -2.5 DPTR FM NORMAL: 0.40 2 = FOG REDUCING VISIBILITY
HIGHEST: 71 ON 13 GRTST 24HR 1.22 ON 30-30 TO 1/4 MILE OR LESS
LOWEST: 24 ON 23 3 = THUNDER
SNOW, ICE PELLETS, HAIL 4 = ICE PELLETS
TOTAL MONTH: 4.1 INCHES 5 = HAIL
GRTST 24HR 1.4 ON 21-22 6 = FREEZING RAIN OR DRIZZLE
GRTST DEPTH: 1 ON 22,16 7 = DUSTSTORM OR SANDSTORM:
VSBY 1/2 MILE OR LESS
8 = SMOKE OR HAZE
[NO. OF DAYS WITH] [WEATHER - DAYS WITH] 9 = BLOWING SNOW
X = TORNADO
MAX 32 OR BELOW: 0 0.01 INCH OR MORE: 18
MAX 90 OR ABOVE: 0 0.10 INCH OR MORE: 10
MIN 32 OR BELOW: 11 0.50 INCH OR MORE: 1
MIN 0 OR BELOW: 0 1.00 INCH OR MORE: 1
[HDD (BASE 65) ]
TOTAL THIS MO. 611 CLEAR (SCALE 0-3) 0
DPTR FM NORMAL 64 PTCLDY (SCALE 4-7) 17
TOTAL FM JUL 1 5821 CLOUDY (SCALE 8-10) 13
DPTR FM NORMAL -514
[CDD (BASE 65) ]
TOTAL THIS MO. 0
DPTR FM NORMAL -4 [PRESSURE DATA]
TOTAL FM JAN 1 0 HIGHEST SLP 30.23 ON 17
DPTR FM NORMAL -4 LOWEST SLP 29.15 ON 9
[REMARKS]
#FINAL-04-20#
CORRECTED GREATEST 24 HOUR SNOWFALL
GREATEST SNOW DEPTH ALSO ON DAYS 10 AND 15