000
CXUS52 KTBW 310009
CF6TBW
PRELIMINARY LOCAL CLIMATOLOGICAL DATA (WS FORM: F-6)
STATION: RUSKIN WFO
MONTH: JUNE
YEAR: 2021
LATITUDE: 27 42 N
LONGITUDE: 82 24 W
TEMPERATURE IN F: :PCPN: SNOW: WIND :SUNSHINE: SKY :PK WND
================================================================================
1 2 3 4 5 6A 6B 7 8 9 10 11 12 13 14 15 16 17 18
12Z AVG MX 2MIN
DY MAX MIN AVG DEP HDD CDD WTR SNW DPTH SPD SPD DIR MIN PSBL S-S WX SPD DR
================================================================================
1 96 70 83 3 0 18 0.00 0.0 0 M M M M M M M M
2 89 70 80 0 0 15 0.23 0.0 0 M M M M M M 3 M M
3 89 71 80 0 0 15 0.46 0.0 0 M M M M M M 13 M M
4 88 73 81 1 0 16 0.18 0.0 0 M M M M M M 3 M M
5 91 72 82 2 0 17 0.56 0.0 0 M M M M M M 13 M M
6 95 73 84 4 0 19 0.18 0.0 0 M M M M M M 3 M M
7 94 75 85 5 0 20 T 0.0 0 M M M M M M M M
8 94 72 83 3 0 18 0.49 0.0 0 M M M M M M 1 M M
9 92 71 82 2 0 17 0.00 0.0 0 M M M M M M M M
10 92 73 83 2 0 18 0.00 0.0 0 M M M M M M M M
11 91 75 83 2 0 18 0.00 0.0 0 M M M M M M M M
12 90 74 82 1 0 17 T 0.0 0 M M M M M M M M
13 90 75 83 2 0 18 0.00 0.0 0 M M M M M M 3 M M
14 89 70 80 -1 0 15 0.91 0.0 0 M M M M M M 13 M M
15 88 72 80 -1 0 15 0.93 0.0 0 M M M M M M 13 M M
16 84 72 78 -3 0 13 0.08 0.0 0 M M M M M M 3 M M
17 86 70 78 -3 0 13 1.83 0.0 0 M M M M M M 13 M M
18 87 72 80 -1 0 15 0.01 0.0 0 M M M M M M M M
19 93 76 85 4 0 20 0.00 0.0 0 M M M M M M M M
20 92 77 85 3 0 20 0.00 0.0 0 M M M M M M M M
21 93 76 85 3 0 20 0.00 0.0 0 M M M M M M 3 M M
22 92 74 83 1 0 18 0.00 0.0 0 M M M M M M M M
23 91 74 83 1 0 18 0.79 0.0 0 M M M M M M 13 M M
24 92 70 81 -1 0 16 1.37 0.0 0 M M M M M M 13 M M
25 87 71 79 -3 0 14 0.01 0.0 0 M M M M M M M M
26 93 73 83 1 0 18 0.00 0.0 0 M M M M M M M M
27 94 75 85 3 0 20 T 0.0 0 M M M M M M M M
28 93 70 82 0 0 17 1.39 0.0 0 M M M M M M 13 M M
29 92 72 82 0 0 17 0.91 0.0 0 M M M M M M 13 M M
30 89 73 81 -1 0 16 0.40 0.0 0 M M M M M M 3 M M
================================================================================
SM 2726 2181 0 511 10.73 0.0 M M M
================================================================================
AV 90.9 72.7 M FASTST M M M MAX(MPH)
MISC ----> M M M M
================================================================================
NOTES:
# LAST OF SEVERAL OCCURRENCES
COLUMN 17 PEAK WIND IN M.P.H.
PRELIMINARY LOCAL CLIMATOLOGICAL DATA (WS FORM: F-6) , PAGE 2
STATION: RUSKIN WFO
MONTH: JUNE
YEAR: 2021
LATITUDE: 27 42 N
LONGITUDE: 82 24 W
[TEMPERATURE DATA] [PRECIPITATION DATA] SYMBOLS USED IN COLUMN 16
AVERAGE MONTHLY: 81.8 TOTAL FOR MONTH: 10.73 1 = FOG OR MIST
DPTR FM NORMAL: 0.8 DPTR FM NORMAL: 2.81 2 = FOG REDUCING VISIBILITY
HIGHEST: 96 ON 1 GRTST 24HR 1.83 ON 17-17 TO 1/4 MILE OR LESS
LOWEST: 70 ON 28,24 3 = THUNDER
SNOW, ICE PELLETS, HAIL 4 = ICE PELLETS
TOTAL MONTH: 0.0 INCH 5 = HAIL
GRTST 24HR 0.0 6 = FREEZING RAIN OR DRIZZLE
GRTST DEPTH: 0 7 = DUSTSTORM OR SANDSTORM:
VSBY 1/2 MILE OR LESS
8 = SMOKE OR HAZE
[NO. OF DAYS WITH] [WEATHER - DAYS WITH] 9 = BLOWING SNOW
X = TORNADO
MAX 32 OR BELOW: 0 0.01 INCH OR MORE: 17
MAX 90 OR ABOVE: 20 0.10 INCH OR MORE: 14
MIN 32 OR BELOW: 0 0.50 INCH OR MORE: 8
MIN 0 OR BELOW: 0 1.00 INCH OR MORE: 3
[HDD (BASE 65) ]
TOTAL THIS MO. 0 CLEAR (SCALE 0-3) 0
DPTR FM NORMAL 0 PTCLDY (SCALE 4-7) 0
TOTAL FM JUL 1 401 CLOUDY (SCALE 8-10) 30
DPTR FM NORMAL -99
[CDD (BASE 65) ]
TOTAL THIS MO. 511
DPTR FM NORMAL 31 [PRESSURE DATA]
TOTAL FM JAN 1 1565 HIGHEST SLP M ON M
DPTR FM NORMAL 226 LOWEST SLP M ON M
[REMARKS]
#FINAL-06-21#