000
CXUS52 KTBW 031523
CF6TBW
PRELIMINARY LOCAL CLIMATOLOGICAL DATA (WS FORM: F-6)
STATION: RUSKIN WFO
MONTH: AUGUST
YEAR: 2023
LATITUDE: 27 42 N
LONGITUDE: 82 24 W
TEMPERATURE IN F: :PCPN: SNOW: WIND :SUNSHINE: SKY :PK WND
================================================================================
1 2 3 4 5 6A 6B 7 8 9 10 11 12 13 14 15 16 17 18
12Z AVG MX 2MIN
DY MAX MIN AVG DEP HDD CDD WTR SNW DPTH SPD SPD DIR MIN PSBL S-S WX SPD DR
================================================================================
1 91 74 83 1 0 18 0.00 0.0 0 M M M M M 0 M M
2 93 76 85 3 0 20 0.00 0.0 0 M M M M M M M M
3 95 74 85 3 0 20 1.83 0.0 0 M M M M M M 123 M M
4 95 74 85 3 0 20 0.00 0.0 0 M M M M M M M M
5 93 77 85 3 0 20 0.00 0.0 0 M M M M M M 3 M M
6 94 77 86 4 0 21 0.00 0.0 0 M M M M M M M M
7 95 79 87 5 0 22 0.00 0.0 0 M M M M M M M M
8 96 78 87 5 0 22 0.00 0.0 0 M M M M M M M M
9 97 78 88 6 0 23 0.00 0.0 0 M M M M M M M M
10 95 79 87 5 0 22 0.00 0.0 0 M M M M M M M M
11 96 78 87 5 0 22 0.00 0.0 0 M M M M M M M M
12 97 79 88 6 0 23 0.00 0.0 0 M M M M M M M M
13 100 80 90 8 0 25 0.00 0.0 0 M M M M M M M M
14 91 78 85 3 0 20 0.03 0.0 0 M M M M M M 3 M M
15 95 77 86 4 0 21 0.00 0.0 0 M M M M M M M M
16 94 77 86 4 0 21 0.00 0.0 0 M M M M M M M M
17 91 73 82 0 0 17 0.75 0.0 0 M M M M M M 13 M M
18 89 75 82 0 0 17 0.23 0.0 0 M M M M M M 3 M M
19 96 76 86 4 0 21 0.00 0.0 0 M M M M M M M M
20 94 77 86 4 0 21 0.02 0.0 0 M M M M M M 3 M M
21 96 77 87 5 0 22 0.00 0.0 0 M M M M M M M M
22 96 76 86 4 0 21 0.00 0.0 0 M M M M M M M M
23 96 74 85 3 0 20 0.00 0.0 0 M M M M M M M M
24 94 77 86 4 0 21 0.00 0.0 0 M M M M M M M M
25 96 73 85 3 0 20 0.00 0.0 0 M M M M M M M M
26 97 74 86 4 0 21 0.00 0.0 0 M M M M M M M M
27 96 75 86 4 0 21 T 0.0 0 M M M M M M 3 M M
28 93 78 86 4 0 21 0.00 0.0 0 M M M M M M M M
29 89 75 82 0 0 17 0.84 0.0 0 M M M M M M 13 M M
30 84 77 81 -1 0 16 2.74 0.0 0 M M M M M M 123 M M
31 91 77 84 2 0 19 0.08 0.0 0 M M M M M M 3 M M
================================================================================
SM 2915 2369 0 635 6.52 0.0 M M 0
================================================================================
AV 94.0 76.4 M FASTST M M 0 MAX(MPH)
MISC ----> M M M M
================================================================================
NOTES:
# LAST OF SEVERAL OCCURRENCES
COLUMN 17 PEAK WIND IN M.P.H.
PRELIMINARY LOCAL CLIMATOLOGICAL DATA (WS FORM: F-6) , PAGE 2
STATION: RUSKIN WFO
MONTH: AUGUST
YEAR: 2023
LATITUDE: 27 42 N
LONGITUDE: 82 24 W
[TEMPERATURE DATA] [PRECIPITATION DATA] SYMBOLS USED IN COLUMN 16
AVERAGE MONTHLY: 85.2 TOTAL FOR MONTH: 6.52 1 = FOG OR MIST
DPTR FM NORMAL: 2.8 DPTR FM NORMAL: -2.27 2 = FOG REDUCING VISIBILITY
HIGHEST: 100 ON 13 GRTST 24HR 2.74 ON 30-30 TO 1/4 MILE OR LESS
LOWEST: 73 ON 25,17 3 = THUNDER
SNOW, ICE PELLETS, HAIL 4 = ICE PELLETS
TOTAL MONTH: 0.0 INCH 5 = HAIL
GRTST 24HR 0.0 6 = FREEZING RAIN OR DRIZZLE
GRTST DEPTH: 0 7 = DUSTSTORM OR SANDSTORM:
VSBY 1/2 MILE OR LESS
8 = SMOKE OR HAZE
[NO. OF DAYS WITH] [WEATHER - DAYS WITH] 9 = BLOWING SNOW
X = TORNADO
MAX 32 OR BELOW: 0 0.01 INCH OR MORE: 8
MAX 90 OR ABOVE: 28 0.10 INCH OR MORE: 5
MIN 32 OR BELOW: 0 0.50 INCH OR MORE: 4
MIN 0 OR BELOW: 0 1.00 INCH OR MORE: 2
[HDD (BASE 65) ]
TOTAL THIS MO. 0 CLEAR (SCALE 0-3) 1
DPTR FM NORMAL 0 PTCLDY (SCALE 4-7) 0
TOTAL FM JUL 1 0 CLOUDY (SCALE 8-10) 30
DPTR FM NORMAL 0
[CDD (BASE 65) ]
TOTAL THIS MO. 635
DPTR FM NORMAL 94 [PRESSURE DATA]
TOTAL FM JAN 1 2988 HIGHEST SLP M ON M
DPTR FM NORMAL 575 LOWEST SLP M ON M
[REMARKS]
#FINAL-08-23#